{"id":1266,"date":"2018-02-04T14:10:59","date_gmt":"2018-02-04T14:10:59","guid":{"rendered":"http:\/\/victor-rodrigo.com\/vrodrigo\/?post_type=project&#038;p=1266"},"modified":"2025-01-17T14:56:24","modified_gmt":"2025-01-17T14:56:24","slug":"catala-la-comedia-dels-errors","status":"publish","type":"project","link":"http:\/\/victor-rodrigo.com\/vrodrigo\/project\/catala-la-comedia-dels-errors\/","title":{"rendered":"LA COM\u00c8DIA DELS ERRORS"},"content":{"rendered":"\n[et_pb_section fb_built=&#8221;1&#8243; admin_label=&#8221;section&#8221; _builder_version=&#8221;4.5.6&#8243; background_color=&#8221;rgba(0,0,0,0)&#8221; custom_padding=&#8221;50px|||&#8221; top_divider_color=&#8221;#ff935e&#8221; top_divider_height=&#8221;40px&#8221; da_disable_devices=&#8221;off|off|off&#8221; da_is_popup=&#8221;off&#8221; da_exit_intent=&#8221;off&#8221; da_has_close=&#8221;on&#8221; da_alt_close=&#8221;off&#8221; da_dark_close=&#8221;off&#8221; da_not_modal=&#8221;on&#8221; da_is_singular=&#8221;off&#8221; da_with_loader=&#8221;off&#8221; da_has_shadow=&#8221;on&#8221;][et_pb_row column_structure=&#8221;1_2,1_2&#8243; _builder_version=&#8221;3.25&#8243; background_size=&#8221;initial&#8221; background_position=&#8221;top_left&#8221; background_repeat=&#8221;repeat&#8221;][et_pb_column type=&#8221;1_2&#8243; _builder_version=&#8221;3.25&#8243; custom_padding=&#8221;|||&#8221; custom_padding__hover=&#8221;|||&#8221;][et_pb_gallery gallery_ids=&#8221;1261&#8243; fullwidth=&#8221;on&#8221; _builder_version=&#8221;3.0.87&#8243; caption_all_caps=&#8221;off&#8221; use_border_color=&#8221;off&#8221; border_color=&#8221;#ffffff&#8221; border_style=&#8221;solid&#8221;][\/et_pb_gallery][et_pb_video_slider controls_color=&#8221;light&#8221; _builder_version=&#8221;4.5.6&#8243; hover_enabled=&#8221;0&#8243;][et_pb_video_slider_item src=&#8221;http:\/\/victor-rodrigo.com\/vrodrigo\/wp-content\/uploads\/2018\/03\/88f0984c-60cb-4d38-9f2a-4563a3d92d8d.mp4&#8243; src_webm=&#8221;http:\/\/victor-rodrigo.com\/vrodrigo\/wp-content\/uploads\/2018\/03\/88f0984c-60cb-4d38-9f2a-4563a3d92d8d.webm&#8221; image_src=&#8221;http:\/\/victor-rodrigo.com\/vrodrigo\/wp-content\/uploads\/2021\/01\/Captura-de-Pantalla-2021-01-22-a-les-12.54.52.png&#8221; _builder_version=&#8221;4.5.6&#8243; show_image_overlay=&#8221;off&#8221;] [\/et_pb_video_slider_item][et_pb_video_slider_item src=&#8221;http:\/\/victor-rodrigo.com\/vrodrigo\/wp-content\/uploads\/2018\/03\/135e3e45-db87-4133-a19f-37954bc98378.mp4&#8243; src_webm=&#8221;http:\/\/victor-rodrigo.com\/vrodrigo\/wp-content\/uploads\/2018\/03\/135e3e45-db87-4133-a19f-37954bc98378.webm&#8221; image_src=&#8221;http:\/\/victor-rodrigo.com\/vrodrigo\/wp-content\/uploads\/2021\/01\/Captura-de-Pantalla-2021-01-22-a-les-12.55.15.png&#8221; _builder_version=&#8221;4.5.6&#8243; show_image_overlay=&#8221;off&#8221;] [\/et_pb_video_slider_item][et_pb_video_slider_item src=&#8221;http:\/\/victor-rodrigo.com\/vrodrigo\/wp-content\/uploads\/2018\/03\/954a2c01-fefe-4553-a417-a7337780142e.mp4&#8243; src_webm=&#8221;http:\/\/victor-rodrigo.com\/vrodrigo\/wp-content\/uploads\/2018\/03\/954a2c01-fefe-4553-a417-a7337780142e.webm&#8221; _builder_version=&#8221;4.5.6&#8243; show_image_overlay=&#8221;off&#8221; title_text=&#8221;Captura de Pantalla 2021-01-22 a les 13.06.10&#8243; image_src=&#8221;http:\/\/victor-rodrigo.com\/vrodrigo\/wp-content\/uploads\/2021\/01\/Captura-de-Pantalla-2021-01-22-a-les-13.06.10.png&#8221;][\/et_pb_video_slider_item][et_pb_video_slider_item src=&#8221;http:\/\/victor-rodrigo.com\/vrodrigo\/wp-content\/uploads\/2018\/03\/e4fc61aa-5401-4835-a20e-0937d1a5b579.mp4&#8243; src_webm=&#8221;http:\/\/victor-rodrigo.com\/vrodrigo\/wp-content\/uploads\/2018\/03\/e4fc61aa-5401-4835-a20e-0937d1a5b579.webm&#8221; _builder_version=&#8221;4.5.6&#8243; hover_enabled=&#8221;0&#8243; show_image_overlay=&#8221;off&#8221; title_text=&#8221;Captura de Pantalla 2021-01-22 a les 13.06.24&#8243; image_src=&#8221;http:\/\/victor-rodrigo.com\/vrodrigo\/wp-content\/uploads\/2021\/01\/Captura-de-Pantalla-2021-01-22-a-les-13.06.24.png&#8221;][\/et_pb_video_slider_item][\/et_pb_video_slider][\/et_pb_column][et_pb_column type=&#8221;1_2&#8243; _builder_version=&#8221;3.25&#8243; custom_padding=&#8221;|||&#8221; custom_padding__hover=&#8221;|||&#8221;][et_pb_text _builder_version=&#8221;4.5.6&#8243;]<p style=\"text-align: justify;\"><strong>La Com\u00e8dia dels Errors &#8211; El Musical, de Richard Rodgers, Lorenz Hart i George Abbot. Basada en l&#8217;obra hom\u00f2nima de William Shakespeare<\/strong><\/p>\n<div>\n<p><strong>EQUIP ART\u00cdSTIC<\/strong><\/p>\n<p>Adaptaci\u00f3 al catal\u00e0: <strong>David Pint\u00f3<\/strong><\/p>\n<p>Direcci\u00f3 esc\u00e8nica i dramat\u00fargia:<strong> Joan Maria Segura i Bernadas<\/strong><\/p>\n<p>Coreografia:<strong> V\u00edctor Rodrigo<\/strong><\/p>\n<p>Claqu\u00e9:<strong> Mireia Coma i Joana Rosell\u00f3<\/strong><\/p>\n<p>Escenografia, vestuari i il\u00b7luminaci\u00f3: <strong>Sergi Cerdan i Victor Fern\u00e1ndez<\/strong><\/p>\n<p>M\u00fasics:<b> Alejandro Delgado (saxo alt), Arnau Juli\u00e0 (bateria), Quim M\u00f2dol (clarinet), Carlos Morera (piano), Sandra Ruibal (contrabaix)<\/b><\/p>\n<p>Cap de departament de Jazz i M\u00fasica Moderna de l&#8217;ESMUC: <b>Joan Sanmart\u00ed i Serra<\/b><\/p>\n<p>Professora de cant:<b> Isabel Soriano<\/b><\/p>\n<p>Professora de llenguatge musical: <b>Neus Fern\u00e1ndez<\/b><\/p>\n<p>Professora de veu: <b>Anna Estrada<\/b><\/p>\n<p>Professora de projecte escenogr\u00e0fic: <b>Montse Amen\u00f3s<\/b><\/p>\n<p>Professora de t\u00e8cniques d&#8217;espai:<b> Jon Berrondo<\/b><\/p>\n<p>Professora de t\u00e8cniques de personatge:<b> Elisa Echegaray<\/b><\/p>\n<p>Professora de caracteritzaci\u00f3: <b>N\u00faria Llunell<\/b><\/p>\n<p>INSTITUT DEL TEATRE<\/p>\n<p>Repartiment<\/p>\n<\/div>\n<div><b>Mireia Coma<\/b><br \/> <strong>Laura Dom\u00e8nech<\/strong><\/div>\n<div><strong>Adriana Garcia<\/strong><\/div>\n<div><strong>Eloi G\u00f3mez<\/strong><\/div>\n<div><strong>Lara Hereu<\/strong><\/div>\n<div><strong>Clara Mingueza<\/strong><\/div>\n<div><strong>Jaume Ortanobas<\/strong><\/div>\n<div><strong>Joana Rosell\u00f3<\/strong><\/div>\n<div><strong>Joan S\u00e1ez<\/strong><\/div>\n<div>\n<p><strong>Bego\u00f1a L\u00f3pez<\/strong><\/p>\n<\/div>[\/et_pb_text][\/et_pb_column][\/et_pb_row][\/et_pb_section]\n","protected":false},"excerpt":{"rendered":"<p>2018<\/p>\n","protected":false},"author":2,"featured_media":1681,"comment_status":"open","ping_status":"closed","template":"","meta":{"_et_pb_use_builder":"on","_et_pb_old_content":"","_et_gb_content_width":"","footnotes":""},"project_category":[17],"project_tag":[429],"class_list":["post-1266","project","type-project","status-publish","has-post-thumbnail","hentry","project_category-coreografo","project_tag-cat"],"_links":{"self":[{"href":"http:\/\/victor-rodrigo.com\/vrodrigo\/wp-json\/wp\/v2\/project\/1266","targetHints":{"allow":["GET"]}}],"collection":[{"href":"http:\/\/victor-rodrigo.com\/vrodrigo\/wp-json\/wp\/v2\/project"}],"about":[{"href":"http:\/\/victor-rodrigo.com\/vrodrigo\/wp-json\/wp\/v2\/types\/project"}],"author":[{"embeddable":true,"href":"http:\/\/victor-rodrigo.com\/vrodrigo\/wp-json\/wp\/v2\/users\/2"}],"replies":[{"embeddable":true,"href":"http:\/\/victor-rodrigo.com\/vrodrigo\/wp-json\/wp\/v2\/comments?post=1266"}],"version-history":[{"count":13,"href":"http:\/\/victor-rodrigo.com\/vrodrigo\/wp-json\/wp\/v2\/project\/1266\/revisions"}],"predecessor-version":[{"id":3994,"href":"http:\/\/victor-rodrigo.com\/vrodrigo\/wp-json\/wp\/v2\/project\/1266\/revisions\/3994"}],"wp:featuredmedia":[{"embeddable":true,"href":"http:\/\/victor-rodrigo.com\/vrodrigo\/wp-json\/wp\/v2\/media\/1681"}],"wp:attachment":[{"href":"http:\/\/victor-rodrigo.com\/vrodrigo\/wp-json\/wp\/v2\/media?parent=1266"}],"wp:term":[{"taxonomy":"project_category","embeddable":true,"href":"http:\/\/victor-rodrigo.com\/vrodrigo\/wp-json\/wp\/v2\/project_category?post=1266"},{"taxonomy":"project_tag","embeddable":true,"href":"http:\/\/victor-rodrigo.com\/vrodrigo\/wp-json\/wp\/v2\/project_tag?post=1266"}],"curies":[{"name":"wp","href":"https:\/\/api.w.org\/{rel}","templated":true}]}}

LA COMÈDIA DELS ERRORS

[et_pb_section fb_built=&#8221;1&#8243; admin_label=&#8221;section&#8221; _builder_version=&#8221;4.5.6&#8243; background_color=&#8221;rgba(0,0,0,0)&#8221; custom_padding=&#8221;50px|||&#8221; top_divider_color=&#8221;#ff935e&#8221; top_divider_height=&#8221;40px&#8221; da_disable_devices=&#8221;off|off|off&#8221; da_is_popup=&#8221;off&#8221; da_exit_intent=&#8221;off&#8221; da_has_close=&#8221;on&#8221; da_alt_close=&#8221;off&#8221; da_dark_close=&#8221;off&#8221; da_not_modal=&#8221;on&#8221; da_is_singular=&#8221;off&#8221; da_with_loader=&#8221;off&#8221; da_has_shadow=&#8221;on&#8221;][et_pb_row column_structure=&#8221;1_2,1_2&#8243; _builder_version=&#8221;3.25&#8243; background_size=&#8221;initial&#8221; background_position=&#8221;top_left&#8221; background_repeat=&#8221;repeat&#8221;][et_pb_column type=&#8221;1_2&#8243; _builder_version=&#8221;3.25&#8243; custom_padding=&#8221;|||&#8221; custom_padding__hover=&#8221;|||&#8221;][et_pb_gallery gallery_ids=&#8221;1261&#8243; fullwidth=&#8221;on&#8221; _builder_version=&#8221;3.0.87&#8243; caption_all_caps=&#8221;off&#8221; use_border_color=&#8221;off&#8221; border_color=&#8221;#ffffff&#8221; border_style=&#8221;solid&#8221;][/et_pb_gallery][et_pb_video_slider controls_color=&#8221;light&#8221; _builder_version=&#8221;4.5.6&#8243; hover_enabled=&#8221;0&#8243;][et_pb_video_slider_item src=&#8221;http://victor-rodrigo.com/vrodrigo/wp-content/uploads/2018/03/88f0984c-60cb-4d38-9f2a-4563a3d92d8d.mp4&#8243; src_webm=&#8221;http://victor-rodrigo.com/vrodrigo/wp-content/uploads/2018/03/88f0984c-60cb-4d38-9f2a-4563a3d92d8d.webm&#8221; image_src=&#8221;http://victor-rodrigo.com/vrodrigo/wp-content/uploads/2021/01/Captura-de-Pantalla-2021-01-22-a-les-12.54.52.png&#8221; _builder_version=&#8221;4.5.6&#8243; show_image_overlay=&#8221;off&#8221;] [/et_pb_video_slider_item][et_pb_video_slider_item src=&#8221;http://victor-rodrigo.com/vrodrigo/wp-content/uploads/2018/03/135e3e45-db87-4133-a19f-37954bc98378.mp4&#8243; src_webm=&#8221;http://victor-rodrigo.com/vrodrigo/wp-content/uploads/2018/03/135e3e45-db87-4133-a19f-37954bc98378.webm&#8221; image_src=&#8221;http://victor-rodrigo.com/vrodrigo/wp-content/uploads/2021/01/Captura-de-Pantalla-2021-01-22-a-les-12.55.15.png&#8221; _builder_version=&#8221;4.5.6&#8243; show_image_overlay=&#8221;off&#8221;] [/et_pb_video_slider_item][et_pb_video_slider_item src=&#8221;http://victor-rodrigo.com/vrodrigo/wp-content/uploads/2018/03/954a2c01-fefe-4553-a417-a7337780142e.mp4&#8243; src_webm=&#8221;http://victor-rodrigo.com/vrodrigo/wp-content/uploads/2018/03/954a2c01-fefe-4553-a417-a7337780142e.webm&#8221; _builder_version=&#8221;4.5.6&#8243; show_image_overlay=&#8221;off&#8221; title_text=&#8221;Captura de Pantalla 2021-01-22 a les 13.06.10&#8243; image_src=&#8221;http://victor-rodrigo.com/vrodrigo/wp-content/uploads/2021/01/Captura-de-Pantalla-2021-01-22-a-les-13.06.10.png&#8221;][/et_pb_video_slider_item][et_pb_video_slider_item src=&#8221;http://victor-rodrigo.com/vrodrigo/wp-content/uploads/2018/03/e4fc61aa-5401-4835-a20e-0937d1a5b579.mp4&#8243; src_webm=&#8221;http://victor-rodrigo.com/vrodrigo/wp-content/uploads/2018/03/e4fc61aa-5401-4835-a20e-0937d1a5b579.webm&#8221; _builder_version=&#8221;4.5.6&#8243; hover_enabled=&#8221;0&#8243; show_image_overlay=&#8221;off&#8221; title_text=&#8221;Captura de Pantalla 2021-01-22 a les 13.06.24&#8243; image_src=&#8221;http://victor-rodrigo.com/vrodrigo/wp-content/uploads/2021/01/Captura-de-Pantalla-2021-01-22-a-les-13.06.24.png&#8221;][/et_pb_video_slider_item][/et_pb_video_slider][/et_pb_column][et_pb_column type=&#8221;1_2&#8243; _builder_version=&#8221;3.25&#8243; custom_padding=&#8221;|||&#8221; custom_padding__hover=&#8221;|||&#8221;][et_pb_text _builder_version=&#8221;4.5.6&#8243;]<p style="text-align: justify;"><strong>La Comèdia dels Errors &#8211; El Musical, de Richard Rodgers, Lorenz Hart i George Abbot. Basada en l&#8217;obra homònima de William Shakespeare</strong></p>
<div>
<p><strong>EQUIP ARTÍSTIC</strong></p>
<p>Adaptació al català: <strong>David Pintó</strong></p>
<p>Direcció escènica i dramatúrgia:<strong> Joan Maria Segura i Bernadas</strong></p>
<p>Coreografia:<strong> Víctor Rodrigo</strong></p>
<p>Claqué:<strong> Mireia Coma i Joana Roselló</strong></p>
<p>Escenografia, vestuari i il·luminació: <strong>Sergi Cerdan i Victor Fernández</strong></p>
<p>Músics:<b> Alejandro Delgado (saxo alt), Arnau Julià (bateria), Quim Mòdol (clarinet), Carlos Morera (piano), Sandra Ruibal (contrabaix)</b></p>
<p>Cap de departament de Jazz i Música Moderna de l&#8217;ESMUC: <b>Joan Sanmartí i Serra</b></p>
<p>Professora de cant:<b> Isabel Soriano</b></p>
<p>Professora de llenguatge musical: <b>Neus Fernández</b></p>
<p>Professora de veu: <b>Anna Estrada</b></p>
<p>Professora de projecte escenogràfic: <b>Montse Amenós</b></p>
<p>Professora de tècniques d&#8217;espai:<b> Jon Berrondo</b></p>
<p>Professora de tècniques de personatge:<b> Elisa Echegaray</b></p>
<p>Professora de caracterització: <b>Núria Llunell</b></p>
<p>INSTITUT DEL TEATRE</p>
<p>Repartiment</p>
</div>
<div><b>Mireia Coma</b><br /> <strong>Laura Domènech</strong></div>
<div><strong>Adriana Garcia</strong></div>
<div><strong>Eloi Gómez</strong></div>
<div><strong>Lara Hereu</strong></div>
<div><strong>Clara Mingueza</strong></div>
<div><strong>Jaume Ortanobas</strong></div>
<div><strong>Joana Roselló</strong></div>
<div><strong>Joan Sáez</strong></div>
<div>
<p><strong>Begoña López</strong></p>
</div>[/et_pb_text][/et_pb_column][/et_pb_row][/et_pb_section]
