{"id":2823,"date":"2018-02-04T14:10:20","date_gmt":"2018-02-04T14:10:20","guid":{"rendered":"http:\/\/victor-rodrigo.com\/vrodrigo\/?post_type=project&#038;p=2823"},"modified":"2025-01-17T14:57:40","modified_gmt":"2025-01-17T14:57:40","slug":"la-comedia-dels-errors","status":"publish","type":"project","link":"http:\/\/victor-rodrigo.com\/vrodrigo\/project\/la-comedia-dels-errors\/","title":{"rendered":"LA COM\u00c8DIA DELS ERRORS"},"content":{"rendered":"<p>[et_pb_section fb_built=&#8221;1&#8243; admin_label=&#8221;section&#8221; _builder_version=&#8221;4.16&#8243; background_color=&#8221;rgba(0,0,0,0)&#8221; custom_padding=&#8221;50px|||&#8221; top_divider_color=&#8221;#ff935e&#8221; top_divider_height=&#8221;40px&#8221; da_disable_devices=&#8221;off|off|off&#8221; global_colors_info=&#8221;{}&#8221; theme_builder_area=&#8221;post_content&#8221; da_is_popup=&#8221;off&#8221; da_exit_intent=&#8221;off&#8221; da_has_close=&#8221;on&#8221; da_alt_close=&#8221;off&#8221; da_dark_close=&#8221;off&#8221; da_not_modal=&#8221;on&#8221; da_is_singular=&#8221;off&#8221; da_with_loader=&#8221;off&#8221; da_has_shadow=&#8221;on&#8221;][et_pb_row column_structure=&#8221;1_2,1_2&#8243; _builder_version=&#8221;4.16&#8243; background_size=&#8221;initial&#8221; background_position=&#8221;top_left&#8221; background_repeat=&#8221;repeat&#8221; global_colors_info=&#8221;{}&#8221; theme_builder_area=&#8221;post_content&#8221;][et_pb_column type=&#8221;1_2&#8243; _builder_version=&#8221;4.16&#8243; custom_padding=&#8221;|||&#8221; global_colors_info=&#8221;{}&#8221; custom_padding__hover=&#8221;|||&#8221; theme_builder_area=&#8221;post_content&#8221;][et_pb_image src=&#8221;http:\/\/victor-rodrigo.com\/vrodrigo\/wp-content\/uploads\/2018\/02\/COMEDIA-DELS-ERRORS_FLYER.jpeg&#8221; _builder_version=&#8221;4.16&#8243; _module_preset=&#8221;default&#8221; global_colors_info=&#8221;{}&#8221; theme_builder_area=&#8221;post_content&#8221;][\/et_pb_image][et_pb_video_slider controls_color=&#8221;light&#8221; _builder_version=&#8221;4.16&#8243; global_colors_info=&#8221;{}&#8221; theme_builder_area=&#8221;post_content&#8221;][et_pb_video_slider_item src=&#8221;http:\/\/victor-rodrigo.com\/vrodrigo\/wp-content\/uploads\/2018\/03\/88f0984c-60cb-4d38-9f2a-4563a3d92d8d.mp4&#8243; src_webm=&#8221;http:\/\/victor-rodrigo.com\/vrodrigo\/wp-content\/uploads\/2018\/03\/88f0984c-60cb-4d38-9f2a-4563a3d92d8d.webm&#8221; image_src=&#8221;http:\/\/victor-rodrigo.com\/vrodrigo\/wp-content\/uploads\/2021\/01\/Captura-de-Pantalla-2021-01-22-a-les-12.54.52.png&#8221; _builder_version=&#8221;4.5.6&#8243; global_colors_info=&#8221;{}&#8221; theme_builder_area=&#8221;post_content&#8221; show_image_overlay=&#8221;off&#8221;] [\/et_pb_video_slider_item][et_pb_video_slider_item src=&#8221;http:\/\/victor-rodrigo.com\/vrodrigo\/wp-content\/uploads\/2018\/03\/135e3e45-db87-4133-a19f-37954bc98378.mp4&#8243; src_webm=&#8221;http:\/\/victor-rodrigo.com\/vrodrigo\/wp-content\/uploads\/2018\/03\/135e3e45-db87-4133-a19f-37954bc98378.webm&#8221; image_src=&#8221;http:\/\/victor-rodrigo.com\/vrodrigo\/wp-content\/uploads\/2021\/01\/Captura-de-Pantalla-2021-01-22-a-les-12.55.15.png&#8221; _builder_version=&#8221;4.5.6&#8243; global_colors_info=&#8221;{}&#8221; theme_builder_area=&#8221;post_content&#8221; show_image_overlay=&#8221;off&#8221;] [\/et_pb_video_slider_item][et_pb_video_slider_item src=&#8221;http:\/\/victor-rodrigo.com\/vrodrigo\/wp-content\/uploads\/2018\/03\/954a2c01-fefe-4553-a417-a7337780142e.mp4&#8243; src_webm=&#8221;http:\/\/victor-rodrigo.com\/vrodrigo\/wp-content\/uploads\/2018\/03\/954a2c01-fefe-4553-a417-a7337780142e.webm&#8221; image_src=&#8221;http:\/\/victor-rodrigo.com\/vrodrigo\/wp-content\/uploads\/2021\/01\/Captura-de-Pantalla-2021-01-22-a-les-13.06.10.png&#8221; _builder_version=&#8221;4.5.6&#8243; global_colors_info=&#8221;{}&#8221; theme_builder_area=&#8221;post_content&#8221; show_image_overlay=&#8221;off&#8221;][\/et_pb_video_slider_item][et_pb_video_slider_item src=&#8221;http:\/\/victor-rodrigo.com\/vrodrigo\/wp-content\/uploads\/2018\/03\/e4fc61aa-5401-4835-a20e-0937d1a5b579.mp4&#8243; src_webm=&#8221;http:\/\/victor-rodrigo.com\/vrodrigo\/wp-content\/uploads\/2018\/03\/e4fc61aa-5401-4835-a20e-0937d1a5b579.webm&#8221; image_src=&#8221;http:\/\/victor-rodrigo.com\/vrodrigo\/wp-content\/uploads\/2021\/01\/Captura-de-Pantalla-2021-01-22-a-les-13.06.24.png&#8221; _builder_version=&#8221;4.5.6&#8243; global_colors_info=&#8221;{}&#8221; theme_builder_area=&#8221;post_content&#8221; show_image_overlay=&#8221;off&#8221;][\/et_pb_video_slider_item][\/et_pb_video_slider][\/et_pb_column][et_pb_column type=&#8221;1_2&#8243; _builder_version=&#8221;4.16&#8243; custom_padding=&#8221;|||&#8221; global_colors_info=&#8221;{}&#8221; custom_padding__hover=&#8221;|||&#8221; theme_builder_area=&#8221;post_content&#8221;][et_pb_text _builder_version=&#8221;4.27.4&#8243; hover_enabled=&#8221;0&#8243; global_colors_info=&#8221;{}&#8221; theme_builder_area=&#8221;post_content&#8221; sticky_enabled=&#8221;0&#8243;]<\/p>\n<p style=\"text-align: justify;\"><strong>La Com\u00e8dia dels Errors &#8211; El Musical, de Richard Rodgers, Lorenz Hart y George Abbot. Basada en la obra hom\u00f3nima de William Shakespeare<\/strong><\/p>\n<div>\n<p><strong><\/strong><\/p>\n<p><strong>EQUIPO ART\u00cdSTICO<\/strong><\/p>\n<p>Adaptaci\u00f3n al catal\u00e1n: <strong>David Pint\u00f3<\/strong><\/p>\n<p>Direcci\u00f3n esc\u00e9nica y dramat\u00fargia:<strong> Joan Maria Segura i Bernadas<\/strong><\/p>\n<p>Coreograf\u00eda:<strong> V\u00edctor Rodrigo<\/strong><\/p>\n<p>Claqu\u00e9:<strong> Mireia Coma i Joana Rosell\u00f3<\/strong><\/p>\n<p>Escenograf\u00eda, vestuario e iluminaci\u00f3n: <strong>Sergi Cerdan i Victor Fern\u00e1ndez<\/strong><\/p>\n<p>M\u00fasicos:<b> Alejandro Delgado (saxo alt), Arnau Juli\u00e0 (bateria), Quim M\u00f2dol (clarinet), Carlos Morera (piano), Sandra Ruibal (contrabaix)<\/b><\/p>\n<p>Jefe de departamento de Jazz y M\u00fasica Moderna del ESMUC: <b>Joan Sanmart\u00ed i Serra<\/b><\/p>\n<p>Profesora de canto:<b> Isabel Soriano<\/b><\/p>\n<p>Profesora de lenguaje musical: <b>Neus Fern\u00e1ndez<\/b><\/p>\n<p>Profesora de voz: <b>Anna Estrada<\/b><\/p>\n<p>Profesora de proyecto escenogr\u00e1fico: <b>Montse Amen\u00f3s<\/b><\/p>\n<p>Profesora de t\u00e9cnicas de espacio:<b> Jon Berrondo<\/b><\/p>\n<p>Profesora de t\u00e9cnicas de personaje:<b> Elisa Echegaray<\/b><\/p>\n<p>Profesora de caracterizaci\u00f3n: <b>N\u00faria Llunell<\/b><\/p>\n<p>INSTITUT DEL TEATRE<\/p>\n<p>Reparto<\/p>\n<\/div>\n<div><b>Mireia Coma<\/b><br \/><strong>Laura Dom\u00e8nech<\/strong><\/div>\n<div><strong>Adriana Garcia<\/strong><\/div>\n<div><strong>Eloi G\u00f3mez<\/strong><\/div>\n<div><strong>Lara Hereu<\/strong><\/div>\n<div><strong>Clara Mingueza<\/strong><\/div>\n<div><strong>Jaume Ortanobas<\/strong><\/div>\n<div><strong>Joana Rosell\u00f3<\/strong><\/div>\n<div><strong>Joan S\u00e1ez<\/strong><\/div>\n<div><strong>Bego\u00f1a L\u00f3pez<\/strong><\/div>\n<p>[\/et_pb_text][\/et_pb_column][\/et_pb_row][\/et_pb_section]<\/p>\n","protected":false},"excerpt":{"rendered":"<p>2018<\/p>\n","protected":false},"author":2,"featured_media":1681,"comment_status":"open","ping_status":"closed","template":"","meta":{"_et_pb_use_builder":"on","_et_pb_old_content":"","_et_gb_content_width":"","footnotes":""},"project_category":[46],"project_tag":[430],"class_list":["post-2823","project","type-project","status-publish","has-post-thumbnail","hentry","project_category-coreografo-2","project_tag-esp"],"_links":{"self":[{"href":"http:\/\/victor-rodrigo.com\/vrodrigo\/wp-json\/wp\/v2\/project\/2823","targetHints":{"allow":["GET"]}}],"collection":[{"href":"http:\/\/victor-rodrigo.com\/vrodrigo\/wp-json\/wp\/v2\/project"}],"about":[{"href":"http:\/\/victor-rodrigo.com\/vrodrigo\/wp-json\/wp\/v2\/types\/project"}],"author":[{"embeddable":true,"href":"http:\/\/victor-rodrigo.com\/vrodrigo\/wp-json\/wp\/v2\/users\/2"}],"replies":[{"embeddable":true,"href":"http:\/\/victor-rodrigo.com\/vrodrigo\/wp-json\/wp\/v2\/comments?post=2823"}],"version-history":[{"count":6,"href":"http:\/\/victor-rodrigo.com\/vrodrigo\/wp-json\/wp\/v2\/project\/2823\/revisions"}],"predecessor-version":[{"id":4641,"href":"http:\/\/victor-rodrigo.com\/vrodrigo\/wp-json\/wp\/v2\/project\/2823\/revisions\/4641"}],"wp:featuredmedia":[{"embeddable":true,"href":"http:\/\/victor-rodrigo.com\/vrodrigo\/wp-json\/wp\/v2\/media\/1681"}],"wp:attachment":[{"href":"http:\/\/victor-rodrigo.com\/vrodrigo\/wp-json\/wp\/v2\/media?parent=2823"}],"wp:term":[{"taxonomy":"project_category","embeddable":true,"href":"http:\/\/victor-rodrigo.com\/vrodrigo\/wp-json\/wp\/v2\/project_category?post=2823"},{"taxonomy":"project_tag","embeddable":true,"href":"http:\/\/victor-rodrigo.com\/vrodrigo\/wp-json\/wp\/v2\/project_tag?post=2823"}],"curies":[{"name":"wp","href":"https:\/\/api.w.org\/{rel}","templated":true}]}}

LA COMÈDIA DELS ERRORS

<p>[et_pb_section fb_built=&#8221;1&#8243; admin_label=&#8221;section&#8221; _builder_version=&#8221;4.16&#8243; background_color=&#8221;rgba(0,0,0,0)&#8221; custom_padding=&#8221;50px|||&#8221; top_divider_color=&#8221;#ff935e&#8221; top_divider_height=&#8221;40px&#8221; da_disable_devices=&#8221;off|off|off&#8221; global_colors_info=&#8221;{}&#8221; theme_builder_area=&#8221;post_content&#8221; da_is_popup=&#8221;off&#8221; da_exit_intent=&#8221;off&#8221; da_has_close=&#8221;on&#8221; da_alt_close=&#8221;off&#8221; da_dark_close=&#8221;off&#8221; da_not_modal=&#8221;on&#8221; da_is_singular=&#8221;off&#8221; da_with_loader=&#8221;off&#8221; da_has_shadow=&#8221;on&#8221;][et_pb_row column_structure=&#8221;1_2,1_2&#8243; _builder_version=&#8221;4.16&#8243; background_size=&#8221;initial&#8221; background_position=&#8221;top_left&#8221; background_repeat=&#8221;repeat&#8221; global_colors_info=&#8221;{}&#8221; theme_builder_area=&#8221;post_content&#8221;][et_pb_column type=&#8221;1_2&#8243; _builder_version=&#8221;4.16&#8243; custom_padding=&#8221;|||&#8221; global_colors_info=&#8221;{}&#8221; custom_padding__hover=&#8221;|||&#8221; theme_builder_area=&#8221;post_content&#8221;][et_pb_image src=&#8221;http://victor-rodrigo.com/vrodrigo/wp-content/uploads/2018/02/COMEDIA-DELS-ERRORS_FLYER.jpeg&#8221; _builder_version=&#8221;4.16&#8243; _module_preset=&#8221;default&#8221; global_colors_info=&#8221;{}&#8221; theme_builder_area=&#8221;post_content&#8221;][/et_pb_image][et_pb_video_slider controls_color=&#8221;light&#8221; _builder_version=&#8221;4.16&#8243; global_colors_info=&#8221;{}&#8221; theme_builder_area=&#8221;post_content&#8221;][et_pb_video_slider_item src=&#8221;http://victor-rodrigo.com/vrodrigo/wp-content/uploads/2018/03/88f0984c-60cb-4d38-9f2a-4563a3d92d8d.mp4&#8243; src_webm=&#8221;http://victor-rodrigo.com/vrodrigo/wp-content/uploads/2018/03/88f0984c-60cb-4d38-9f2a-4563a3d92d8d.webm&#8221; image_src=&#8221;http://victor-rodrigo.com/vrodrigo/wp-content/uploads/2021/01/Captura-de-Pantalla-2021-01-22-a-les-12.54.52.png&#8221; _builder_version=&#8221;4.5.6&#8243; global_colors_info=&#8221;{}&#8221; theme_builder_area=&#8221;post_content&#8221; show_image_overlay=&#8221;off&#8221;] [/et_pb_video_slider_item][et_pb_video_slider_item src=&#8221;http://victor-rodrigo.com/vrodrigo/wp-content/uploads/2018/03/135e3e45-db87-4133-a19f-37954bc98378.mp4&#8243; src_webm=&#8221;http://victor-rodrigo.com/vrodrigo/wp-content/uploads/2018/03/135e3e45-db87-4133-a19f-37954bc98378.webm&#8221; image_src=&#8221;http://victor-rodrigo.com/vrodrigo/wp-content/uploads/2021/01/Captura-de-Pantalla-2021-01-22-a-les-12.55.15.png&#8221; _builder_version=&#8221;4.5.6&#8243; global_colors_info=&#8221;{}&#8221; theme_builder_area=&#8221;post_content&#8221; show_image_overlay=&#8221;off&#8221;] [/et_pb_video_slider_item][et_pb_video_slider_item src=&#8221;http://victor-rodrigo.com/vrodrigo/wp-content/uploads/2018/03/954a2c01-fefe-4553-a417-a7337780142e.mp4&#8243; src_webm=&#8221;http://victor-rodrigo.com/vrodrigo/wp-content/uploads/2018/03/954a2c01-fefe-4553-a417-a7337780142e.webm&#8221; image_src=&#8221;http://victor-rodrigo.com/vrodrigo/wp-content/uploads/2021/01/Captura-de-Pantalla-2021-01-22-a-les-13.06.10.png&#8221; _builder_version=&#8221;4.5.6&#8243; global_colors_info=&#8221;{}&#8221; theme_builder_area=&#8221;post_content&#8221; show_image_overlay=&#8221;off&#8221;][/et_pb_video_slider_item][et_pb_video_slider_item src=&#8221;http://victor-rodrigo.com/vrodrigo/wp-content/uploads/2018/03/e4fc61aa-5401-4835-a20e-0937d1a5b579.mp4&#8243; src_webm=&#8221;http://victor-rodrigo.com/vrodrigo/wp-content/uploads/2018/03/e4fc61aa-5401-4835-a20e-0937d1a5b579.webm&#8221; image_src=&#8221;http://victor-rodrigo.com/vrodrigo/wp-content/uploads/2021/01/Captura-de-Pantalla-2021-01-22-a-les-13.06.24.png&#8221; _builder_version=&#8221;4.5.6&#8243; global_colors_info=&#8221;{}&#8221; theme_builder_area=&#8221;post_content&#8221; show_image_overlay=&#8221;off&#8221;][/et_pb_video_slider_item][/et_pb_video_slider][/et_pb_column][et_pb_column type=&#8221;1_2&#8243; _builder_version=&#8221;4.16&#8243; custom_padding=&#8221;|||&#8221; global_colors_info=&#8221;{}&#8221; custom_padding__hover=&#8221;|||&#8221; theme_builder_area=&#8221;post_content&#8221;][et_pb_text _builder_version=&#8221;4.27.4&#8243; hover_enabled=&#8221;0&#8243; global_colors_info=&#8221;{}&#8221; theme_builder_area=&#8221;post_content&#8221; sticky_enabled=&#8221;0&#8243;]</p>
<p style="text-align: justify;"><strong>La Comèdia dels Errors &#8211; El Musical, de Richard Rodgers, Lorenz Hart y George Abbot. Basada en la obra homónima de William Shakespeare</strong></p>
<div>
<p><strong></strong></p>
<p><strong>EQUIPO ARTÍSTICO</strong></p>
<p>Adaptación al catalán: <strong>David Pintó</strong></p>
<p>Dirección escénica y dramatúrgia:<strong> Joan Maria Segura i Bernadas</strong></p>
<p>Coreografía:<strong> Víctor Rodrigo</strong></p>
<p>Claqué:<strong> Mireia Coma i Joana Roselló</strong></p>
<p>Escenografía, vestuario e iluminación: <strong>Sergi Cerdan i Victor Fernández</strong></p>
<p>Músicos:<b> Alejandro Delgado (saxo alt), Arnau Julià (bateria), Quim Mòdol (clarinet), Carlos Morera (piano), Sandra Ruibal (contrabaix)</b></p>
<p>Jefe de departamento de Jazz y Música Moderna del ESMUC: <b>Joan Sanmartí i Serra</b></p>
<p>Profesora de canto:<b> Isabel Soriano</b></p>
<p>Profesora de lenguaje musical: <b>Neus Fernández</b></p>
<p>Profesora de voz: <b>Anna Estrada</b></p>
<p>Profesora de proyecto escenográfico: <b>Montse Amenós</b></p>
<p>Profesora de técnicas de espacio:<b> Jon Berrondo</b></p>
<p>Profesora de técnicas de personaje:<b> Elisa Echegaray</b></p>
<p>Profesora de caracterización: <b>Núria Llunell</b></p>
<p>INSTITUT DEL TEATRE</p>
<p>Reparto</p>
</div>
<div><b>Mireia Coma</b><br /><strong>Laura Domènech</strong></div>
<div><strong>Adriana Garcia</strong></div>
<div><strong>Eloi Gómez</strong></div>
<div><strong>Lara Hereu</strong></div>
<div><strong>Clara Mingueza</strong></div>
<div><strong>Jaume Ortanobas</strong></div>
<div><strong>Joana Roselló</strong></div>
<div><strong>Joan Sáez</strong></div>
<div><strong>Begoña López</strong></div>
<p>[/et_pb_text][/et_pb_column][/et_pb_row][/et_pb_section]</p>
