{"id":3621,"date":"2002-05-30T23:00:00","date_gmt":"2002-05-30T23:00:00","guid":{"rendered":"http:\/\/victor-rodrigo.com\/vrodrigo\/?post_type=project&#038;p=3621"},"modified":"2025-01-17T16:57:34","modified_gmt":"2025-01-17T16:57:34","slug":"mort-a-venecia","status":"publish","type":"project","link":"http:\/\/victor-rodrigo.com\/vrodrigo\/project\/mort-a-venecia\/","title":{"rendered":"MORT A VEN\u00c8CIA (MUERTE EN VENECIA)"},"content":{"rendered":"<p>[et_pb_section fb_built=&#8221;1&#8243; _builder_version=&#8221;4.16&#8243; background_color=&#8221;rgba(0,0,0,0)&#8221; custom_padding=&#8221;50px|||&#8221; top_divider_color=&#8221;#ff935e&#8221; top_divider_height=&#8221;40px&#8221; da_disable_devices=&#8221;off|off|off&#8221; global_colors_info=&#8221;{}&#8221; theme_builder_area=&#8221;post_content&#8221; da_is_popup=&#8221;off&#8221; da_exit_intent=&#8221;off&#8221; da_has_close=&#8221;on&#8221; da_alt_close=&#8221;off&#8221; da_dark_close=&#8221;off&#8221; da_not_modal=&#8221;on&#8221; da_is_singular=&#8221;off&#8221; da_with_loader=&#8221;off&#8221; da_has_shadow=&#8221;on&#8221;][et_pb_row column_structure=&#8221;1_2,1_2&#8243; _builder_version=&#8221;4.16&#8243; background_size=&#8221;initial&#8221; background_position=&#8221;top_left&#8221; background_repeat=&#8221;repeat&#8221; global_colors_info=&#8221;{}&#8221; theme_builder_area=&#8221;post_content&#8221;][et_pb_column type=&#8221;1_2&#8243; _builder_version=&#8221;4.16&#8243; custom_padding=&#8221;|||&#8221; global_colors_info=&#8221;{}&#8221; custom_padding__hover=&#8221;|||&#8221; theme_builder_area=&#8221;post_content&#8221;][et_pb_gallery gallery_ids=&#8221;653&#8243; fullwidth=&#8221;on&#8221; _builder_version=&#8221;4.16&#8243; caption_all_caps=&#8221;off&#8221; use_border_color=&#8221;off&#8221; border_color=&#8221;#ffffff&#8221; border_style=&#8221;solid&#8221; global_colors_info=&#8221;{}&#8221; theme_builder_area=&#8221;post_content&#8221;][\/et_pb_gallery][\/et_pb_column][et_pb_column type=&#8221;1_2&#8243; _builder_version=&#8221;4.16&#8243; custom_padding=&#8221;|||&#8221; global_colors_info=&#8221;{}&#8221; custom_padding__hover=&#8221;|||&#8221; theme_builder_area=&#8221;post_content&#8221;][et_pb_text _builder_version=&#8221;4.27.4&#8243; hover_enabled=&#8221;0&#8243; global_colors_info=&#8221;{}&#8221; theme_builder_area=&#8221;post_content&#8221; sticky_enabled=&#8221;0&#8243;]<\/p>\n<p><strong> Espect\u00e1culo de la Compa\u00f1\u00eda de Danza Vincles dirigido por Mingo R\u00e0fols y con la dramat\u00fargia de Guillem Clua. Adaptaci\u00f3n de la novela de Thomas Mann.<\/strong><\/p>\n<p><strong><\/strong><\/p>\n<p>Con este espect\u00e1culo la CIA Vincles, asume el ambicioso proyecto de versionar la inmortal obra de \u00a0T. Mann para la escena. Motivados por abordar el texto con un lenguaje diferente e innovador, el teatro-danza, consiguen la fusi\u00f3n de los dos lenguajes esc\u00e9nicos y generan una riqueza formal que multiplica las posibilidades esc\u00e9nicas: danza, texto y m\u00fasica se complementan para conseguir una creaci\u00f3n sorprendente. Parten de las caracter\u00edsticas b\u00e1sicas de la historia y la trasladan a un periodo de tiempo inconcreto y pr\u00f3ximo al espectador. Los personajes se mueven en un entorno donde confluye realidad, sentimientos, sue\u00f1os y met\u00e1foras esc\u00e9nicas.<\/p>\n<p>Estrenado en la Sala Muntaner (Barcelona).<\/p>\n<p>Coreograf\u00eda: <strong>V\u00edctor Rodrigo<\/strong><\/p>\n<p>Direcci\u00f3n esc\u00e9nica: <strong>Mingo R\u00e1fols i V\u00edctor Rodrigo<\/strong><\/p>\n<p>M\u00fasica: <strong>Dani Espasa<\/strong><\/p>\n<p>[\/et_pb_text][\/et_pb_column][\/et_pb_row][et_pb_row _builder_version=&#8221;4.16&#8243; background_size=&#8221;initial&#8221; background_position=&#8221;top_left&#8221; background_repeat=&#8221;repeat&#8221; global_colors_info=&#8221;{}&#8221; theme_builder_area=&#8221;post_content&#8221;][et_pb_column type=&#8221;4_4&#8243; _builder_version=&#8221;4.16&#8243; custom_padding=&#8221;|||&#8221; global_colors_info=&#8221;{}&#8221; custom_padding__hover=&#8221;|||&#8221; theme_builder_area=&#8221;post_content&#8221;][et_pb_text _builder_version=&#8221;4.16&#8243; header_3_font=&#8221;|700|||on|||rgba(0,0,0,0)|&#8221; header_3_text_align=&#8221;left&#8221; header_3_text_color=&#8221;#48a9a6&#8243; global_colors_info=&#8221;{}&#8221; theme_builder_area=&#8221;post_content&#8221;]<\/p>\n<h3>NOTICIAS \/ CR\u00cdTICAS<\/h3>\n<p>[\/et_pb_text][et_pb_testimonial author=&#8221;RAMON OLIVER&#8221; company_name=&#8221;La Vanguardia&#8221; url=&#8221;http:\/\/www.lavanguardia.com\/vida\/20180323\/441869279584\/projecte-ingenu-presenta-un-shakespeare-sin-palabras-en-vaig-ser-prosper.html&#8221; url_new_window=&#8221;on&#8221; portrait_url=&#8221;http:\/\/victor-rodrigo.com\/vrodrigo\/wp-content\/uploads\/2018\/03\/la-vanguardia-logo.png&#8221; quote_icon_color=&#8221;#ff935e&#8221; portrait_width=&#8221;110&#8243; portrait_height=&#8221;50&#8243; admin_label=&#8221;La Vanguardia&#8221; _builder_version=&#8221;4.16&#8243; background_color=&#8221;#48a9a6&#8243; text_orientation=&#8221;justified&#8221; border_radii_portrait=&#8221;on|15px|15px|15px|15px&#8221; global_colors_info=&#8221;{}&#8221; theme_builder_area=&#8221;post_content&#8221;]<\/p>\n<p style=\"text-align: justify;\">Deja al p\u00fablico con una sonrisa de satisfacci\u00f3n. En primer lugar, por su contundente transparencia. Y es que se entiende todo (&#8230;) con un estilo directo, sencillo, lleno de sentimientos y de buen humor. Por mucho que nos encontremos por medio con las reflexiones de Mann sobre el arte, la belleza, el esfuerzo creativo, el amor y la muerte, el espect\u00e1culo opta por encima de todo por la claridad de lo que se cuenta.<\/p>\n<p>[\/et_pb_testimonial][et_pb_testimonial author=&#8221;GONZALO P\u00c9REZ DE OLAGUER&#8221; company_name=&#8221;El Peri\u00f3dico de Catalunya&#8221; url=&#8221;http:\/\/www.elpuntavui.cat\/cultura\/article\/19-cultura\/1365560-shakespeare-ben-mut.html&#8221; url_new_window=&#8221;on&#8221; portrait_url=&#8221;http:\/\/victor-rodrigo.com\/vrodrigo\/wp-content\/uploads\/2021\/02\/el-periodico-de-catalunya-logo.jpg&#8221; quote_icon_color=&#8221;#ff935e&#8221; portrait_width=&#8221;110&#8243; portrait_height=&#8221;50&#8243; admin_label=&#8221;El Punt Avui&#8221; _builder_version=&#8221;4.16&#8243; background_color=&#8221;#48a9a6&#8243; text_orientation=&#8221;justified&#8221; border_radii_portrait=&#8221;on|15px|15px|15px|15px&#8221; global_colors_info=&#8221;{}&#8221; theme_builder_area=&#8221;post_content&#8221;]<\/p>\n<p>Esta historia, que se explica con habilidad y sutileza, se refiere sobre todo al artista, a la crisis de creaci\u00f3n y a los sentimientos. No se ha tratado tanto de reproducir o recrear la novela de Mann, sino de proponer una lectura propia y original de \u00e9sta. Y este objetivo se consigue. Mort a Ven\u00e8cia es un bello espect\u00e1culo.<\/p>\n<p>[\/et_pb_testimonial][\/et_pb_column][\/et_pb_row][\/et_pb_section]<\/p>\n","protected":false},"excerpt":{"rendered":"<p>2002<\/p>\n","protected":false},"author":2,"featured_media":3192,"comment_status":"open","ping_status":"closed","template":"","meta":{"_et_pb_use_builder":"on","_et_pb_old_content":"","_et_gb_content_width":"","footnotes":""},"project_category":[47,46],"project_tag":[430],"class_list":["post-3621","project","type-project","status-publish","has-post-thumbnail","hentry","project_category-bailarin","project_category-coreografo-2","project_tag-esp"],"_links":{"self":[{"href":"http:\/\/victor-rodrigo.com\/vrodrigo\/wp-json\/wp\/v2\/project\/3621","targetHints":{"allow":["GET"]}}],"collection":[{"href":"http:\/\/victor-rodrigo.com\/vrodrigo\/wp-json\/wp\/v2\/project"}],"about":[{"href":"http:\/\/victor-rodrigo.com\/vrodrigo\/wp-json\/wp\/v2\/types\/project"}],"author":[{"embeddable":true,"href":"http:\/\/victor-rodrigo.com\/vrodrigo\/wp-json\/wp\/v2\/users\/2"}],"replies":[{"embeddable":true,"href":"http:\/\/victor-rodrigo.com\/vrodrigo\/wp-json\/wp\/v2\/comments?post=3621"}],"version-history":[{"count":6,"href":"http:\/\/victor-rodrigo.com\/vrodrigo\/wp-json\/wp\/v2\/project\/3621\/revisions"}],"predecessor-version":[{"id":4665,"href":"http:\/\/victor-rodrigo.com\/vrodrigo\/wp-json\/wp\/v2\/project\/3621\/revisions\/4665"}],"wp:featuredmedia":[{"embeddable":true,"href":"http:\/\/victor-rodrigo.com\/vrodrigo\/wp-json\/wp\/v2\/media\/3192"}],"wp:attachment":[{"href":"http:\/\/victor-rodrigo.com\/vrodrigo\/wp-json\/wp\/v2\/media?parent=3621"}],"wp:term":[{"taxonomy":"project_category","embeddable":true,"href":"http:\/\/victor-rodrigo.com\/vrodrigo\/wp-json\/wp\/v2\/project_category?post=3621"},{"taxonomy":"project_tag","embeddable":true,"href":"http:\/\/victor-rodrigo.com\/vrodrigo\/wp-json\/wp\/v2\/project_tag?post=3621"}],"curies":[{"name":"wp","href":"https:\/\/api.w.org\/{rel}","templated":true}]}}

MORT A VENÈCIA (MUERTE EN VENECIA)

<p>[et_pb_section fb_built=&#8221;1&#8243; _builder_version=&#8221;4.16&#8243; background_color=&#8221;rgba(0,0,0,0)&#8221; custom_padding=&#8221;50px|||&#8221; top_divider_color=&#8221;#ff935e&#8221; top_divider_height=&#8221;40px&#8221; da_disable_devices=&#8221;off|off|off&#8221; global_colors_info=&#8221;{}&#8221; theme_builder_area=&#8221;post_content&#8221; da_is_popup=&#8221;off&#8221; da_exit_intent=&#8221;off&#8221; da_has_close=&#8221;on&#8221; da_alt_close=&#8221;off&#8221; da_dark_close=&#8221;off&#8221; da_not_modal=&#8221;on&#8221; da_is_singular=&#8221;off&#8221; da_with_loader=&#8221;off&#8221; da_has_shadow=&#8221;on&#8221;][et_pb_row column_structure=&#8221;1_2,1_2&#8243; _builder_version=&#8221;4.16&#8243; background_size=&#8221;initial&#8221; background_position=&#8221;top_left&#8221; background_repeat=&#8221;repeat&#8221; global_colors_info=&#8221;{}&#8221; theme_builder_area=&#8221;post_content&#8221;][et_pb_column type=&#8221;1_2&#8243; _builder_version=&#8221;4.16&#8243; custom_padding=&#8221;|||&#8221; global_colors_info=&#8221;{}&#8221; custom_padding__hover=&#8221;|||&#8221; theme_builder_area=&#8221;post_content&#8221;][et_pb_gallery gallery_ids=&#8221;653&#8243; fullwidth=&#8221;on&#8221; _builder_version=&#8221;4.16&#8243; caption_all_caps=&#8221;off&#8221; use_border_color=&#8221;off&#8221; border_color=&#8221;#ffffff&#8221; border_style=&#8221;solid&#8221; global_colors_info=&#8221;{}&#8221; theme_builder_area=&#8221;post_content&#8221;][/et_pb_gallery][/et_pb_column][et_pb_column type=&#8221;1_2&#8243; _builder_version=&#8221;4.16&#8243; custom_padding=&#8221;|||&#8221; global_colors_info=&#8221;{}&#8221; custom_padding__hover=&#8221;|||&#8221; theme_builder_area=&#8221;post_content&#8221;][et_pb_text _builder_version=&#8221;4.27.4&#8243; hover_enabled=&#8221;0&#8243; global_colors_info=&#8221;{}&#8221; theme_builder_area=&#8221;post_content&#8221; sticky_enabled=&#8221;0&#8243;]</p>
<p><strong> Espectáculo de la Compañía de Danza Vincles dirigido por Mingo Ràfols y con la dramatúrgia de Guillem Clua. Adaptación de la novela de Thomas Mann.</strong></p>
<p><strong></strong></p>
<p>Con este espectáculo la CIA Vincles, asume el ambicioso proyecto de versionar la inmortal obra de  T. Mann para la escena. Motivados por abordar el texto con un lenguaje diferente e innovador, el teatro-danza, consiguen la fusión de los dos lenguajes escénicos y generan una riqueza formal que multiplica las posibilidades escénicas: danza, texto y música se complementan para conseguir una creación sorprendente. Parten de las características básicas de la historia y la trasladan a un periodo de tiempo inconcreto y próximo al espectador. Los personajes se mueven en un entorno donde confluye realidad, sentimientos, sueños y metáforas escénicas.</p>
<p>Estrenado en la Sala Muntaner (Barcelona).</p>
<p>Coreografía: <strong>Víctor Rodrigo</strong></p>
<p>Dirección escénica: <strong>Mingo Ráfols i Víctor Rodrigo</strong></p>
<p>Música: <strong>Dani Espasa</strong></p>
<p>[/et_pb_text][/et_pb_column][/et_pb_row][et_pb_row _builder_version=&#8221;4.16&#8243; background_size=&#8221;initial&#8221; background_position=&#8221;top_left&#8221; background_repeat=&#8221;repeat&#8221; global_colors_info=&#8221;{}&#8221; theme_builder_area=&#8221;post_content&#8221;][et_pb_column type=&#8221;4_4&#8243; _builder_version=&#8221;4.16&#8243; custom_padding=&#8221;|||&#8221; global_colors_info=&#8221;{}&#8221; custom_padding__hover=&#8221;|||&#8221; theme_builder_area=&#8221;post_content&#8221;][et_pb_text _builder_version=&#8221;4.16&#8243; header_3_font=&#8221;|700|||on|||rgba(0,0,0,0)|&#8221; header_3_text_align=&#8221;left&#8221; header_3_text_color=&#8221;#48a9a6&#8243; global_colors_info=&#8221;{}&#8221; theme_builder_area=&#8221;post_content&#8221;]</p>
<h3>NOTICIAS / CRÍTICAS</h3>
<p>[/et_pb_text][et_pb_testimonial author=&#8221;RAMON OLIVER&#8221; company_name=&#8221;La Vanguardia&#8221; url=&#8221;http://www.lavanguardia.com/vida/20180323/441869279584/projecte-ingenu-presenta-un-shakespeare-sin-palabras-en-vaig-ser-prosper.html&#8221; url_new_window=&#8221;on&#8221; portrait_url=&#8221;http://victor-rodrigo.com/vrodrigo/wp-content/uploads/2018/03/la-vanguardia-logo.png&#8221; quote_icon_color=&#8221;#ff935e&#8221; portrait_width=&#8221;110&#8243; portrait_height=&#8221;50&#8243; admin_label=&#8221;La Vanguardia&#8221; _builder_version=&#8221;4.16&#8243; background_color=&#8221;#48a9a6&#8243; text_orientation=&#8221;justified&#8221; border_radii_portrait=&#8221;on|15px|15px|15px|15px&#8221; global_colors_info=&#8221;{}&#8221; theme_builder_area=&#8221;post_content&#8221;]</p>
<p style="text-align: justify;">Deja al público con una sonrisa de satisfacción. En primer lugar, por su contundente transparencia. Y es que se entiende todo (&#8230;) con un estilo directo, sencillo, lleno de sentimientos y de buen humor. Por mucho que nos encontremos por medio con las reflexiones de Mann sobre el arte, la belleza, el esfuerzo creativo, el amor y la muerte, el espectáculo opta por encima de todo por la claridad de lo que se cuenta.</p>
<p>[/et_pb_testimonial][et_pb_testimonial author=&#8221;GONZALO PÉREZ DE OLAGUER&#8221; company_name=&#8221;El Periódico de Catalunya&#8221; url=&#8221;http://www.elpuntavui.cat/cultura/article/19-cultura/1365560-shakespeare-ben-mut.html&#8221; url_new_window=&#8221;on&#8221; portrait_url=&#8221;http://victor-rodrigo.com/vrodrigo/wp-content/uploads/2021/02/el-periodico-de-catalunya-logo.jpg&#8221; quote_icon_color=&#8221;#ff935e&#8221; portrait_width=&#8221;110&#8243; portrait_height=&#8221;50&#8243; admin_label=&#8221;El Punt Avui&#8221; _builder_version=&#8221;4.16&#8243; background_color=&#8221;#48a9a6&#8243; text_orientation=&#8221;justified&#8221; border_radii_portrait=&#8221;on|15px|15px|15px|15px&#8221; global_colors_info=&#8221;{}&#8221; theme_builder_area=&#8221;post_content&#8221;]</p>
<p>Esta historia, que se explica con habilidad y sutileza, se refiere sobre todo al artista, a la crisis de creación y a los sentimientos. No se ha tratado tanto de reproducir o recrear la novela de Mann, sino de proponer una lectura propia y original de ésta. Y este objetivo se consigue. Mort a Venècia es un bello espectáculo.</p>
<p>[/et_pb_testimonial][/et_pb_column][/et_pb_row][/et_pb_section]</p>
