{"id":3729,"date":"2000-01-28T22:50:00","date_gmt":"2000-01-28T22:50:00","guid":{"rendered":"http:\/\/victor-rodrigo.com\/vrodrigo\/?post_type=project&#038;p=3729"},"modified":"2025-01-17T16:59:33","modified_gmt":"2025-01-17T16:59:33","slug":"vicles-vinculos","status":"publish","type":"project","link":"http:\/\/victor-rodrigo.com\/vrodrigo\/project\/vicles-vinculos\/","title":{"rendered":"VINCLES (V\u00cdNCULOS)"},"content":{"rendered":"<p>[et_pb_section fb_built=&#8221;1&#8243; _builder_version=&#8221;4.16&#8243; background_color=&#8221;rgba(0,0,0,0)&#8221; custom_padding=&#8221;50px|||&#8221; top_divider_color=&#8221;#ff935e&#8221; top_divider_height=&#8221;40px&#8221; da_disable_devices=&#8221;off|off|off&#8221; global_colors_info=&#8221;{}&#8221; theme_builder_area=&#8221;post_content&#8221; da_is_popup=&#8221;off&#8221; da_exit_intent=&#8221;off&#8221; da_has_close=&#8221;on&#8221; da_alt_close=&#8221;off&#8221; da_dark_close=&#8221;off&#8221; da_not_modal=&#8221;on&#8221; da_is_singular=&#8221;off&#8221; da_with_loader=&#8221;off&#8221; da_has_shadow=&#8221;on&#8221;][et_pb_row column_structure=&#8221;1_2,1_2&#8243; _builder_version=&#8221;4.16&#8243; background_size=&#8221;initial&#8221; background_position=&#8221;top_left&#8221; background_repeat=&#8221;repeat&#8221; global_colors_info=&#8221;{}&#8221; theme_builder_area=&#8221;post_content&#8221;][et_pb_column type=&#8221;1_2&#8243; _builder_version=&#8221;4.16&#8243; custom_padding=&#8221;|||&#8221; global_colors_info=&#8221;{}&#8221; custom_padding__hover=&#8221;|||&#8221; theme_builder_area=&#8221;post_content&#8221;][et_pb_gallery gallery_ids=&#8221;484&#8243; fullwidth=&#8221;on&#8221; _builder_version=&#8221;4.16&#8243; caption_all_caps=&#8221;off&#8221; use_border_color=&#8221;off&#8221; border_color=&#8221;#ffffff&#8221; border_style=&#8221;solid&#8221; global_colors_info=&#8221;{}&#8221; theme_builder_area=&#8221;post_content&#8221;][\/et_pb_gallery][\/et_pb_column][et_pb_column type=&#8221;1_2&#8243; _builder_version=&#8221;4.16&#8243; custom_padding=&#8221;|||&#8221; global_colors_info=&#8221;{}&#8221; custom_padding__hover=&#8221;|||&#8221; theme_builder_area=&#8221;post_content&#8221;][et_pb_text _builder_version=&#8221;4.27.4&#8243; hover_enabled=&#8221;0&#8243; global_colors_info=&#8221;{}&#8221; theme_builder_area=&#8221;post_content&#8221; sticky_enabled=&#8221;0&#8243;]<\/p>\n<p><strong>M\u00e1s de un a\u00f1o de rodaje por Catalunya y 40 funciones en Barcelona \u00a0(Artenbrut y Sala Beckett)<\/strong><\/p>\n<p>Se trat\u00f3 de un \u00e9xito sin precedentes en el panorama de la danza en Barcelona. Aclamado por el p\u00fablico y elogiado por la cr\u00edtica, reconcilia al gran p\u00fablico con la danza, le arranca una sonrisa c\u00f3mplice y le invita, a ritmo de jazz, a reflexionar sobre temas cotidianos: la pasi\u00f3n por el caf\u00e9, la homosexualidad, el uso del m\u00f3bil, la violencia, los libros o la muerte.<\/p>\n<p>Gui\u00f3n y coreograf\u00eda: <strong>V\u00edctor Rodrigo<br \/><\/strong>Direcci\u00f3n dram\u00e1tica: <strong><span>Mingo R\u00e0fols.<\/span><\/strong><\/p>\n<p>Selecci\u00f3n musical: <strong>V\u00edctor Rodrigo<\/strong><br \/><strong> (Temes de: Dike Ellington, Joshua Redman, Miles Davis, Dave Grusin, Buddy Guy Strunz and Fara i Edwuard Elgar, entre Altres)<\/strong><\/p>\n<p>Vestuario: <strong>Companyia Vincles<\/strong><\/p>\n<p>Dise\u00f1o de luces: <strong>Peni Barratxina<\/strong><\/p>\n<p>Repetidora: <strong>Anna Jarque<\/strong><\/p>\n<p>Sonido: <strong>Jordi Ribas<\/strong><\/p>\n<p>Vestuario:<strong> Companyia Vincles<\/strong><\/p>\n<p>Secretaria:<strong> Marta Bou<\/strong><\/p>\n<p>Promoci\u00f3n y prensa: <strong>Guillem Clua<\/strong><\/p>\n<p>Reparto:<strong><br \/><span>Janine Dahl.<\/span><br \/><span>Ramon Gisbert<\/span><br \/><span>Neus Merlos<\/span><br \/><span>Paca Portillo<\/span><br \/><span>\u00d2scar Reyes<\/span><br \/><span>V\u00edctor Rodrigo<\/span><\/strong><\/p>\n<p>[\/et_pb_text][\/et_pb_column][\/et_pb_row][\/et_pb_section]<\/p>\n","protected":false},"excerpt":{"rendered":"<p>2000-2001<\/p>\n","protected":false},"author":2,"featured_media":3172,"comment_status":"open","ping_status":"closed","template":"","meta":{"_et_pb_use_builder":"on","_et_pb_old_content":"","_et_gb_content_width":"","footnotes":""},"project_category":[46],"project_tag":[430],"class_list":["post-3729","project","type-project","status-publish","has-post-thumbnail","hentry","project_category-coreografo-2","project_tag-esp"],"_links":{"self":[{"href":"http:\/\/victor-rodrigo.com\/vrodrigo\/wp-json\/wp\/v2\/project\/3729","targetHints":{"allow":["GET"]}}],"collection":[{"href":"http:\/\/victor-rodrigo.com\/vrodrigo\/wp-json\/wp\/v2\/project"}],"about":[{"href":"http:\/\/victor-rodrigo.com\/vrodrigo\/wp-json\/wp\/v2\/types\/project"}],"author":[{"embeddable":true,"href":"http:\/\/victor-rodrigo.com\/vrodrigo\/wp-json\/wp\/v2\/users\/2"}],"replies":[{"embeddable":true,"href":"http:\/\/victor-rodrigo.com\/vrodrigo\/wp-json\/wp\/v2\/comments?post=3729"}],"version-history":[{"count":4,"href":"http:\/\/victor-rodrigo.com\/vrodrigo\/wp-json\/wp\/v2\/project\/3729\/revisions"}],"predecessor-version":[{"id":4666,"href":"http:\/\/victor-rodrigo.com\/vrodrigo\/wp-json\/wp\/v2\/project\/3729\/revisions\/4666"}],"wp:featuredmedia":[{"embeddable":true,"href":"http:\/\/victor-rodrigo.com\/vrodrigo\/wp-json\/wp\/v2\/media\/3172"}],"wp:attachment":[{"href":"http:\/\/victor-rodrigo.com\/vrodrigo\/wp-json\/wp\/v2\/media?parent=3729"}],"wp:term":[{"taxonomy":"project_category","embeddable":true,"href":"http:\/\/victor-rodrigo.com\/vrodrigo\/wp-json\/wp\/v2\/project_category?post=3729"},{"taxonomy":"project_tag","embeddable":true,"href":"http:\/\/victor-rodrigo.com\/vrodrigo\/wp-json\/wp\/v2\/project_tag?post=3729"}],"curies":[{"name":"wp","href":"https:\/\/api.w.org\/{rel}","templated":true}]}}

VINCLES (VÍNCULOS)

<p>[et_pb_section fb_built=&#8221;1&#8243; _builder_version=&#8221;4.16&#8243; background_color=&#8221;rgba(0,0,0,0)&#8221; custom_padding=&#8221;50px|||&#8221; top_divider_color=&#8221;#ff935e&#8221; top_divider_height=&#8221;40px&#8221; da_disable_devices=&#8221;off|off|off&#8221; global_colors_info=&#8221;{}&#8221; theme_builder_area=&#8221;post_content&#8221; da_is_popup=&#8221;off&#8221; da_exit_intent=&#8221;off&#8221; da_has_close=&#8221;on&#8221; da_alt_close=&#8221;off&#8221; da_dark_close=&#8221;off&#8221; da_not_modal=&#8221;on&#8221; da_is_singular=&#8221;off&#8221; da_with_loader=&#8221;off&#8221; da_has_shadow=&#8221;on&#8221;][et_pb_row column_structure=&#8221;1_2,1_2&#8243; _builder_version=&#8221;4.16&#8243; background_size=&#8221;initial&#8221; background_position=&#8221;top_left&#8221; background_repeat=&#8221;repeat&#8221; global_colors_info=&#8221;{}&#8221; theme_builder_area=&#8221;post_content&#8221;][et_pb_column type=&#8221;1_2&#8243; _builder_version=&#8221;4.16&#8243; custom_padding=&#8221;|||&#8221; global_colors_info=&#8221;{}&#8221; custom_padding__hover=&#8221;|||&#8221; theme_builder_area=&#8221;post_content&#8221;][et_pb_gallery gallery_ids=&#8221;484&#8243; fullwidth=&#8221;on&#8221; _builder_version=&#8221;4.16&#8243; caption_all_caps=&#8221;off&#8221; use_border_color=&#8221;off&#8221; border_color=&#8221;#ffffff&#8221; border_style=&#8221;solid&#8221; global_colors_info=&#8221;{}&#8221; theme_builder_area=&#8221;post_content&#8221;][/et_pb_gallery][/et_pb_column][et_pb_column type=&#8221;1_2&#8243; _builder_version=&#8221;4.16&#8243; custom_padding=&#8221;|||&#8221; global_colors_info=&#8221;{}&#8221; custom_padding__hover=&#8221;|||&#8221; theme_builder_area=&#8221;post_content&#8221;][et_pb_text _builder_version=&#8221;4.27.4&#8243; hover_enabled=&#8221;0&#8243; global_colors_info=&#8221;{}&#8221; theme_builder_area=&#8221;post_content&#8221; sticky_enabled=&#8221;0&#8243;]</p>
<p><strong>Más de un año de rodaje por Catalunya y 40 funciones en Barcelona  (Artenbrut y Sala Beckett)</strong></p>
<p>Se trató de un éxito sin precedentes en el panorama de la danza en Barcelona. Aclamado por el público y elogiado por la crítica, reconcilia al gran público con la danza, le arranca una sonrisa cómplice y le invita, a ritmo de jazz, a reflexionar sobre temas cotidianos: la pasión por el café, la homosexualidad, el uso del móbil, la violencia, los libros o la muerte.</p>
<p>Guión y coreografía: <strong>Víctor Rodrigo<br /></strong>Dirección dramática: <strong><span>Mingo Ràfols.</span></strong></p>
<p>Selección musical: <strong>Víctor Rodrigo</strong><br /><strong> (Temes de: Dike Ellington, Joshua Redman, Miles Davis, Dave Grusin, Buddy Guy Strunz and Fara i Edwuard Elgar, entre Altres)</strong></p>
<p>Vestuario: <strong>Companyia Vincles</strong></p>
<p>Diseño de luces: <strong>Peni Barratxina</strong></p>
<p>Repetidora: <strong>Anna Jarque</strong></p>
<p>Sonido: <strong>Jordi Ribas</strong></p>
<p>Vestuario:<strong> Companyia Vincles</strong></p>
<p>Secretaria:<strong> Marta Bou</strong></p>
<p>Promoción y prensa: <strong>Guillem Clua</strong></p>
<p>Reparto:<strong><br /><span>Janine Dahl.</span><br /><span>Ramon Gisbert</span><br /><span>Neus Merlos</span><br /><span>Paca Portillo</span><br /><span>Òscar Reyes</span><br /><span>Víctor Rodrigo</span></strong></p>
<p>[/et_pb_text][/et_pb_column][/et_pb_row][/et_pb_section]</p>
