{"id":3739,"date":"2016-02-17T11:44:00","date_gmt":"2016-02-17T11:44:00","guid":{"rendered":"http:\/\/victor-rodrigo.com\/vrodrigo\/?post_type=project&#038;p=3739"},"modified":"2025-01-17T15:43:27","modified_gmt":"2025-01-17T15:43:27","slug":"aires-en-moviment-aires-en-movimiento-buenos-aires","status":"publish","type":"project","link":"http:\/\/victor-rodrigo.com\/vrodrigo\/project\/aires-en-moviment-aires-en-movimiento-buenos-aires\/","title":{"rendered":"AIRES EN MOVIMENT (AIRES EN MOVIMIENTO) &#8211; BUENOS AIRES"},"content":{"rendered":"\n[et_pb_section fb_built=&#8221;1&#8243; _builder_version=&#8221;4.5.6&#8243; background_color=&#8221;rgba(0,0,0,0)&#8221; custom_padding=&#8221;50px|||&#8221; top_divider_color=&#8221;#ff935e&#8221; top_divider_height=&#8221;40px&#8221; da_disable_devices=&#8221;off|off|off&#8221; da_is_popup=&#8221;off&#8221; da_exit_intent=&#8221;off&#8221; da_has_close=&#8221;on&#8221; da_alt_close=&#8221;off&#8221; da_dark_close=&#8221;off&#8221; da_not_modal=&#8221;on&#8221; da_is_singular=&#8221;off&#8221; da_with_loader=&#8221;off&#8221; da_has_shadow=&#8221;on&#8221;][et_pb_row column_structure=&#8221;1_2,1_2&#8243; _builder_version=&#8221;3.25&#8243; background_size=&#8221;initial&#8221; background_position=&#8221;top_left&#8221; background_repeat=&#8221;repeat&#8221;][et_pb_column type=&#8221;1_2&#8243; _builder_version=&#8221;3.25&#8243; custom_padding=&#8221;|||&#8221; custom_padding__hover=&#8221;|||&#8221;][et_pb_gallery gallery_ids=&#8221;469,468,467,466&#8243; fullwidth=&#8221;on&#8221; hover_icon=&#8221;%%47%%&#8221; _builder_version=&#8221;4.5.6&#8243; caption_all_caps=&#8221;off&#8221; auto=&#8221;on&#8221; use_border_color=&#8221;off&#8221; border_color=&#8221;#ffffff&#8221; border_style=&#8221;solid&#8221;] [\/et_pb_gallery][\/et_pb_column][et_pb_column type=&#8221;1_2&#8243; _builder_version=&#8221;3.25&#8243; custom_padding=&#8221;|||&#8221; custom_padding__hover=&#8221;|||&#8221;][et_pb_text _builder_version=&#8221;4.5.6&#8243; hover_enabled=&#8221;0&#8243;]<p style=\"text-align: justify;\"><strong>Espect\u00e1culo realizado en Buenos Aires con poes\u00eda, m\u00fasica y danza como protagonistas.\u00a0<\/strong><\/p>\n<p style=\"text-align: justify;\">Realizado en el marco del Festival Temporada Alta de Buenos Aires \/ Semana Catalana en Buenos Aires<\/p>\n<p style=\"text-align: justify;\">Direcci\u00f3n y coreografia: <strong>Victor Rodrigo<\/strong><\/p>\n<p style=\"text-align: justify;\">Pianista: <strong>Ivanna Spector<\/strong><\/p>\n<p style=\"text-align: justify;\">Actriz: <strong>Bego\u00f1a Dom\u00ednguez<\/strong><\/p>\n<p style=\"text-align: justify;\">Poemas: <strong>Marta Pessarrodona, Carlos Riba<\/strong><\/p>\n<p style=\"text-align: justify;\">M\u00fasica: <strong>Jaume Pahissa<\/strong><\/p>\n<p style=\"text-align: justify;\">Reparto \/ Bailarines\/as<br \/> <strong>Omar Possemato<\/strong><br \/> <strong>Laura Aguerreberry<\/strong><br \/> <strong>Analia Slonimsky<\/strong><br \/> <strong>Laura Monge<\/strong><br \/> <strong>Gabriela Pastor<\/strong><br \/> <strong>Noem\u00ed Duran Salvado<\/strong><\/p>\n<p style=\"text-align: justify;\">Agradecimientos a la fam\u00edlia PAHISSA por facilitarnos el uso de la obra musical.<\/p>\n<div>\n<p><strong><\/strong><\/p>\n<\/div>\n[\/et_pb_text][\/et_pb_column][\/et_pb_row][\/et_pb_section]\n","protected":false},"excerpt":{"rendered":"<p>2016<\/p>\n","protected":false},"author":2,"featured_media":3166,"comment_status":"open","ping_status":"closed","template":"","meta":{"_et_pb_use_builder":"on","_et_pb_old_content":"","_et_gb_content_width":"","footnotes":""},"project_category":[46,44],"project_tag":[430],"class_list":["post-3739","project","type-project","status-publish","has-post-thumbnail","hentry","project_category-coreografo-2","project_category-maestro","project_tag-esp"],"_links":{"self":[{"href":"http:\/\/victor-rodrigo.com\/vrodrigo\/wp-json\/wp\/v2\/project\/3739","targetHints":{"allow":["GET"]}}],"collection":[{"href":"http:\/\/victor-rodrigo.com\/vrodrigo\/wp-json\/wp\/v2\/project"}],"about":[{"href":"http:\/\/victor-rodrigo.com\/vrodrigo\/wp-json\/wp\/v2\/types\/project"}],"author":[{"embeddable":true,"href":"http:\/\/victor-rodrigo.com\/vrodrigo\/wp-json\/wp\/v2\/users\/2"}],"replies":[{"embeddable":true,"href":"http:\/\/victor-rodrigo.com\/vrodrigo\/wp-json\/wp\/v2\/comments?post=3739"}],"version-history":[{"count":4,"href":"http:\/\/victor-rodrigo.com\/vrodrigo\/wp-json\/wp\/v2\/project\/3739\/revisions"}],"predecessor-version":[{"id":3969,"href":"http:\/\/victor-rodrigo.com\/vrodrigo\/wp-json\/wp\/v2\/project\/3739\/revisions\/3969"}],"wp:featuredmedia":[{"embeddable":true,"href":"http:\/\/victor-rodrigo.com\/vrodrigo\/wp-json\/wp\/v2\/media\/3166"}],"wp:attachment":[{"href":"http:\/\/victor-rodrigo.com\/vrodrigo\/wp-json\/wp\/v2\/media?parent=3739"}],"wp:term":[{"taxonomy":"project_category","embeddable":true,"href":"http:\/\/victor-rodrigo.com\/vrodrigo\/wp-json\/wp\/v2\/project_category?post=3739"},{"taxonomy":"project_tag","embeddable":true,"href":"http:\/\/victor-rodrigo.com\/vrodrigo\/wp-json\/wp\/v2\/project_tag?post=3739"}],"curies":[{"name":"wp","href":"https:\/\/api.w.org\/{rel}","templated":true}]}}

[et_pb_section fb_built=&#8221;1&#8243; _builder_version=&#8221;4.5.6&#8243; background_color=&#8221;rgba(0,0,0,0)&#8221; custom_padding=&#8221;50px|||&#8221; top_divider_color=&#8221;#ff935e&#8221; top_divider_height=&#8221;40px&#8221; da_disable_devices=&#8221;off|off|off&#8221; da_is_popup=&#8221;off&#8221; da_exit_intent=&#8221;off&#8221; da_has_close=&#8221;on&#8221; da_alt_close=&#8221;off&#8221; da_dark_close=&#8221;off&#8221; da_not_modal=&#8221;on&#8221; da_is_singular=&#8221;off&#8221; da_with_loader=&#8221;off&#8221; da_has_shadow=&#8221;on&#8221;][et_pb_row column_structure=&#8221;1_2,1_2&#8243; _builder_version=&#8221;3.25&#8243; background_size=&#8221;initial&#8221; background_position=&#8221;top_left&#8221; background_repeat=&#8221;repeat&#8221;][et_pb_column type=&#8221;1_2&#8243; _builder_version=&#8221;3.25&#8243; custom_padding=&#8221;|||&#8221; custom_padding__hover=&#8221;|||&#8221;][et_pb_gallery gallery_ids=&#8221;469,468,467,466&#8243; fullwidth=&#8221;on&#8221; hover_icon=&#8221;%%47%%&#8221; _builder_version=&#8221;4.5.6&#8243; caption_all_caps=&#8221;off&#8221; auto=&#8221;on&#8221; use_border_color=&#8221;off&#8221; border_color=&#8221;#ffffff&#8221; border_style=&#8221;solid&#8221;] [/et_pb_gallery][/et_pb_column][et_pb_column type=&#8221;1_2&#8243; _builder_version=&#8221;3.25&#8243; custom_padding=&#8221;|||&#8221; custom_padding__hover=&#8221;|||&#8221;][et_pb_text _builder_version=&#8221;4.5.6&#8243; hover_enabled=&#8221;0&#8243;]<p style="text-align: justify;"><strong>Espectáculo realizado en Buenos Aires con poesía, música y danza como protagonistas. </strong></p>
<p style="text-align: justify;">Realizado en el marco del Festival Temporada Alta de Buenos Aires / Semana Catalana en Buenos Aires</p>
<p style="text-align: justify;">Dirección y coreografia: <strong>Victor Rodrigo</strong></p>
<p style="text-align: justify;">Pianista: <strong>Ivanna Spector</strong></p>
<p style="text-align: justify;">Actriz: <strong>Begoña Domínguez</strong></p>
<p style="text-align: justify;">Poemas: <strong>Marta Pessarrodona, Carlos Riba</strong></p>
<p style="text-align: justify;">Música: <strong>Jaume Pahissa</strong></p>
<p style="text-align: justify;">Reparto / Bailarines/as<br /> <strong>Omar Possemato</strong><br /> <strong>Laura Aguerreberry</strong><br /> <strong>Analia Slonimsky</strong><br /> <strong>Laura Monge</strong><br /> <strong>Gabriela Pastor</strong><br /> <strong>Noemí Duran Salvado</strong></p>
<p style="text-align: justify;">Agradecimientos a la família PAHISSA por facilitarnos el uso de la obra musical.</p>
<div>
<p><strong></strong></p>
</div>
[/et_pb_text][/et_pb_column][/et_pb_row][/et_pb_section]
