{"id":3753,"date":"2011-11-27T15:10:00","date_gmt":"2011-11-27T15:10:00","guid":{"rendered":"http:\/\/victor-rodrigo.com\/vrodrigo\/?post_type=project&#038;p=3753"},"modified":"2025-01-17T16:18:38","modified_gmt":"2025-01-17T16:18:38","slug":"barcelona-ciutat-neutral","status":"publish","type":"project","link":"http:\/\/victor-rodrigo.com\/vrodrigo\/project\/barcelona-ciutat-neutral\/","title":{"rendered":"BARCELONA CIUTAT NEUTRAL"},"content":{"rendered":"<p>[et_pb_section fb_built=&#8221;1&#8243; _builder_version=&#8221;4.16&#8243; background_color=&#8221;rgba(0,0,0,0)&#8221; custom_padding=&#8221;50px|||&#8221; top_divider_color=&#8221;#ff935e&#8221; top_divider_height=&#8221;40px&#8221; da_disable_devices=&#8221;off|off|off&#8221; global_colors_info=&#8221;{}&#8221; theme_builder_area=&#8221;post_content&#8221; da_is_popup=&#8221;off&#8221; da_exit_intent=&#8221;off&#8221; da_has_close=&#8221;on&#8221; da_alt_close=&#8221;off&#8221; da_dark_close=&#8221;off&#8221; da_not_modal=&#8221;on&#8221; da_is_singular=&#8221;off&#8221; da_with_loader=&#8221;off&#8221; da_has_shadow=&#8221;on&#8221;][et_pb_row column_structure=&#8221;1_2,1_2&#8243; _builder_version=&#8221;4.16&#8243; background_size=&#8221;initial&#8221; background_position=&#8221;top_left&#8221; background_repeat=&#8221;repeat&#8221; global_colors_info=&#8221;{}&#8221; theme_builder_area=&#8221;post_content&#8221;][et_pb_column type=&#8221;1_2&#8243; _builder_version=&#8221;4.16&#8243; custom_padding=&#8221;|||&#8221; global_colors_info=&#8221;{}&#8221; custom_padding__hover=&#8221;|||&#8221; theme_builder_area=&#8221;post_content&#8221;][et_pb_gallery gallery_ids=&#8221;3798,3795,3801,474,473&#8243; fullwidth=&#8221;on&#8221; _builder_version=&#8221;4.16&#8243; caption_all_caps=&#8221;off&#8221; use_border_color=&#8221;off&#8221; border_color=&#8221;#ffffff&#8221; border_style=&#8221;solid&#8221; global_colors_info=&#8221;{}&#8221; theme_builder_area=&#8221;post_content&#8221;][\/et_pb_gallery][et_pb_video_slider show_image_overlay=&#8221;on&#8221; controls_color=&#8221;light&#8221; _builder_version=&#8221;4.16&#8243; global_colors_info=&#8221;{}&#8221; theme_builder_area=&#8221;post_content&#8221;][et_pb_video_slider_item admin_title=&#8221;Serie&#8221; src=&#8221;http:\/\/victor-rodrigo.com\/vrodrigo\/wp-content\/uploads\/2021\/02\/Barcelona-Ciutat-Neutral-coreo.mp4&#8243; image_src=&#8221;http:\/\/victor-rodrigo.com\/vrodrigo\/wp-content\/uploads\/2021\/02\/Captura-de-Pantalla-2021-02-08-a-les-13.32.02.png&#8221; _builder_version=&#8221;4.5.6&#8243; _module_preset=&#8221;default&#8221; global_colors_info=&#8221;{}&#8221; theme_builder_area=&#8221;post_content&#8221; show_image_overlay=&#8221;on&#8221;][\/et_pb_video_slider_item][et_pb_video_slider_item admin_title=&#8221;Presentaci\u00f3n&#8221; src=&#8221;https:\/\/youtu.be\/tzz2r8T701s&#8221; _builder_version=&#8221;4.5.6&#8243; global_colors_info=&#8221;{}&#8221; theme_builder_area=&#8221;post_content&#8221; show_image_overlay=&#8221;on&#8221;][\/et_pb_video_slider_item][\/et_pb_video_slider][\/et_pb_column][et_pb_column type=&#8221;1_2&#8243; _builder_version=&#8221;4.16&#8243; custom_padding=&#8221;|||&#8221; global_colors_info=&#8221;{}&#8221; custom_padding__hover=&#8221;|||&#8221; theme_builder_area=&#8221;post_content&#8221;][et_pb_text _builder_version=&#8221;4.27.4&#8243; hover_enabled=&#8221;0&#8243; global_colors_info=&#8221;{}&#8221; theme_builder_area=&#8221;post_content&#8221; sticky_enabled=&#8221;0&#8243;]<\/p>\n<p style=\"text-align: justify;\"><strong>Core\u00f3grafo de la serie Barcelona Ciutat Neutral, miniserie de TV3 dirigida por S\u00f2nia S\u00e0nchez.<\/strong><\/p>\n<p style=\"text-align: justify;\"><span>La Barcelona de 1914 es el entorno donde transcurre nuestra hist\u00f2ria. El ambiente urbano y cosmopolita de los centros oficiales y burgeses se entremezclan con el mundo real, que penetra hasta el coraz\u00f3n mismo de la ciudad, los mercados, las calles, el muelle&#8230;\u00a0<\/span><\/p>\n<p><span>Una ciudad en continua transformaci\u00f3n, que se busca, igual que nuestros personajes. El bullicio de la Barceloneta y el tr\u00e1fico de pescadores, pasajeros y mercader\u00edas del puerto y els tinglados; el barrio g\u00f3tico y la atm\u00f3sfera de la parte vieja con el mercado de La Boquer\u00eda como epicentro de la vida; el ambiente del Paral\u00b7lel, con sus cabarets, casinos y el pulular de la far\u00e1ndula, los edificios modernistas de Gaud\u00ed y sus disc\u00edpulos son los decorados donde se teje nuestra historia. Es por eso que el ritmo de nuestra narraci\u00f3n tambi\u00e9n tiene pulso de la inquietud y de la agitaci\u00f3n.\u00a0<\/span><\/p>\n<p><strong>Xesc Barcel\u00f3, Jaume Mateu, Agust\u00ed Mezquida y S\u00f2nia S\u00e1nchez<\/strong><\/p>\n<div><\/div>\n<p>[\/et_pb_text][\/et_pb_column][\/et_pb_row][\/et_pb_section]<\/p>\n","protected":false},"excerpt":{"rendered":"<p>2011<\/p>\n","protected":false},"author":2,"featured_media":3801,"comment_status":"open","ping_status":"closed","template":"","meta":{"_et_pb_use_builder":"on","_et_pb_old_content":"","_et_gb_content_width":"","footnotes":""},"project_category":[46],"project_tag":[430],"class_list":["post-3753","project","type-project","status-publish","has-post-thumbnail","hentry","project_category-coreografo-2","project_tag-esp"],"_links":{"self":[{"href":"http:\/\/victor-rodrigo.com\/vrodrigo\/wp-json\/wp\/v2\/project\/3753","targetHints":{"allow":["GET"]}}],"collection":[{"href":"http:\/\/victor-rodrigo.com\/vrodrigo\/wp-json\/wp\/v2\/project"}],"about":[{"href":"http:\/\/victor-rodrigo.com\/vrodrigo\/wp-json\/wp\/v2\/types\/project"}],"author":[{"embeddable":true,"href":"http:\/\/victor-rodrigo.com\/vrodrigo\/wp-json\/wp\/v2\/users\/2"}],"replies":[{"embeddable":true,"href":"http:\/\/victor-rodrigo.com\/vrodrigo\/wp-json\/wp\/v2\/comments?post=3753"}],"version-history":[{"count":5,"href":"http:\/\/victor-rodrigo.com\/vrodrigo\/wp-json\/wp\/v2\/project\/3753\/revisions"}],"predecessor-version":[{"id":4659,"href":"http:\/\/victor-rodrigo.com\/vrodrigo\/wp-json\/wp\/v2\/project\/3753\/revisions\/4659"}],"wp:featuredmedia":[{"embeddable":true,"href":"http:\/\/victor-rodrigo.com\/vrodrigo\/wp-json\/wp\/v2\/media\/3801"}],"wp:attachment":[{"href":"http:\/\/victor-rodrigo.com\/vrodrigo\/wp-json\/wp\/v2\/media?parent=3753"}],"wp:term":[{"taxonomy":"project_category","embeddable":true,"href":"http:\/\/victor-rodrigo.com\/vrodrigo\/wp-json\/wp\/v2\/project_category?post=3753"},{"taxonomy":"project_tag","embeddable":true,"href":"http:\/\/victor-rodrigo.com\/vrodrigo\/wp-json\/wp\/v2\/project_tag?post=3753"}],"curies":[{"name":"wp","href":"https:\/\/api.w.org\/{rel}","templated":true}]}}

<p>[et_pb_section fb_built=&#8221;1&#8243; _builder_version=&#8221;4.16&#8243; background_color=&#8221;rgba(0,0,0,0)&#8221; custom_padding=&#8221;50px|||&#8221; top_divider_color=&#8221;#ff935e&#8221; top_divider_height=&#8221;40px&#8221; da_disable_devices=&#8221;off|off|off&#8221; global_colors_info=&#8221;{}&#8221; theme_builder_area=&#8221;post_content&#8221; da_is_popup=&#8221;off&#8221; da_exit_intent=&#8221;off&#8221; da_has_close=&#8221;on&#8221; da_alt_close=&#8221;off&#8221; da_dark_close=&#8221;off&#8221; da_not_modal=&#8221;on&#8221; da_is_singular=&#8221;off&#8221; da_with_loader=&#8221;off&#8221; da_has_shadow=&#8221;on&#8221;][et_pb_row column_structure=&#8221;1_2,1_2&#8243; _builder_version=&#8221;4.16&#8243; background_size=&#8221;initial&#8221; background_position=&#8221;top_left&#8221; background_repeat=&#8221;repeat&#8221; global_colors_info=&#8221;{}&#8221; theme_builder_area=&#8221;post_content&#8221;][et_pb_column type=&#8221;1_2&#8243; _builder_version=&#8221;4.16&#8243; custom_padding=&#8221;|||&#8221; global_colors_info=&#8221;{}&#8221; custom_padding__hover=&#8221;|||&#8221; theme_builder_area=&#8221;post_content&#8221;][et_pb_gallery gallery_ids=&#8221;3798,3795,3801,474,473&#8243; fullwidth=&#8221;on&#8221; _builder_version=&#8221;4.16&#8243; caption_all_caps=&#8221;off&#8221; use_border_color=&#8221;off&#8221; border_color=&#8221;#ffffff&#8221; border_style=&#8221;solid&#8221; global_colors_info=&#8221;{}&#8221; theme_builder_area=&#8221;post_content&#8221;][/et_pb_gallery][et_pb_video_slider show_image_overlay=&#8221;on&#8221; controls_color=&#8221;light&#8221; _builder_version=&#8221;4.16&#8243; global_colors_info=&#8221;{}&#8221; theme_builder_area=&#8221;post_content&#8221;][et_pb_video_slider_item admin_title=&#8221;Serie&#8221; src=&#8221;http://victor-rodrigo.com/vrodrigo/wp-content/uploads/2021/02/Barcelona-Ciutat-Neutral-coreo.mp4&#8243; image_src=&#8221;http://victor-rodrigo.com/vrodrigo/wp-content/uploads/2021/02/Captura-de-Pantalla-2021-02-08-a-les-13.32.02.png&#8221; _builder_version=&#8221;4.5.6&#8243; _module_preset=&#8221;default&#8221; global_colors_info=&#8221;{}&#8221; theme_builder_area=&#8221;post_content&#8221; show_image_overlay=&#8221;on&#8221;][/et_pb_video_slider_item][et_pb_video_slider_item admin_title=&#8221;Presentación&#8221; src=&#8221;https://youtu.be/tzz2r8T701s&#8221; _builder_version=&#8221;4.5.6&#8243; global_colors_info=&#8221;{}&#8221; theme_builder_area=&#8221;post_content&#8221; show_image_overlay=&#8221;on&#8221;][/et_pb_video_slider_item][/et_pb_video_slider][/et_pb_column][et_pb_column type=&#8221;1_2&#8243; _builder_version=&#8221;4.16&#8243; custom_padding=&#8221;|||&#8221; global_colors_info=&#8221;{}&#8221; custom_padding__hover=&#8221;|||&#8221; theme_builder_area=&#8221;post_content&#8221;][et_pb_text _builder_version=&#8221;4.27.4&#8243; hover_enabled=&#8221;0&#8243; global_colors_info=&#8221;{}&#8221; theme_builder_area=&#8221;post_content&#8221; sticky_enabled=&#8221;0&#8243;]</p>
<p style="text-align: justify;"><strong>Coreógrafo de la serie Barcelona Ciutat Neutral, miniserie de TV3 dirigida por Sònia Sànchez.</strong></p>
<p style="text-align: justify;"><span>La Barcelona de 1914 es el entorno donde transcurre nuestra història. El ambiente urbano y cosmopolita de los centros oficiales y burgeses se entremezclan con el mundo real, que penetra hasta el corazón mismo de la ciudad, los mercados, las calles, el muelle&#8230; </span></p>
<p><span>Una ciudad en continua transformación, que se busca, igual que nuestros personajes. El bullicio de la Barceloneta y el tráfico de pescadores, pasajeros y mercaderías del puerto y els tinglados; el barrio gótico y la atmósfera de la parte vieja con el mercado de La Boquería como epicentro de la vida; el ambiente del Paral·lel, con sus cabarets, casinos y el pulular de la farándula, los edificios modernistas de Gaudí y sus discípulos son los decorados donde se teje nuestra historia. Es por eso que el ritmo de nuestra narración también tiene pulso de la inquietud y de la agitación. </span></p>
<p><strong>Xesc Barceló, Jaume Mateu, Agustí Mezquida y Sònia Sánchez</strong></p>
<div></div>
<p>[/et_pb_text][/et_pb_column][/et_pb_row][/et_pb_section]</p>
