{"id":3816,"date":"2013-03-07T12:59:18","date_gmt":"2013-03-07T12:59:18","guid":{"rendered":"http:\/\/victor-rodrigo.com\/vrodrigo\/?post_type=project&#038;p=3816"},"modified":"2025-01-17T16:07:04","modified_gmt":"2025-01-17T16:07:04","slug":"carmela-lili-amanda-2","status":"publish","type":"project","link":"http:\/\/victor-rodrigo.com\/vrodrigo\/project\/carmela-lili-amanda-2\/","title":{"rendered":"CARMELA, LILI, AMANDA"},"content":{"rendered":"<p>[et_pb_section fb_built=&#8221;1&#8243; _builder_version=&#8221;4.16&#8243; background_color=&#8221;rgba(0,0,0,0)&#8221; custom_padding=&#8221;50px|||&#8221; top_divider_color=&#8221;#ff935e&#8221; top_divider_height=&#8221;40px&#8221; da_disable_devices=&#8221;off|off|off&#8221; global_colors_info=&#8221;{}&#8221; theme_builder_area=&#8221;post_content&#8221; da_is_popup=&#8221;off&#8221; da_exit_intent=&#8221;off&#8221; da_has_close=&#8221;on&#8221; da_alt_close=&#8221;off&#8221; da_dark_close=&#8221;off&#8221; da_not_modal=&#8221;on&#8221; da_is_singular=&#8221;off&#8221; da_with_loader=&#8221;off&#8221; da_has_shadow=&#8221;on&#8221;][et_pb_row column_structure=&#8221;1_2,1_2&#8243; _builder_version=&#8221;4.16&#8243; background_size=&#8221;initial&#8221; background_position=&#8221;top_left&#8221; background_repeat=&#8221;repeat&#8221; global_colors_info=&#8221;{}&#8221; theme_builder_area=&#8221;post_content&#8221;][et_pb_column type=&#8221;1_2&#8243; _builder_version=&#8221;4.16&#8243; custom_padding=&#8221;|||&#8221; global_colors_info=&#8221;{}&#8221; custom_padding__hover=&#8221;|||&#8221; theme_builder_area=&#8221;post_content&#8221;][et_pb_gallery gallery_ids=&#8221;3807,451,3806&#8243; fullwidth=&#8221;on&#8221; _builder_version=&#8221;4.16&#8243; caption_all_caps=&#8221;off&#8221; use_border_color=&#8221;off&#8221; border_color=&#8221;#ffffff&#8221; border_style=&#8221;solid&#8221; global_colors_info=&#8221;{}&#8221; theme_builder_area=&#8221;post_content&#8221;][\/et_pb_gallery][et_pb_video src=&#8221;http:\/\/victor-rodrigo.com\/vrodrigo\/wp-content\/uploads\/2016\/01\/Carmela-Lili-Amanda.m4v&#8221; src_webm=&#8221;http:\/\/victor-rodrigo.com\/vrodrigo\/wp-content\/uploads\/2016\/01\/Carmela-Lili-Amanda.webm&#8221; image_src=&#8221;http:\/\/victor-rodrigo.com\/vrodrigo\/wp-content\/uploads\/2019\/12\/Carmela-Lili-Amanda-m4v-image.jpg&#8221; _builder_version=&#8221;4.16&#8243; saved_tabs=&#8221;all&#8221; global_colors_info=&#8221;{}&#8221; theme_builder_area=&#8221;post_content&#8221;][\/et_pb_video][\/et_pb_column][et_pb_column type=&#8221;1_2&#8243; _builder_version=&#8221;4.16&#8243; custom_padding=&#8221;|||&#8221; global_colors_info=&#8221;{}&#8221; custom_padding__hover=&#8221;|||&#8221; theme_builder_area=&#8221;post_content&#8221;][et_pb_text _builder_version=&#8221;4.27.4&#8243; hover_enabled=&#8221;0&#8243; global_colors_info=&#8221;{}&#8221; theme_builder_area=&#8221;post_content&#8221; sticky_enabled=&#8221;0&#8243;]<\/p>\n<p style=\"text-align: justify;\"><strong>Bajo la producci\u00f3n de \u00abMarlia Produccions\u00bb, un nuevo espect\u00e1culo musical llega a la ciudad condal; una obra homenaje a las muchas hero\u00ednas discretas del siglo XX. Desc\u00fabrela a continuaci\u00f3n.<\/strong><\/p>\n<p>&#8220;Carmen, Lili, Amanda&#8221; son parte de las\u00a0hero\u00ednas discretas del siglo XX.\u00a0Son aquellas abuelas, madres, hijas, que han sabido poner sentido del humor a los peque\u00f1os dramas o las grandes tragedias que les ha tocado sufrir.\u00a0\u00a0Isabel Soriano, No\u00e8lia P\u00e9rez y Neus P\u00e0mies unen su voz para hacer un homenaje\u00a0a una generaci\u00f3n de mujeres que todav\u00eda lucha para perpetuar la memoria de un siglo.<\/p>\n<p>Bajo la direcci\u00f3n de\u00a0Marc Chornet, llega un espect\u00e1culo de voces, de voces de tantas, de voces de muchas.\u00a0\u00abCarmela, Lili, Amanda\u00bb\u00a0es un retrato sentimental de esas citadas mujeres, un patchwork hecho de pedazos de historia, un \u00e1lbum de fotograf\u00edas amarillentas, un collage de recortes, de melod\u00edas vividas, palabras silenciadas, ideas sentidas, miedos olvidados.<\/p>\n<p>&nbsp;<\/p>\n<div>\n<p><strong>EQUIPO ART\u00cdSTICO<\/strong><\/p>\n<div class=\"show-data\">\n<p>Direcci\u00f3n:<strong> <span itemprop=\"director\" itemscope=\"\" itemtype=\"https:\/\/schema.org\/Person\"><span itemprop=\"name\">Marc Chornet<\/span><\/span><\/strong><\/p>\n<\/div>\n<div class=\"show-data\">\n<p>Autor: <strong><span itemprop=\"author\" itemscope=\"\" itemtype=\"https:\/\/schema.org\/Person\"><span itemprop=\"name\">Magda Puyo i\u00a0<\/span><\/span><span itemprop=\"author\" itemscope=\"\" itemtype=\"https:\/\/schema.org\/Person\"><span itemprop=\"name\">Marc Chornet<\/span><\/span><\/strong><\/p>\n<p><span itemprop=\"author\" itemscope=\"\" itemtype=\"https:\/\/schema.org\/Person\"><span itemprop=\"name\">Coreograf\u00eda:<\/span><\/span><strong><span itemprop=\"author\" itemscope=\"\" itemtype=\"https:\/\/schema.org\/Person\"><span itemprop=\"name\"> V\u00edctor Rodrigo<\/span><\/span><\/strong><\/p>\n<p>Escenograf\u00eda: <strong><span itemprop=\"contributor\" itemscope=\"\" itemtype=\"https:\/\/schema.org\/Person\"><span itemprop=\"name\">Estanis Aboal<\/span><\/span><\/strong><\/p>\n<p>Iluminaci\u00f3n: <strong><span itemprop=\"contributor\" itemscope=\"\" itemtype=\"https:\/\/schema.org\/Person\"><span itemprop=\"name\">Justo Gallego<\/span><\/span><\/strong><\/p>\n<p>Producci\u00f3n: <strong><span itemprop=\"productionCompany\" itemscope=\"\" itemtype=\"https:\/\/schema.org\/Organization\"><span itemprop=\"name\">Marlia Produccions<\/span><\/span><\/strong><\/p>\n<p>Producci\u00f3n ejecutiva: <strong><span itemprop=\"producer\" itemscope=\"\" itemtype=\"https:\/\/schema.org\/Person\"><span itemprop=\"name\">Atrium Producci\u00f3<\/span><\/span><\/strong><\/p>\n<p><span itemprop=\"producer\" itemscope=\"\" itemtype=\"https:\/\/schema.org\/Person\"><span itemprop=\"name\">Duraci\u00f3n: <strong><time itemprop=\"duration\" datetime=\"P70M\">70 minutos<\/time><\/strong><\/span><\/span><\/p>\n<p><span itemprop=\"producer\" itemscope=\"\" itemtype=\"https:\/\/schema.org\/Person\"><span itemprop=\"name\">Reparto:<br \/><strong><span itemprop=\"actor\" itemscope=\"\" itemtype=\"https:\/\/schema.org\/Person\">Isabel Soriano<\/span><\/strong><br \/><strong><span itemprop=\"actor\" itemscope=\"\" itemtype=\"https:\/\/schema.org\/Person\">No\u00e8lia P\u00e9rez<\/span><\/strong><br \/><strong><span itemprop=\"actor\" itemscope=\"\" itemtype=\"https:\/\/schema.org\/Person\">Neus P\u00e0mies<\/span><\/strong><\/span><\/span><\/p>\n<\/div>\n<\/div>\n<p>[\/et_pb_text][\/et_pb_column][\/et_pb_row][\/et_pb_section]<\/p>\n","protected":false},"excerpt":{"rendered":"<p>Bajo la producci\u00f3n de \u00abMarlia Produccions\u00bb, un nuevo espect\u00e1culo musical llega a la ciudad condal; una obra homenaje a las muchas hero\u00ednas discretas del siglo XX. Desc\u00fabrela a continuaci\u00f3n. &#8220;Carmen, Lili, Amanda&#8221; son parte de las\u00a0hero\u00ednas discretas del siglo XX.\u00a0Son aquellas abuelas, madres, hijas, que han sabido poner sentido del humor a los peque\u00f1os dramas [&hellip;]<\/p>\n","protected":false},"author":2,"featured_media":3809,"comment_status":"open","ping_status":"closed","template":"","meta":{"_et_pb_use_builder":"on","_et_pb_old_content":"","_et_gb_content_width":"","footnotes":""},"project_category":[46],"project_tag":[430],"class_list":["post-3816","project","type-project","status-publish","has-post-thumbnail","hentry","project_category-coreografo-2","project_tag-esp"],"_links":{"self":[{"href":"http:\/\/victor-rodrigo.com\/vrodrigo\/wp-json\/wp\/v2\/project\/3816","targetHints":{"allow":["GET"]}}],"collection":[{"href":"http:\/\/victor-rodrigo.com\/vrodrigo\/wp-json\/wp\/v2\/project"}],"about":[{"href":"http:\/\/victor-rodrigo.com\/vrodrigo\/wp-json\/wp\/v2\/types\/project"}],"author":[{"embeddable":true,"href":"http:\/\/victor-rodrigo.com\/vrodrigo\/wp-json\/wp\/v2\/users\/2"}],"replies":[{"embeddable":true,"href":"http:\/\/victor-rodrigo.com\/vrodrigo\/wp-json\/wp\/v2\/comments?post=3816"}],"version-history":[{"count":3,"href":"http:\/\/victor-rodrigo.com\/vrodrigo\/wp-json\/wp\/v2\/project\/3816\/revisions"}],"predecessor-version":[{"id":4655,"href":"http:\/\/victor-rodrigo.com\/vrodrigo\/wp-json\/wp\/v2\/project\/3816\/revisions\/4655"}],"wp:featuredmedia":[{"embeddable":true,"href":"http:\/\/victor-rodrigo.com\/vrodrigo\/wp-json\/wp\/v2\/media\/3809"}],"wp:attachment":[{"href":"http:\/\/victor-rodrigo.com\/vrodrigo\/wp-json\/wp\/v2\/media?parent=3816"}],"wp:term":[{"taxonomy":"project_category","embeddable":true,"href":"http:\/\/victor-rodrigo.com\/vrodrigo\/wp-json\/wp\/v2\/project_category?post=3816"},{"taxonomy":"project_tag","embeddable":true,"href":"http:\/\/victor-rodrigo.com\/vrodrigo\/wp-json\/wp\/v2\/project_tag?post=3816"}],"curies":[{"name":"wp","href":"https:\/\/api.w.org\/{rel}","templated":true}]}}

<p>[et_pb_section fb_built=&#8221;1&#8243; _builder_version=&#8221;4.16&#8243; background_color=&#8221;rgba(0,0,0,0)&#8221; custom_padding=&#8221;50px|||&#8221; top_divider_color=&#8221;#ff935e&#8221; top_divider_height=&#8221;40px&#8221; da_disable_devices=&#8221;off|off|off&#8221; global_colors_info=&#8221;{}&#8221; theme_builder_area=&#8221;post_content&#8221; da_is_popup=&#8221;off&#8221; da_exit_intent=&#8221;off&#8221; da_has_close=&#8221;on&#8221; da_alt_close=&#8221;off&#8221; da_dark_close=&#8221;off&#8221; da_not_modal=&#8221;on&#8221; da_is_singular=&#8221;off&#8221; da_with_loader=&#8221;off&#8221; da_has_shadow=&#8221;on&#8221;][et_pb_row column_structure=&#8221;1_2,1_2&#8243; _builder_version=&#8221;4.16&#8243; background_size=&#8221;initial&#8221; background_position=&#8221;top_left&#8221; background_repeat=&#8221;repeat&#8221; global_colors_info=&#8221;{}&#8221; theme_builder_area=&#8221;post_content&#8221;][et_pb_column type=&#8221;1_2&#8243; _builder_version=&#8221;4.16&#8243; custom_padding=&#8221;|||&#8221; global_colors_info=&#8221;{}&#8221; custom_padding__hover=&#8221;|||&#8221; theme_builder_area=&#8221;post_content&#8221;][et_pb_gallery gallery_ids=&#8221;3807,451,3806&#8243; fullwidth=&#8221;on&#8221; _builder_version=&#8221;4.16&#8243; caption_all_caps=&#8221;off&#8221; use_border_color=&#8221;off&#8221; border_color=&#8221;#ffffff&#8221; border_style=&#8221;solid&#8221; global_colors_info=&#8221;{}&#8221; theme_builder_area=&#8221;post_content&#8221;][/et_pb_gallery][et_pb_video src=&#8221;http://victor-rodrigo.com/vrodrigo/wp-content/uploads/2016/01/Carmela-Lili-Amanda.m4v&#8221; src_webm=&#8221;http://victor-rodrigo.com/vrodrigo/wp-content/uploads/2016/01/Carmela-Lili-Amanda.webm&#8221; image_src=&#8221;http://victor-rodrigo.com/vrodrigo/wp-content/uploads/2019/12/Carmela-Lili-Amanda-m4v-image.jpg&#8221; _builder_version=&#8221;4.16&#8243; saved_tabs=&#8221;all&#8221; global_colors_info=&#8221;{}&#8221; theme_builder_area=&#8221;post_content&#8221;][/et_pb_video][/et_pb_column][et_pb_column type=&#8221;1_2&#8243; _builder_version=&#8221;4.16&#8243; custom_padding=&#8221;|||&#8221; global_colors_info=&#8221;{}&#8221; custom_padding__hover=&#8221;|||&#8221; theme_builder_area=&#8221;post_content&#8221;][et_pb_text _builder_version=&#8221;4.27.4&#8243; hover_enabled=&#8221;0&#8243; global_colors_info=&#8221;{}&#8221; theme_builder_area=&#8221;post_content&#8221; sticky_enabled=&#8221;0&#8243;]</p>
<p style="text-align: justify;"><strong>Bajo la producción de «Marlia Produccions», un nuevo espectáculo musical llega a la ciudad condal; una obra homenaje a las muchas heroínas discretas del siglo XX. Descúbrela a continuación.</strong></p>
<p>&#8220;Carmen, Lili, Amanda&#8221; son parte de las heroínas discretas del siglo XX. Son aquellas abuelas, madres, hijas, que han sabido poner sentido del humor a los pequeños dramas o las grandes tragedias que les ha tocado sufrir.  Isabel Soriano, Noèlia Pérez y Neus Pàmies unen su voz para hacer un homenaje a una generación de mujeres que todavía lucha para perpetuar la memoria de un siglo.</p>
<p>Bajo la dirección de Marc Chornet, llega un espectáculo de voces, de voces de tantas, de voces de muchas. «Carmela, Lili, Amanda» es un retrato sentimental de esas citadas mujeres, un patchwork hecho de pedazos de historia, un álbum de fotografías amarillentas, un collage de recortes, de melodías vividas, palabras silenciadas, ideas sentidas, miedos olvidados.</p>
<p>&nbsp;</p>
<div>
<p><strong>EQUIPO ARTÍSTICO</strong></p>
<div class="show-data">
<p>Dirección:<strong> <span itemprop="director" itemscope="" itemtype="https://schema.org/Person"><span itemprop="name">Marc Chornet</span></span></strong></p>
</div>
<div class="show-data">
<p>Autor: <strong><span itemprop="author" itemscope="" itemtype="https://schema.org/Person"><span itemprop="name">Magda Puyo i </span></span><span itemprop="author" itemscope="" itemtype="https://schema.org/Person"><span itemprop="name">Marc Chornet</span></span></strong></p>
<p><span itemprop="author" itemscope="" itemtype="https://schema.org/Person"><span itemprop="name">Coreografía:</span></span><strong><span itemprop="author" itemscope="" itemtype="https://schema.org/Person"><span itemprop="name"> Víctor Rodrigo</span></span></strong></p>
<p>Escenografía: <strong><span itemprop="contributor" itemscope="" itemtype="https://schema.org/Person"><span itemprop="name">Estanis Aboal</span></span></strong></p>
<p>Iluminación: <strong><span itemprop="contributor" itemscope="" itemtype="https://schema.org/Person"><span itemprop="name">Justo Gallego</span></span></strong></p>
<p>Producción: <strong><span itemprop="productionCompany" itemscope="" itemtype="https://schema.org/Organization"><span itemprop="name">Marlia Produccions</span></span></strong></p>
<p>Producción ejecutiva: <strong><span itemprop="producer" itemscope="" itemtype="https://schema.org/Person"><span itemprop="name">Atrium Producció</span></span></strong></p>
<p><span itemprop="producer" itemscope="" itemtype="https://schema.org/Person"><span itemprop="name">Duración: <strong><time itemprop="duration" datetime="P70M">70 minutos</time></strong></span></span></p>
<p><span itemprop="producer" itemscope="" itemtype="https://schema.org/Person"><span itemprop="name">Reparto:<br /><strong><span itemprop="actor" itemscope="" itemtype="https://schema.org/Person">Isabel Soriano</span></strong><br /><strong><span itemprop="actor" itemscope="" itemtype="https://schema.org/Person">Noèlia Pérez</span></strong><br /><strong><span itemprop="actor" itemscope="" itemtype="https://schema.org/Person">Neus Pàmies</span></strong></span></span></p>
</div>
</div>
<p>[/et_pb_text][/et_pb_column][/et_pb_row][/et_pb_section]</p>

<p>Bajo la producción de «Marlia Produccions», un nuevo espectáculo musical llega a la ciudad condal; una obra homenaje a las muchas heroínas discretas del siglo XX. Descúbrela a continuación. &#8220;Carmen, Lili, Amanda&#8221; son parte de las heroínas discretas del siglo XX. Son aquellas abuelas, madres, hijas, que han sabido poner sentido del humor a los pequeños dramas [&hellip;]</p>
