{"id":3929,"date":"2016-05-09T22:09:00","date_gmt":"2016-05-09T22:09:00","guid":{"rendered":"http:\/\/victor-rodrigo.com\/vrodrigo\/?post_type=project&#038;p=3929"},"modified":"2025-01-17T15:34:42","modified_gmt":"2025-01-17T15:34:42","slug":"eixam-ple-de-dansa-2","status":"publish","type":"project","link":"http:\/\/victor-rodrigo.com\/vrodrigo\/project\/eixam-ple-de-dansa-2\/","title":{"rendered":"EIXAM PLE DE DANSA"},"content":{"rendered":"<p>[et_pb_section fb_built=&#8221;1&#8243; admin_label=&#8221;section&#8221; _builder_version=&#8221;4.16&#8243; background_color=&#8221;rgba(0,0,0,0)&#8221; custom_padding=&#8221;50px|||&#8221; top_divider_color=&#8221;#ff935e&#8221; top_divider_height=&#8221;40px&#8221; da_disable_devices=&#8221;off|off|off&#8221; global_colors_info=&#8221;{}&#8221; theme_builder_area=&#8221;post_content&#8221; da_is_popup=&#8221;off&#8221; da_exit_intent=&#8221;off&#8221; da_has_close=&#8221;on&#8221; da_alt_close=&#8221;off&#8221; da_dark_close=&#8221;off&#8221; da_not_modal=&#8221;on&#8221; da_is_singular=&#8221;off&#8221; da_with_loader=&#8221;off&#8221; da_has_shadow=&#8221;on&#8221;][et_pb_row column_structure=&#8221;1_2,1_2&#8243; admin_label=&#8221;Fila&#8221; _builder_version=&#8221;4.16&#8243; background_size=&#8221;initial&#8221; background_position=&#8221;top_left&#8221; background_repeat=&#8221;repeat&#8221; global_colors_info=&#8221;{}&#8221; theme_builder_area=&#8221;post_content&#8221;][et_pb_column type=&#8221;1_2&#8243; _builder_version=&#8221;4.16&#8243; custom_padding=&#8221;|||&#8221; global_colors_info=&#8221;{}&#8221; custom_padding__hover=&#8221;|||&#8221; theme_builder_area=&#8221;post_content&#8221;][et_pb_gallery gallery_ids=&#8221;1020,1021,1022,1023,1024&#8243; fullwidth=&#8221;on&#8221; admin_label=&#8221;Galer\u00eda Eixam ple de dansa&#8221; _builder_version=&#8221;4.16&#8243; caption_all_caps=&#8221;off&#8221; auto=&#8221;on&#8221; auto_speed=&#8221;3000&#8243; use_border_color=&#8221;off&#8221; border_color=&#8221;#ffffff&#8221; border_style=&#8221;solid&#8221; global_colors_info=&#8221;{}&#8221; theme_builder_area=&#8221;post_content&#8221;]&nbsp;<br \/>\n[\/et_pb_gallery][et_pb_video_slider _builder_version=&#8221;4.16&#8243; _module_preset=&#8221;default&#8221; global_colors_info=&#8221;{}&#8221; theme_builder_area=&#8221;post_content&#8221;][et_pb_video_slider_item admin_title=&#8221;Alexis Sulbar\u00e1n&#8221; src=&#8221;https:\/\/youtu.be\/DEr5nyKPvmk&#8221; _builder_version=&#8221;4.5.6&#8243; _module_preset=&#8221;default&#8221; global_colors_info=&#8221;{}&#8221; theme_builder_area=&#8221;post_content&#8221; show_image_overlay=&#8221;off&#8221;][\/et_pb_video_slider_item][\/et_pb_video_slider][\/et_pb_column][et_pb_column type=&#8221;1_2&#8243; _builder_version=&#8221;4.16&#8243; custom_padding=&#8221;|||&#8221; global_colors_info=&#8221;{}&#8221; custom_padding__hover=&#8221;|||&#8221; theme_builder_area=&#8221;post_content&#8221;][et_pb_text _builder_version=&#8221;4.27.4&#8243; hover_enabled=&#8221;0&#8243; global_colors_info=&#8221;{}&#8221; theme_builder_area=&#8221;post_content&#8221; sticky_enabled=&#8221;0&#8243;]<\/p>\n<p style=\"text-align: justify;\"><strong>Director del evento EIXAM PLE DE DANSA organizado en el Teatro Eixample de Barcelona<\/strong><\/p>\n<p style=\"text-align: justify;\"><strong>MI\u00c9RCOLES 4 de Mayo<\/strong><\/p>\n<p style=\"text-align: justify;\">&#8211; Lluis Coloma presenta Boogie Woogie Tap<\/p>\n<p style=\"text-align: justify;\"><strong>JUEVES 5 de Mayo<\/strong><\/p>\n<p style=\"text-align: justify;\">&#8211; Les Magnolies Cia de dansa presenta MAGNOLIAS<\/p>\n<p style=\"text-align: justify;\">&#8211; Williams Castro Cia de dansa presenta CARMEN<\/p>\n<p style=\"text-align: justify;\"><strong>VIERNES 6 de Mayo<\/strong><\/p>\n<p style=\"text-align: justify;\">&#8211; Kernel Dancer Theatre presenta reLIVE (Dirigido por Junyi Sun)<\/p>\n<p style=\"text-align: justify;\"><strong>S\u00c1BADO 7 de Mayo<\/strong><\/p>\n<p style=\"text-align: justify;\">&#8211; Companyia Luthier Dansa Jazz presenta TRASLLATS (Idea y Coreograf\u00eda de Victor Rodrigo | Direcci\u00f3n esc\u00e9nica por Marc Chornet)<\/p>\n<p style=\"text-align: justify;\"><strong>GALA FINAL DOMINGO 8 DE MAYO<\/strong><\/p>\n<p style=\"text-align: justify;\">&#8211; PLAY (Carlos Bonilla)<\/p>\n<p style=\"text-align: justify;\">&#8211; SAETA (Irene Bocalla)<\/p>\n<p style=\"text-align: justify;\">&#8211; LEAP (Anna Llobart)<\/p>\n<p style=\"text-align: justify;\">&#8211; ELS AMANTS A RECORDS (V\u00edctor Rodrigo)<\/p>\n<p style=\"text-align: justify;\">&#8211; SOLEDAD EN COMA &#8211; fragment (Mariana Ort\u00edz)<\/p>\n<p style=\"text-align: justify;\">&#8211; Estreno TALLER LABORATORIO del maestro invitado KRISTIAN CELLINI<\/p>\n<div>\n<p><strong><\/strong><\/p>\n<\/div>\n<p>[\/et_pb_text][\/et_pb_column][\/et_pb_row][\/et_pb_section]<\/p>\n","protected":false},"excerpt":{"rendered":"<p>2016<\/p>\n","protected":false},"author":2,"featured_media":3144,"comment_status":"open","ping_status":"closed","template":"","meta":{"_et_pb_use_builder":"on","_et_pb_old_content":"<!-- wp:divi\/placeholder \/-->","_et_gb_content_width":"","footnotes":""},"project_category":[21],"project_tag":[430],"class_list":["post-3929","project","type-project","status-publish","has-post-thumbnail","hentry","project_category-director","project_tag-esp"],"_links":{"self":[{"href":"http:\/\/victor-rodrigo.com\/vrodrigo\/wp-json\/wp\/v2\/project\/3929","targetHints":{"allow":["GET"]}}],"collection":[{"href":"http:\/\/victor-rodrigo.com\/vrodrigo\/wp-json\/wp\/v2\/project"}],"about":[{"href":"http:\/\/victor-rodrigo.com\/vrodrigo\/wp-json\/wp\/v2\/types\/project"}],"author":[{"embeddable":true,"href":"http:\/\/victor-rodrigo.com\/vrodrigo\/wp-json\/wp\/v2\/users\/2"}],"replies":[{"embeddable":true,"href":"http:\/\/victor-rodrigo.com\/vrodrigo\/wp-json\/wp\/v2\/comments?post=3929"}],"version-history":[{"count":4,"href":"http:\/\/victor-rodrigo.com\/vrodrigo\/wp-json\/wp\/v2\/project\/3929\/revisions"}],"predecessor-version":[{"id":4646,"href":"http:\/\/victor-rodrigo.com\/vrodrigo\/wp-json\/wp\/v2\/project\/3929\/revisions\/4646"}],"wp:featuredmedia":[{"embeddable":true,"href":"http:\/\/victor-rodrigo.com\/vrodrigo\/wp-json\/wp\/v2\/media\/3144"}],"wp:attachment":[{"href":"http:\/\/victor-rodrigo.com\/vrodrigo\/wp-json\/wp\/v2\/media?parent=3929"}],"wp:term":[{"taxonomy":"project_category","embeddable":true,"href":"http:\/\/victor-rodrigo.com\/vrodrigo\/wp-json\/wp\/v2\/project_category?post=3929"},{"taxonomy":"project_tag","embeddable":true,"href":"http:\/\/victor-rodrigo.com\/vrodrigo\/wp-json\/wp\/v2\/project_tag?post=3929"}],"curies":[{"name":"wp","href":"https:\/\/api.w.org\/{rel}","templated":true}]}}

<p>[et_pb_section fb_built=&#8221;1&#8243; admin_label=&#8221;section&#8221; _builder_version=&#8221;4.16&#8243; background_color=&#8221;rgba(0,0,0,0)&#8221; custom_padding=&#8221;50px|||&#8221; top_divider_color=&#8221;#ff935e&#8221; top_divider_height=&#8221;40px&#8221; da_disable_devices=&#8221;off|off|off&#8221; global_colors_info=&#8221;{}&#8221; theme_builder_area=&#8221;post_content&#8221; da_is_popup=&#8221;off&#8221; da_exit_intent=&#8221;off&#8221; da_has_close=&#8221;on&#8221; da_alt_close=&#8221;off&#8221; da_dark_close=&#8221;off&#8221; da_not_modal=&#8221;on&#8221; da_is_singular=&#8221;off&#8221; da_with_loader=&#8221;off&#8221; da_has_shadow=&#8221;on&#8221;][et_pb_row column_structure=&#8221;1_2,1_2&#8243; admin_label=&#8221;Fila&#8221; _builder_version=&#8221;4.16&#8243; background_size=&#8221;initial&#8221; background_position=&#8221;top_left&#8221; background_repeat=&#8221;repeat&#8221; global_colors_info=&#8221;{}&#8221; theme_builder_area=&#8221;post_content&#8221;][et_pb_column type=&#8221;1_2&#8243; _builder_version=&#8221;4.16&#8243; custom_padding=&#8221;|||&#8221; global_colors_info=&#8221;{}&#8221; custom_padding__hover=&#8221;|||&#8221; theme_builder_area=&#8221;post_content&#8221;][et_pb_gallery gallery_ids=&#8221;1020,1021,1022,1023,1024&#8243; fullwidth=&#8221;on&#8221; admin_label=&#8221;Galería Eixam ple de dansa&#8221; _builder_version=&#8221;4.16&#8243; caption_all_caps=&#8221;off&#8221; auto=&#8221;on&#8221; auto_speed=&#8221;3000&#8243; use_border_color=&#8221;off&#8221; border_color=&#8221;#ffffff&#8221; border_style=&#8221;solid&#8221; global_colors_info=&#8221;{}&#8221; theme_builder_area=&#8221;post_content&#8221;]&nbsp;<br />
[/et_pb_gallery][et_pb_video_slider _builder_version=&#8221;4.16&#8243; _module_preset=&#8221;default&#8221; global_colors_info=&#8221;{}&#8221; theme_builder_area=&#8221;post_content&#8221;][et_pb_video_slider_item admin_title=&#8221;Alexis Sulbarán&#8221; src=&#8221;https://youtu.be/DEr5nyKPvmk&#8221; _builder_version=&#8221;4.5.6&#8243; _module_preset=&#8221;default&#8221; global_colors_info=&#8221;{}&#8221; theme_builder_area=&#8221;post_content&#8221; show_image_overlay=&#8221;off&#8221;][/et_pb_video_slider_item][/et_pb_video_slider][/et_pb_column][et_pb_column type=&#8221;1_2&#8243; _builder_version=&#8221;4.16&#8243; custom_padding=&#8221;|||&#8221; global_colors_info=&#8221;{}&#8221; custom_padding__hover=&#8221;|||&#8221; theme_builder_area=&#8221;post_content&#8221;][et_pb_text _builder_version=&#8221;4.27.4&#8243; hover_enabled=&#8221;0&#8243; global_colors_info=&#8221;{}&#8221; theme_builder_area=&#8221;post_content&#8221; sticky_enabled=&#8221;0&#8243;]</p>
<p style="text-align: justify;"><strong>Director del evento EIXAM PLE DE DANSA organizado en el Teatro Eixample de Barcelona</strong></p>
<p style="text-align: justify;"><strong>MIÉRCOLES 4 de Mayo</strong></p>
<p style="text-align: justify;">&#8211; Lluis Coloma presenta Boogie Woogie Tap</p>
<p style="text-align: justify;"><strong>JUEVES 5 de Mayo</strong></p>
<p style="text-align: justify;">&#8211; Les Magnolies Cia de dansa presenta MAGNOLIAS</p>
<p style="text-align: justify;">&#8211; Williams Castro Cia de dansa presenta CARMEN</p>
<p style="text-align: justify;"><strong>VIERNES 6 de Mayo</strong></p>
<p style="text-align: justify;">&#8211; Kernel Dancer Theatre presenta reLIVE (Dirigido por Junyi Sun)</p>
<p style="text-align: justify;"><strong>SÁBADO 7 de Mayo</strong></p>
<p style="text-align: justify;">&#8211; Companyia Luthier Dansa Jazz presenta TRASLLATS (Idea y Coreografía de Victor Rodrigo | Dirección escénica por Marc Chornet)</p>
<p style="text-align: justify;"><strong>GALA FINAL DOMINGO 8 DE MAYO</strong></p>
<p style="text-align: justify;">&#8211; PLAY (Carlos Bonilla)</p>
<p style="text-align: justify;">&#8211; SAETA (Irene Bocalla)</p>
<p style="text-align: justify;">&#8211; LEAP (Anna Llobart)</p>
<p style="text-align: justify;">&#8211; ELS AMANTS A RECORDS (Víctor Rodrigo)</p>
<p style="text-align: justify;">&#8211; SOLEDAD EN COMA &#8211; fragment (Mariana Ortíz)</p>
<p style="text-align: justify;">&#8211; Estreno TALLER LABORATORIO del maestro invitado KRISTIAN CELLINI</p>
<div>
<p><strong></strong></p>
</div>
<p>[/et_pb_text][/et_pb_column][/et_pb_row][/et_pb_section]</p>
