{"id":4187,"date":"2022-12-07T12:06:40","date_gmt":"2022-12-07T12:06:40","guid":{"rendered":"http:\/\/victor-rodrigo.com\/vrodrigo\/?post_type=project&#038;p=4187"},"modified":"2025-01-17T14:30:05","modified_gmt":"2025-01-17T14:30:05","slug":"4187","status":"publish","type":"project","link":"http:\/\/victor-rodrigo.com\/vrodrigo\/project\/4187\/","title":{"rendered":"MamaPop Latino 2022"},"content":{"rendered":"\n[et_pb_section fb_built=&#8221;1&#8243; _builder_version=&#8221;4.5.6&#8243; background_color=&#8221;rgba(0,0,0,0)&#8221; custom_padding=&#8221;50px|||&#8221; top_divider_color=&#8221;#ff935e&#8221; top_divider_height=&#8221;40px&#8221; da_disable_devices=&#8221;off|off|off&#8221; da_is_popup=&#8221;off&#8221; da_exit_intent=&#8221;off&#8221; da_has_close=&#8221;on&#8221; da_alt_close=&#8221;off&#8221; da_dark_close=&#8221;off&#8221; da_not_modal=&#8221;on&#8221; da_is_singular=&#8221;off&#8221; da_with_loader=&#8221;off&#8221; da_has_shadow=&#8221;on&#8221;][et_pb_row column_structure=&#8221;1_2,1_2&#8243; _builder_version=&#8221;3.25&#8243; background_size=&#8221;initial&#8221; background_position=&#8221;top_left&#8221; background_repeat=&#8221;repeat&#8221;][et_pb_column type=&#8221;1_2&#8243; _builder_version=&#8221;3.25&#8243; custom_padding=&#8221;|||&#8221; custom_padding__hover=&#8221;|||&#8221;][et_pb_image src=&#8221;http:\/\/victor-rodrigo.com\/vrodrigo\/wp-content\/uploads\/2022\/12\/e0f7bfb5-201a-4303-8e95-d9bd07e7f1ab.jpg&#8221; title_text=&#8221;Cartell_horitzontal_cen&#8221; _builder_version=&#8221;4.5.6&#8243; _module_preset=&#8221;default&#8221;][\/et_pb_image][\/et_pb_column][et_pb_column type=&#8221;1_2&#8243; _builder_version=&#8221;3.25&#8243; custom_padding=&#8221;|||&#8221; custom_padding__hover=&#8221;|||&#8221;][et_pb_gallery gallery_ids=&#8221;4199,4200,4203&#8243; gallery_orderby=&#8221;rand&#8221; fullwidth=&#8221;on&#8221; _builder_version=&#8221;4.5.6&#8243; _module_preset=&#8221;default&#8221; auto=&#8221;on&#8221;][\/et_pb_gallery][et_pb_video_slider _builder_version=&#8221;4.5.6&#8243; _module_preset=&#8221;default&#8221; hover_enabled=&#8221;0&#8243;][et_pb_video_slider_item admin_title=&#8221;Mamapop 1&#8243; src=&#8221;http:\/\/victor-rodrigo.com\/vrodrigo\/wp-content\/uploads\/2022\/12\/3e103cc4-4696-4ebd-af9b-1c4ea49901a8.mp4&#8243; _builder_version=&#8221;4.5.6&#8243; _module_preset=&#8221;default&#8221; hover_enabled=&#8221;0&#8243; show_image_overlay=&#8221;off&#8221; image_src=&#8221;http:\/\/victor-rodrigo.com\/vrodrigo\/wp-content\/uploads\/2022\/12\/Captura-de-Pantalla-2022-12-07-a-les-13.42.36.png&#8221;][\/et_pb_video_slider_item][et_pb_video_slider_item admin_title=&#8221;Mamapop 2&#8243; src=&#8221;http:\/\/victor-rodrigo.com\/vrodrigo\/wp-content\/uploads\/2022\/12\/8ed8e9de-b169-4df3-84fe-fd999b4dbe0e.mp4&#8243; _builder_version=&#8221;4.5.6&#8243; _module_preset=&#8221;default&#8221; hover_enabled=&#8221;0&#8243; show_image_overlay=&#8221;off&#8221; image_src=&#8221;http:\/\/victor-rodrigo.com\/vrodrigo\/wp-content\/uploads\/2022\/12\/Captura-de-Pantalla-2022-12-07-a-les-13.43.06.png&#8221;][\/et_pb_video_slider_item][et_pb_video_slider_item admin_title=&#8221;Mamapop 2&#8243; src=&#8221;http:\/\/victor-rodrigo.com\/vrodrigo\/wp-content\/uploads\/2022\/12\/9aab83fb-d6ac-44d2-8989-66aefcbf278c.mp4&#8243; _builder_version=&#8221;4.5.6&#8243; _module_preset=&#8221;default&#8221; hover_enabled=&#8221;0&#8243; show_image_overlay=&#8221;off&#8221; image_src=&#8221;http:\/\/victor-rodrigo.com\/vrodrigo\/wp-content\/uploads\/2022\/12\/Captura-de-Pantalla-2022-12-07-a-les-13.43.59.png&#8221;][\/et_pb_video_slider_item][et_pb_video_slider_item admin_title=&#8221;Mamapop 4&#8243; src=&#8221;http:\/\/victor-rodrigo.com\/vrodrigo\/wp-content\/uploads\/2022\/12\/4162c210-911e-452a-9b80-7642e2e89e1c.mp4&#8243; _builder_version=&#8221;4.5.6&#8243; _module_preset=&#8221;default&#8221; hover_enabled=&#8221;0&#8243; show_image_overlay=&#8221;off&#8221; image_src=&#8221;http:\/\/victor-rodrigo.com\/vrodrigo\/wp-content\/uploads\/2022\/12\/Captura-de-Pantalla-2022-12-07-a-les-13.44.18.png&#8221;][\/et_pb_video_slider_item][et_pb_video_slider_item admin_title=&#8221;Mamapop 5&#8243; src=&#8221;http:\/\/victor-rodrigo.com\/vrodrigo\/wp-content\/uploads\/2022\/12\/9817513c-eedd-4fdd-9817-d9ed8d0b8a17.mp4&#8243; _builder_version=&#8221;4.5.6&#8243; _module_preset=&#8221;default&#8221; hover_enabled=&#8221;0&#8243; show_image_overlay=&#8221;off&#8221; image_src=&#8221;http:\/\/victor-rodrigo.com\/vrodrigo\/wp-content\/uploads\/2022\/12\/Captura-de-Pantalla-2022-12-07-a-les-13.44.59.png&#8221;][\/et_pb_video_slider_item][et_pb_video_slider_item admin_title=&#8221;Mamapop 6&#8243; src=&#8221;http:\/\/victor-rodrigo.com\/vrodrigo\/wp-content\/uploads\/2022\/12\/a49e53f7-05db-439e-b8ec-7539c1bc6aa7.mp4&#8243; _builder_version=&#8221;4.5.6&#8243; _module_preset=&#8221;default&#8221; hover_enabled=&#8221;0&#8243; show_image_overlay=&#8221;off&#8221; title_text=&#8221;Captura de Pantalla 2022-12-07 a les 13.45.30&#8243; image_src=&#8221;http:\/\/victor-rodrigo.com\/vrodrigo\/wp-content\/uploads\/2022\/12\/Captura-de-Pantalla-2022-12-07-a-les-13.45.30.png&#8221;][\/et_pb_video_slider_item][\/et_pb_video_slider][\/et_pb_column][\/et_pb_row][et_pb_row _builder_version=&#8221;4.5.6&#8243; _module_preset=&#8221;default&#8221;][et_pb_column type=&#8221;4_4&#8243; _builder_version=&#8221;4.5.6&#8243; _module_preset=&#8221;default&#8221;][et_pb_text _builder_version=&#8221;4.5.6&#8243; hover_enabled=&#8221;0&#8243;]<p style=\"text-align: justify;\"><b>Int\u00e8rprets mamaBanda<\/b><\/p>\n<p style=\"text-align: justify;\"><b>Director Musical: Josep Maria Bossa<\/b><\/p>\n<p style=\"text-align: justify;\">&#8211; Orquestra Sinf\u00f2nica Jop, Jove Orquestra de Ponent. Dir. Antonio Lajara.<\/p>\n<p style=\"text-align: justify;\">Viol\u00ed primer: Jardiel Rodellas Callot, Joan Carles P\u00e9rez Nicolau, Palmira Salvador Pereta.<\/p>\n<p style=\"text-align: justify;\">Viol\u00ed segon: Marta Guash Vall\u00e9s, Marc Oliva Vallabriga, S\u00edlvia Peret Horrach, Marta Fuster Beneded.<\/p>\n<p style=\"text-align: justify;\">Viola: Alba Babot Al\u00f2s, Albert Dalmases Par\u00eds.<\/p>\n<p style=\"text-align: justify;\">Violoncel: Llu\u00eds Surroca Prunera, Rub\u00e9n Colomer Vallejo.<\/p>\n<p style=\"text-align: justify;\">Clarinet: Albert Sol\u00e9 Calduch.<\/p>\n<p style=\"text-align: justify;\">Tromb\u00f3: Ivan Colomer Vallejo.<\/p>\n<div>\n<p><b><\/b>&#8211; Orquestra Simf\u00f2nica Conservatori L&#8217;Int\u00e8rpret.<\/p>\n<p>Dir. Alfons P\u00e9rez<\/p>\n<p>Viol\u00ed primer: Gen\u00eds Gilbert Par\u00e9s, Irene Herrera Porta, Tuixent Mitjans Tres\u00e1nchez, Alba Peralta Carretero, Alfons P\u00e9rez Mart\u00edn.<\/p>\n<p>Viol\u00ed segon: Txell Balcells Bordes, Aina Mons\u00f3 Laplaza, Blau Sendr\u00f3s Monta\u00f1a<\/p>\n<p>Viola: Judith Lacalle Gili, Anna Sim\u00f3n Masot<\/p>\n<p>Violoncel: Aina P\u00e9rez Ramos.<\/p>\n<p>&#8211; MamaBanda<\/p>\n<p>Dir. Josep Maria Bossa<\/p>\n<p>Veus: David Honrubia, Irene Oliv\u00e9, Paula Costes, Laura Roure, Lidia Alberich, Maria Fern\u00e1ndez, Nom\u00eds Lenam.<\/p>\n<p>Vocal Coach: Irene Oliv\u00e9<\/p>\n<p>Piano i guitarres: Josep Mar\u00eda Bossa.<\/p>\n<p>Teclista i guitarres: Llu\u00eds Paris\u00e9.<\/p>\n<p>Sax\u00f2fon: V\u00edctor Alba<\/p>\n<p>Col\u00b7laboraci\u00f3 saxo: Dr. Jos\u00e9 Lu\u00eds Morales Rull<\/p>\n<p>Trompeta: Gregori Satorres i Wifredo Terrades<\/p>\n<p>Tromb\u00f3: \u00d2scar Canosa i Iv\u00e1n Colomer<\/p>\n<p>Flauta travessera: Sara Escudero<\/p>\n<p>Guitarra: Abel Serra<\/p>\n<p>Baix i contrabaix: Artemi Agr\u00e0s<\/p>\n<p>Bateria i percussi\u00f3: Isidre Ru\u00edz<\/p>\n<p>Percussi\u00f3 llatina: Luis Alfonso Guerra &#8220;Luisito&#8221;<\/p>\n<p>Arranjaments: Jose Ram\u00f3n Madrid<\/p>\n<p>&nbsp;<\/p>\n<p>Direcci\u00f3 Coreografia: V\u00edctor Rodrigo<\/p>\n<p>Ballarins: Tania Palomeque, Marina Calvo i Sergi Corominas<\/p>\n<p>Actors mamART: Joan Bellostas, Cl\u00e0udia Sol\u00e9 i Ramon Pera.<\/p>\n<p>&nbsp;<\/p>\n<p>ORGANITZACI\u00d3 mamaTeam<\/p>\n<p>Ideaci\u00f3 i direcci\u00f3 executiva i esc\u00e8nica: Manel Simon &amp; Nom\u00eds Lanam.<\/p>\n<p>Direcci\u00f3 musical: Josep Maria Bossa<\/p>\n<p>Direcci\u00f3 t\u00e8cnica: Alfons P\u00e9rez<\/p>\n<p>Direcci\u00f3 coreogr\u00e0fica: V\u00edctor Rodrigo<\/p>\n<p>Log\u00edstica i protocol: Marta Massot<\/p>\n<p>Ticketing: Marta Massot &amp; 4Tickets<\/p>\n<p>Sonoritzaci\u00f3 i il\u00b7luminaci\u00f3: Marc Vidal<\/p>\n<p>Disseny gr\u00e0fic: Jordi Massip<\/p>\n<p>Premsa i comunicaci\u00f3: Gina Raymat i Jes\u00fas Riverola.<\/p>\n<p>Web services: Albert Mart\u00edn<\/p>\n<p>Videoproducci\u00f3: Jaume Sans<\/p>\n<p>Fotografia: David del Val<\/p>\n<p>Estilisme: Georgina Sim\u00f3n &amp; N\u00faria Gonz\u00e1lez<\/p>\n<p>Maquillatge: Sara Buira<\/p>\n<p>Perruqueria: Montse Falc\u00f3n<\/p>\n<p>Comunity manager XXSS: Rosa Exp\u00f3sito<\/p>\n<p>Relacions p\u00fabliques: Manel Tahull<\/p>\n<p>Marqueting i continguts: Mamapop<\/p>\n<p>Realitzaci\u00f3 audiovisual: Pol Simon<\/p>\n<p>Assistent producci\u00f3: Mart\u00ed Sim\u00f3n i Pol Stein<\/p>\n<p>Assistent escenari: Jordi Mateu<\/p>\n<p>Regidoria escenari: Elna Clua<\/p>\n<p>La mama, la inspiraci\u00f3: Digna Torres [a la terra], Anna Barbero [al cel].<\/p>\n<p>&nbsp;<\/p>\n<p>Presentaci\u00f3 espectacle: Manel Tahull, Gina Raymat i Mari Luz Jim\u00e9nez.<\/p>\n<\/div>\n[\/et_pb_text][\/et_pb_column][\/et_pb_row][\/et_pb_section]\n","protected":false},"excerpt":{"rendered":"<p>Desembre 2022<\/p>\n","protected":false},"author":2,"featured_media":4203,"comment_status":"open","ping_status":"closed","template":"","meta":{"_et_pb_use_builder":"on","_et_pb_old_content":"","_et_gb_content_width":"","footnotes":""},"project_category":[17],"project_tag":[429],"class_list":["post-4187","project","type-project","status-publish","has-post-thumbnail","hentry","project_category-coreografo","project_tag-cat"],"_links":{"self":[{"href":"http:\/\/victor-rodrigo.com\/vrodrigo\/wp-json\/wp\/v2\/project\/4187","targetHints":{"allow":["GET"]}}],"collection":[{"href":"http:\/\/victor-rodrigo.com\/vrodrigo\/wp-json\/wp\/v2\/project"}],"about":[{"href":"http:\/\/victor-rodrigo.com\/vrodrigo\/wp-json\/wp\/v2\/types\/project"}],"author":[{"embeddable":true,"href":"http:\/\/victor-rodrigo.com\/vrodrigo\/wp-json\/wp\/v2\/users\/2"}],"replies":[{"embeddable":true,"href":"http:\/\/victor-rodrigo.com\/vrodrigo\/wp-json\/wp\/v2\/comments?post=4187"}],"version-history":[{"count":7,"href":"http:\/\/victor-rodrigo.com\/vrodrigo\/wp-json\/wp\/v2\/project\/4187\/revisions"}],"predecessor-version":[{"id":4221,"href":"http:\/\/victor-rodrigo.com\/vrodrigo\/wp-json\/wp\/v2\/project\/4187\/revisions\/4221"}],"wp:featuredmedia":[{"embeddable":true,"href":"http:\/\/victor-rodrigo.com\/vrodrigo\/wp-json\/wp\/v2\/media\/4203"}],"wp:attachment":[{"href":"http:\/\/victor-rodrigo.com\/vrodrigo\/wp-json\/wp\/v2\/media?parent=4187"}],"wp:term":[{"taxonomy":"project_category","embeddable":true,"href":"http:\/\/victor-rodrigo.com\/vrodrigo\/wp-json\/wp\/v2\/project_category?post=4187"},{"taxonomy":"project_tag","embeddable":true,"href":"http:\/\/victor-rodrigo.com\/vrodrigo\/wp-json\/wp\/v2\/project_tag?post=4187"}],"curies":[{"name":"wp","href":"https:\/\/api.w.org\/{rel}","templated":true}]}}

[et_pb_section fb_built=&#8221;1&#8243; _builder_version=&#8221;4.5.6&#8243; background_color=&#8221;rgba(0,0,0,0)&#8221; custom_padding=&#8221;50px|||&#8221; top_divider_color=&#8221;#ff935e&#8221; top_divider_height=&#8221;40px&#8221; da_disable_devices=&#8221;off|off|off&#8221; da_is_popup=&#8221;off&#8221; da_exit_intent=&#8221;off&#8221; da_has_close=&#8221;on&#8221; da_alt_close=&#8221;off&#8221; da_dark_close=&#8221;off&#8221; da_not_modal=&#8221;on&#8221; da_is_singular=&#8221;off&#8221; da_with_loader=&#8221;off&#8221; da_has_shadow=&#8221;on&#8221;][et_pb_row column_structure=&#8221;1_2,1_2&#8243; _builder_version=&#8221;3.25&#8243; background_size=&#8221;initial&#8221; background_position=&#8221;top_left&#8221; background_repeat=&#8221;repeat&#8221;][et_pb_column type=&#8221;1_2&#8243; _builder_version=&#8221;3.25&#8243; custom_padding=&#8221;|||&#8221; custom_padding__hover=&#8221;|||&#8221;][et_pb_image src=&#8221;http://victor-rodrigo.com/vrodrigo/wp-content/uploads/2022/12/e0f7bfb5-201a-4303-8e95-d9bd07e7f1ab.jpg&#8221; title_text=&#8221;Cartell_horitzontal_cen&#8221; _builder_version=&#8221;4.5.6&#8243; _module_preset=&#8221;default&#8221;][/et_pb_image][/et_pb_column][et_pb_column type=&#8221;1_2&#8243; _builder_version=&#8221;3.25&#8243; custom_padding=&#8221;|||&#8221; custom_padding__hover=&#8221;|||&#8221;][et_pb_gallery gallery_ids=&#8221;4199,4200,4203&#8243; gallery_orderby=&#8221;rand&#8221; fullwidth=&#8221;on&#8221; _builder_version=&#8221;4.5.6&#8243; _module_preset=&#8221;default&#8221; auto=&#8221;on&#8221;][/et_pb_gallery][et_pb_video_slider _builder_version=&#8221;4.5.6&#8243; _module_preset=&#8221;default&#8221; hover_enabled=&#8221;0&#8243;][et_pb_video_slider_item admin_title=&#8221;Mamapop 1&#8243; src=&#8221;http://victor-rodrigo.com/vrodrigo/wp-content/uploads/2022/12/3e103cc4-4696-4ebd-af9b-1c4ea49901a8.mp4&#8243; _builder_version=&#8221;4.5.6&#8243; _module_preset=&#8221;default&#8221; hover_enabled=&#8221;0&#8243; show_image_overlay=&#8221;off&#8221; image_src=&#8221;http://victor-rodrigo.com/vrodrigo/wp-content/uploads/2022/12/Captura-de-Pantalla-2022-12-07-a-les-13.42.36.png&#8221;][/et_pb_video_slider_item][et_pb_video_slider_item admin_title=&#8221;Mamapop 2&#8243; src=&#8221;http://victor-rodrigo.com/vrodrigo/wp-content/uploads/2022/12/8ed8e9de-b169-4df3-84fe-fd999b4dbe0e.mp4&#8243; _builder_version=&#8221;4.5.6&#8243; _module_preset=&#8221;default&#8221; hover_enabled=&#8221;0&#8243; show_image_overlay=&#8221;off&#8221; image_src=&#8221;http://victor-rodrigo.com/vrodrigo/wp-content/uploads/2022/12/Captura-de-Pantalla-2022-12-07-a-les-13.43.06.png&#8221;][/et_pb_video_slider_item][et_pb_video_slider_item admin_title=&#8221;Mamapop 2&#8243; src=&#8221;http://victor-rodrigo.com/vrodrigo/wp-content/uploads/2022/12/9aab83fb-d6ac-44d2-8989-66aefcbf278c.mp4&#8243; _builder_version=&#8221;4.5.6&#8243; _module_preset=&#8221;default&#8221; hover_enabled=&#8221;0&#8243; show_image_overlay=&#8221;off&#8221; image_src=&#8221;http://victor-rodrigo.com/vrodrigo/wp-content/uploads/2022/12/Captura-de-Pantalla-2022-12-07-a-les-13.43.59.png&#8221;][/et_pb_video_slider_item][et_pb_video_slider_item admin_title=&#8221;Mamapop 4&#8243; src=&#8221;http://victor-rodrigo.com/vrodrigo/wp-content/uploads/2022/12/4162c210-911e-452a-9b80-7642e2e89e1c.mp4&#8243; _builder_version=&#8221;4.5.6&#8243; _module_preset=&#8221;default&#8221; hover_enabled=&#8221;0&#8243; show_image_overlay=&#8221;off&#8221; image_src=&#8221;http://victor-rodrigo.com/vrodrigo/wp-content/uploads/2022/12/Captura-de-Pantalla-2022-12-07-a-les-13.44.18.png&#8221;][/et_pb_video_slider_item][et_pb_video_slider_item admin_title=&#8221;Mamapop 5&#8243; src=&#8221;http://victor-rodrigo.com/vrodrigo/wp-content/uploads/2022/12/9817513c-eedd-4fdd-9817-d9ed8d0b8a17.mp4&#8243; _builder_version=&#8221;4.5.6&#8243; _module_preset=&#8221;default&#8221; hover_enabled=&#8221;0&#8243; show_image_overlay=&#8221;off&#8221; image_src=&#8221;http://victor-rodrigo.com/vrodrigo/wp-content/uploads/2022/12/Captura-de-Pantalla-2022-12-07-a-les-13.44.59.png&#8221;][/et_pb_video_slider_item][et_pb_video_slider_item admin_title=&#8221;Mamapop 6&#8243; src=&#8221;http://victor-rodrigo.com/vrodrigo/wp-content/uploads/2022/12/a49e53f7-05db-439e-b8ec-7539c1bc6aa7.mp4&#8243; _builder_version=&#8221;4.5.6&#8243; _module_preset=&#8221;default&#8221; hover_enabled=&#8221;0&#8243; show_image_overlay=&#8221;off&#8221; title_text=&#8221;Captura de Pantalla 2022-12-07 a les 13.45.30&#8243; image_src=&#8221;http://victor-rodrigo.com/vrodrigo/wp-content/uploads/2022/12/Captura-de-Pantalla-2022-12-07-a-les-13.45.30.png&#8221;][/et_pb_video_slider_item][/et_pb_video_slider][/et_pb_column][/et_pb_row][et_pb_row _builder_version=&#8221;4.5.6&#8243; _module_preset=&#8221;default&#8221;][et_pb_column type=&#8221;4_4&#8243; _builder_version=&#8221;4.5.6&#8243; _module_preset=&#8221;default&#8221;][et_pb_text _builder_version=&#8221;4.5.6&#8243; hover_enabled=&#8221;0&#8243;]<p style="text-align: justify;"><b>Intèrprets mamaBanda</b></p>
<p style="text-align: justify;"><b>Director Musical: Josep Maria Bossa</b></p>
<p style="text-align: justify;">&#8211; Orquestra Sinfònica Jop, Jove Orquestra de Ponent. Dir. Antonio Lajara.</p>
<p style="text-align: justify;">Violí primer: Jardiel Rodellas Callot, Joan Carles Pérez Nicolau, Palmira Salvador Pereta.</p>
<p style="text-align: justify;">Violí segon: Marta Guash Vallés, Marc Oliva Vallabriga, Sílvia Peret Horrach, Marta Fuster Beneded.</p>
<p style="text-align: justify;">Viola: Alba Babot Alòs, Albert Dalmases París.</p>
<p style="text-align: justify;">Violoncel: Lluís Surroca Prunera, Rubén Colomer Vallejo.</p>
<p style="text-align: justify;">Clarinet: Albert Solé Calduch.</p>
<p style="text-align: justify;">Trombó: Ivan Colomer Vallejo.</p>
<div>
<p><b></b>&#8211; Orquestra Simfònica Conservatori L&#8217;Intèrpret.</p>
<p>Dir. Alfons Pérez</p>
<p>Violí primer: Genís Gilbert Parés, Irene Herrera Porta, Tuixent Mitjans Tresánchez, Alba Peralta Carretero, Alfons Pérez Martín.</p>
<p>Violí segon: Txell Balcells Bordes, Aina Monsó Laplaza, Blau Sendrós Montaña</p>
<p>Viola: Judith Lacalle Gili, Anna Simón Masot</p>
<p>Violoncel: Aina Pérez Ramos.</p>
<p>&#8211; MamaBanda</p>
<p>Dir. Josep Maria Bossa</p>
<p>Veus: David Honrubia, Irene Olivé, Paula Costes, Laura Roure, Lidia Alberich, Maria Fernández, Nomís Lenam.</p>
<p>Vocal Coach: Irene Olivé</p>
<p>Piano i guitarres: Josep María Bossa.</p>
<p>Teclista i guitarres: Lluís Parisé.</p>
<p>Saxòfon: Víctor Alba</p>
<p>Col·laboració saxo: Dr. José Luís Morales Rull</p>
<p>Trompeta: Gregori Satorres i Wifredo Terrades</p>
<p>Trombó: Òscar Canosa i Iván Colomer</p>
<p>Flauta travessera: Sara Escudero</p>
<p>Guitarra: Abel Serra</p>
<p>Baix i contrabaix: Artemi Agràs</p>
<p>Bateria i percussió: Isidre Ruíz</p>
<p>Percussió llatina: Luis Alfonso Guerra &#8220;Luisito&#8221;</p>
<p>Arranjaments: Jose Ramón Madrid</p>
<p>&nbsp;</p>
<p>Direcció Coreografia: Víctor Rodrigo</p>
<p>Ballarins: Tania Palomeque, Marina Calvo i Sergi Corominas</p>
<p>Actors mamART: Joan Bellostas, Clàudia Solé i Ramon Pera.</p>
<p>&nbsp;</p>
<p>ORGANITZACIÓ mamaTeam</p>
<p>Ideació i direcció executiva i escènica: Manel Simon &amp; Nomís Lanam.</p>
<p>Direcció musical: Josep Maria Bossa</p>
<p>Direcció tècnica: Alfons Pérez</p>
<p>Direcció coreogràfica: Víctor Rodrigo</p>
<p>Logística i protocol: Marta Massot</p>
<p>Ticketing: Marta Massot &amp; 4Tickets</p>
<p>Sonorització i il·luminació: Marc Vidal</p>
<p>Disseny gràfic: Jordi Massip</p>
<p>Premsa i comunicació: Gina Raymat i Jesús Riverola.</p>
<p>Web services: Albert Martín</p>
<p>Videoproducció: Jaume Sans</p>
<p>Fotografia: David del Val</p>
<p>Estilisme: Georgina Simón &amp; Núria González</p>
<p>Maquillatge: Sara Buira</p>
<p>Perruqueria: Montse Falcón</p>
<p>Comunity manager XXSS: Rosa Expósito</p>
<p>Relacions públiques: Manel Tahull</p>
<p>Marqueting i continguts: Mamapop</p>
<p>Realització audiovisual: Pol Simon</p>
<p>Assistent producció: Martí Simón i Pol Stein</p>
<p>Assistent escenari: Jordi Mateu</p>
<p>Regidoria escenari: Elna Clua</p>
<p>La mama, la inspiració: Digna Torres [a la terra], Anna Barbero [al cel].</p>
<p>&nbsp;</p>
<p>Presentació espectacle: Manel Tahull, Gina Raymat i Mari Luz Jiménez.</p>
</div>
[/et_pb_text][/et_pb_column][/et_pb_row][/et_pb_section]
