{"id":4222,"date":"2022-12-08T01:59:39","date_gmt":"2022-12-08T01:59:39","guid":{"rendered":"http:\/\/victor-rodrigo.com\/vrodrigo\/?post_type=project&#038;p=4222"},"modified":"2025-01-17T14:42:19","modified_gmt":"2025-01-17T14:42:19","slug":"mamapop-latino-2022","status":"publish","type":"project","link":"http:\/\/victor-rodrigo.com\/vrodrigo\/project\/mamapop-latino-2022\/","title":{"rendered":"MamaPop Latino 2022"},"content":{"rendered":"<p>[et_pb_section fb_built=&#8221;1&#8243; _builder_version=&#8221;4.16&#8243; background_color=&#8221;rgba(0,0,0,0)&#8221; custom_padding=&#8221;50px|||&#8221; top_divider_color=&#8221;#ff935e&#8221; top_divider_height=&#8221;40px&#8221; da_disable_devices=&#8221;off|off|off&#8221; global_colors_info=&#8221;{}&#8221; theme_builder_area=&#8221;post_content&#8221; da_is_popup=&#8221;off&#8221; da_exit_intent=&#8221;off&#8221; da_has_close=&#8221;on&#8221; da_alt_close=&#8221;off&#8221; da_dark_close=&#8221;off&#8221; da_not_modal=&#8221;on&#8221; da_is_singular=&#8221;off&#8221; da_with_loader=&#8221;off&#8221; da_has_shadow=&#8221;on&#8221;][et_pb_row column_structure=&#8221;1_2,1_2&#8243; _builder_version=&#8221;4.16&#8243; background_size=&#8221;initial&#8221; background_position=&#8221;top_left&#8221; background_repeat=&#8221;repeat&#8221; global_colors_info=&#8221;{}&#8221; theme_builder_area=&#8221;post_content&#8221;][et_pb_column type=&#8221;1_2&#8243; _builder_version=&#8221;4.16&#8243; custom_padding=&#8221;|||&#8221; global_colors_info=&#8221;{}&#8221; custom_padding__hover=&#8221;|||&#8221; theme_builder_area=&#8221;post_content&#8221;][et_pb_image src=&#8221;http:\/\/victor-rodrigo.com\/vrodrigo\/wp-content\/uploads\/2022\/12\/e0f7bfb5-201a-4303-8e95-d9bd07e7f1ab.jpg&#8221; title_text=&#8221;Cartell_horitzontal_cen&#8221; _builder_version=&#8221;4.16&#8243; _module_preset=&#8221;default&#8221; global_colors_info=&#8221;{}&#8221; theme_builder_area=&#8221;post_content&#8221;][\/et_pb_image][\/et_pb_column][et_pb_column type=&#8221;1_2&#8243; _builder_version=&#8221;4.16&#8243; custom_padding=&#8221;|||&#8221; global_colors_info=&#8221;{}&#8221; custom_padding__hover=&#8221;|||&#8221; theme_builder_area=&#8221;post_content&#8221;][et_pb_gallery gallery_ids=&#8221;4199,4200,4203&#8243; gallery_orderby=&#8221;rand&#8221; fullwidth=&#8221;on&#8221; _builder_version=&#8221;4.16&#8243; _module_preset=&#8221;default&#8221; auto=&#8221;on&#8221; global_colors_info=&#8221;{}&#8221; theme_builder_area=&#8221;post_content&#8221;][\/et_pb_gallery][et_pb_video_slider _builder_version=&#8221;4.16&#8243; _module_preset=&#8221;default&#8221; global_colors_info=&#8221;{}&#8221; theme_builder_area=&#8221;post_content&#8221;][et_pb_video_slider_item admin_title=&#8221;Mamapop 1&#8243; src=&#8221;http:\/\/victor-rodrigo.com\/vrodrigo\/wp-content\/uploads\/2022\/12\/3e103cc4-4696-4ebd-af9b-1c4ea49901a8.mp4&#8243; image_src=&#8221;http:\/\/victor-rodrigo.com\/vrodrigo\/wp-content\/uploads\/2022\/12\/Captura-de-Pantalla-2022-12-07-a-les-13.42.36.png&#8221; _builder_version=&#8221;4.5.6&#8243; _module_preset=&#8221;default&#8221; global_colors_info=&#8221;{}&#8221; theme_builder_area=&#8221;post_content&#8221; show_image_overlay=&#8221;off&#8221;][\/et_pb_video_slider_item][et_pb_video_slider_item admin_title=&#8221;Mamapop 2&#8243; src=&#8221;http:\/\/victor-rodrigo.com\/vrodrigo\/wp-content\/uploads\/2022\/12\/8ed8e9de-b169-4df3-84fe-fd999b4dbe0e.mp4&#8243; image_src=&#8221;http:\/\/victor-rodrigo.com\/vrodrigo\/wp-content\/uploads\/2022\/12\/Captura-de-Pantalla-2022-12-07-a-les-13.43.06.png&#8221; _builder_version=&#8221;4.5.6&#8243; _module_preset=&#8221;default&#8221; global_colors_info=&#8221;{}&#8221; theme_builder_area=&#8221;post_content&#8221; show_image_overlay=&#8221;off&#8221;][\/et_pb_video_slider_item][et_pb_video_slider_item admin_title=&#8221;Mamapop 2&#8243; src=&#8221;http:\/\/victor-rodrigo.com\/vrodrigo\/wp-content\/uploads\/2022\/12\/9aab83fb-d6ac-44d2-8989-66aefcbf278c.mp4&#8243; image_src=&#8221;http:\/\/victor-rodrigo.com\/vrodrigo\/wp-content\/uploads\/2022\/12\/Captura-de-Pantalla-2022-12-07-a-les-13.43.59.png&#8221; _builder_version=&#8221;4.5.6&#8243; _module_preset=&#8221;default&#8221; global_colors_info=&#8221;{}&#8221; theme_builder_area=&#8221;post_content&#8221; show_image_overlay=&#8221;off&#8221;][\/et_pb_video_slider_item][et_pb_video_slider_item admin_title=&#8221;Mamapop 4&#8243; src=&#8221;http:\/\/victor-rodrigo.com\/vrodrigo\/wp-content\/uploads\/2022\/12\/4162c210-911e-452a-9b80-7642e2e89e1c.mp4&#8243; image_src=&#8221;http:\/\/victor-rodrigo.com\/vrodrigo\/wp-content\/uploads\/2022\/12\/Captura-de-Pantalla-2022-12-07-a-les-13.44.18.png&#8221; _builder_version=&#8221;4.5.6&#8243; _module_preset=&#8221;default&#8221; global_colors_info=&#8221;{}&#8221; theme_builder_area=&#8221;post_content&#8221; show_image_overlay=&#8221;off&#8221;][\/et_pb_video_slider_item][et_pb_video_slider_item admin_title=&#8221;Mamapop 5&#8243; src=&#8221;http:\/\/victor-rodrigo.com\/vrodrigo\/wp-content\/uploads\/2022\/12\/9817513c-eedd-4fdd-9817-d9ed8d0b8a17.mp4&#8243; image_src=&#8221;http:\/\/victor-rodrigo.com\/vrodrigo\/wp-content\/uploads\/2022\/12\/Captura-de-Pantalla-2022-12-07-a-les-13.44.59.png&#8221; _builder_version=&#8221;4.5.6&#8243; _module_preset=&#8221;default&#8221; global_colors_info=&#8221;{}&#8221; theme_builder_area=&#8221;post_content&#8221; show_image_overlay=&#8221;off&#8221;][\/et_pb_video_slider_item][et_pb_video_slider_item admin_title=&#8221;Mamapop 6&#8243; src=&#8221;http:\/\/victor-rodrigo.com\/vrodrigo\/wp-content\/uploads\/2022\/12\/a49e53f7-05db-439e-b8ec-7539c1bc6aa7.mp4&#8243; image_src=&#8221;http:\/\/victor-rodrigo.com\/vrodrigo\/wp-content\/uploads\/2022\/12\/Captura-de-Pantalla-2022-12-07-a-les-13.45.30.png&#8221; _builder_version=&#8221;4.5.6&#8243; _module_preset=&#8221;default&#8221; global_colors_info=&#8221;{}&#8221; theme_builder_area=&#8221;post_content&#8221; show_image_overlay=&#8221;off&#8221;][\/et_pb_video_slider_item][\/et_pb_video_slider][\/et_pb_column][\/et_pb_row][et_pb_row _builder_version=&#8221;4.16&#8243; _module_preset=&#8221;default&#8221; global_colors_info=&#8221;{}&#8221; theme_builder_area=&#8221;post_content&#8221;][et_pb_column type=&#8221;4_4&#8243; _builder_version=&#8221;4.16&#8243; _module_preset=&#8221;default&#8221; global_colors_info=&#8221;{}&#8221; theme_builder_area=&#8221;post_content&#8221;][et_pb_text _builder_version=&#8221;4.27.4&#8243; hover_enabled=&#8221;0&#8243; global_colors_info=&#8221;{}&#8221; theme_builder_area=&#8221;post_content&#8221; sticky_enabled=&#8221;0&#8243;]<\/p>\n<p style=\"text-align: justify;\"><b>Int\u00e9rpretes mamaBanda<\/b><\/p>\n<p style=\"text-align: justify;\"><b>Director Musical: Josep Maria Bossa<\/b><\/p>\n<p style=\"text-align: justify;\">&#8211; <strong>Orquestra Sinf\u00f3nica Jop, Jove Orquestra de Ponent.<\/strong> Dir. Antonio Lajara.<\/p>\n<p style=\"text-align: justify;\">Viol\u00edn primero: Jardiel Rodellas Callot, Joan Carles P\u00e9rez Nicolau, Palmira Salvador Pereta.<\/p>\n<p style=\"text-align: justify;\">Viol\u00edn segundo: Marta Guash Vall\u00e9s, Marc Oliva Vallabriga, S\u00edlvia Peret Horrach, Marta Fuster Beneded.<\/p>\n<p style=\"text-align: justify;\">Viola: Alba Babot Al\u00f2s, Albert Dalmases Par\u00eds.<\/p>\n<p style=\"text-align: justify;\">Violoncelo: Llu\u00eds Surroca Prunera, Rub\u00e9n Colomer Vallejo.<\/p>\n<p style=\"text-align: justify;\">Clarinete: Albert Sol\u00e9 Calduch.<\/p>\n<p style=\"text-align: justify;\">Tromb\u00f3n: Ivan Colomer Vallejo.<\/p>\n<div>\n<p><b><\/b>&#8211; <strong>Orquestra Simf\u00f2nica Conservatori L&#8217;Int\u00e8rpret.<\/strong><\/p>\n<p>Dir. Alfons P\u00e9rez<\/p>\n<p>Viol\u00edn primero: Gen\u00eds Gilbert Par\u00e9s, Irene Herrera Porta, Tuixent Mitjans Tres\u00e1nchez, Alba Peralta Carretero, Alfons P\u00e9rez Mart\u00edn.<\/p>\n<p>Viol\u00edn segundo: Txell Balcells Bordes, Aina Mons\u00f3 Laplaza, Blau Sendr\u00f3s Monta\u00f1a<\/p>\n<p>Viola: Judith Lacalle Gili, Anna Sim\u00f3n Masot<\/p>\n<p>Violoncelo: Aina P\u00e9rez Ramos.<\/p>\n<p>&#8211; <strong>MamaBanda<\/strong><\/p>\n<p>Dir. Josep Maria Bossa<\/p>\n<p>Voces: David Honrubia, Irene Oliv\u00e9, Paula Costes, Laura Roure, Lidia Alberich, Maria Fern\u00e1ndez, Nom\u00eds Lenam.<\/p>\n<p>Vocal Coach: Irene Oliv\u00e9<\/p>\n<p>Piano y guitarras: Josep Mar\u00eda Bossa.<\/p>\n<p>Teclista y guitarras: Llu\u00eds Paris\u00e9.<\/p>\n<p>Sax\u00f3fono: V\u00edctor Alba<\/p>\n<p>Colaboraci\u00f3n saxo: Dr. Jos\u00e9 Lu\u00eds Morales Rull<\/p>\n<p>Trompeta: Gregori Satorres i Wifredo Terrades<\/p>\n<p>Tromb\u00f3n: \u00d2scar Canosa i Iv\u00e1n Colomer<\/p>\n<p>Flauta travesera: Sara Escudero<\/p>\n<p>Guitarra: Abel Serra<\/p>\n<p>Bajo y contrabajo: Artemi Agr\u00e0s<\/p>\n<p>Bater\u00eda y percusi\u00f3n: Isidre Ru\u00edz<\/p>\n<p>Percusi\u00f3n latina: Luis Alfonso Guerra &#8220;Luisito&#8221;<\/p>\n<p>Arreglos: Jose Ram\u00f3n Madrid<\/p>\n<p>&nbsp;<\/p>\n<p>Direcci\u00f3n Coreograf\u00eda: V\u00edctor Rodrigo<\/p>\n<p>Bailarines: Tania Palomeque, Marina Calvo i Sergi Corominas<\/p>\n<p>Actores mamART: Joan Bellostas, Cl\u00e0udia Sol\u00e9 i Ramon Pera.<\/p>\n<p>&nbsp;<\/p>\n<p>ORGANITZACI\u00d3N mamaTeam<\/p>\n<p>Ideaci\u00f3n y direcci\u00f3n ejecutiva y esc\u00e9nica: Manel Simon &amp; Nom\u00eds Lanam.<\/p>\n<p>Direcci\u00f3n musical: Josep Maria Bossa<\/p>\n<p>Direcci\u00f3n t\u00e9cnica: Alfons P\u00e9rez<\/p>\n<p>Direcci\u00f3n coreogr\u00e1fica: V\u00edctor Rodrigo<\/p>\n<p>Log\u00edstica y protocolo: Marta Massot<\/p>\n<p>Ticketing: Marta Massot &amp; 4Tickets<\/p>\n<p>Sonorizaci\u00f3n e iluminaci\u00f3n: Marc Vidal<\/p>\n<p>Dise\u00f1o gr\u00e1fico: Jordi Massip<\/p>\n<p>Prensa\u00a0 y comunicaci\u00f3n: Gina Raymat i Jes\u00fas Riverola.<\/p>\n<p>Web services: Albert Mart\u00edn<\/p>\n<p>Videoproducci\u00f3n: Jaume Sans<\/p>\n<p>Fotograf\u00eda: David del Val<\/p>\n<p>Estilismo: Georgina Sim\u00f3n &amp; N\u00faria Gonz\u00e1lez<\/p>\n<p>Maquillaje: Sara Buira<\/p>\n<p>Peluquer\u00eda: Montse Falc\u00f3n<\/p>\n<p>Comunity manager XXSS: Rosa Exp\u00f3sito<\/p>\n<p>Relaciones p\u00fablicas: Manel Tahull<\/p>\n<p>Marqueting y contenidos: Mamapop<\/p>\n<p>Realizaci\u00f3n audiovisual: Pol Simon<\/p>\n<p>Asistente producci\u00f3n: Mart\u00ed Sim\u00f3n i Pol Stein<\/p>\n<p>Asistente escenario: Jordi Mateu<\/p>\n<p>Regidor\u00eda escenario: Elna Clua<\/p>\n<p>La mama, la inspiraci\u00f3n: Digna Torres [a la terra], Anna Barbero [al cel].<\/p>\n<p>&nbsp;<\/p>\n<p>Presentaci\u00f3n espect\u00e1culo: Manel Tahull, Gina Raymat i Mari Luz Jim\u00e9nez.<\/p>\n<\/div>\n<p>[\/et_pb_text][\/et_pb_column][\/et_pb_row][\/et_pb_section]<\/p>\n","protected":false},"excerpt":{"rendered":"<p>Diciembre 2022<\/p>\n","protected":false},"author":2,"featured_media":4203,"comment_status":"open","ping_status":"closed","template":"","meta":{"_et_pb_use_builder":"on","_et_pb_old_content":"","_et_gb_content_width":"","footnotes":""},"project_category":[46],"project_tag":[430],"class_list":["post-4222","project","type-project","status-publish","has-post-thumbnail","hentry","project_category-coreografo-2","project_tag-esp"],"_links":{"self":[{"href":"http:\/\/victor-rodrigo.com\/vrodrigo\/wp-json\/wp\/v2\/project\/4222","targetHints":{"allow":["GET"]}}],"collection":[{"href":"http:\/\/victor-rodrigo.com\/vrodrigo\/wp-json\/wp\/v2\/project"}],"about":[{"href":"http:\/\/victor-rodrigo.com\/vrodrigo\/wp-json\/wp\/v2\/types\/project"}],"author":[{"embeddable":true,"href":"http:\/\/victor-rodrigo.com\/vrodrigo\/wp-json\/wp\/v2\/users\/2"}],"replies":[{"embeddable":true,"href":"http:\/\/victor-rodrigo.com\/vrodrigo\/wp-json\/wp\/v2\/comments?post=4222"}],"version-history":[{"count":5,"href":"http:\/\/victor-rodrigo.com\/vrodrigo\/wp-json\/wp\/v2\/project\/4222\/revisions"}],"predecessor-version":[{"id":4637,"href":"http:\/\/victor-rodrigo.com\/vrodrigo\/wp-json\/wp\/v2\/project\/4222\/revisions\/4637"}],"wp:featuredmedia":[{"embeddable":true,"href":"http:\/\/victor-rodrigo.com\/vrodrigo\/wp-json\/wp\/v2\/media\/4203"}],"wp:attachment":[{"href":"http:\/\/victor-rodrigo.com\/vrodrigo\/wp-json\/wp\/v2\/media?parent=4222"}],"wp:term":[{"taxonomy":"project_category","embeddable":true,"href":"http:\/\/victor-rodrigo.com\/vrodrigo\/wp-json\/wp\/v2\/project_category?post=4222"},{"taxonomy":"project_tag","embeddable":true,"href":"http:\/\/victor-rodrigo.com\/vrodrigo\/wp-json\/wp\/v2\/project_tag?post=4222"}],"curies":[{"name":"wp","href":"https:\/\/api.w.org\/{rel}","templated":true}]}}

<p>[et_pb_section fb_built=&#8221;1&#8243; _builder_version=&#8221;4.16&#8243; background_color=&#8221;rgba(0,0,0,0)&#8221; custom_padding=&#8221;50px|||&#8221; top_divider_color=&#8221;#ff935e&#8221; top_divider_height=&#8221;40px&#8221; da_disable_devices=&#8221;off|off|off&#8221; global_colors_info=&#8221;{}&#8221; theme_builder_area=&#8221;post_content&#8221; da_is_popup=&#8221;off&#8221; da_exit_intent=&#8221;off&#8221; da_has_close=&#8221;on&#8221; da_alt_close=&#8221;off&#8221; da_dark_close=&#8221;off&#8221; da_not_modal=&#8221;on&#8221; da_is_singular=&#8221;off&#8221; da_with_loader=&#8221;off&#8221; da_has_shadow=&#8221;on&#8221;][et_pb_row column_structure=&#8221;1_2,1_2&#8243; _builder_version=&#8221;4.16&#8243; background_size=&#8221;initial&#8221; background_position=&#8221;top_left&#8221; background_repeat=&#8221;repeat&#8221; global_colors_info=&#8221;{}&#8221; theme_builder_area=&#8221;post_content&#8221;][et_pb_column type=&#8221;1_2&#8243; _builder_version=&#8221;4.16&#8243; custom_padding=&#8221;|||&#8221; global_colors_info=&#8221;{}&#8221; custom_padding__hover=&#8221;|||&#8221; theme_builder_area=&#8221;post_content&#8221;][et_pb_image src=&#8221;http://victor-rodrigo.com/vrodrigo/wp-content/uploads/2022/12/e0f7bfb5-201a-4303-8e95-d9bd07e7f1ab.jpg&#8221; title_text=&#8221;Cartell_horitzontal_cen&#8221; _builder_version=&#8221;4.16&#8243; _module_preset=&#8221;default&#8221; global_colors_info=&#8221;{}&#8221; theme_builder_area=&#8221;post_content&#8221;][/et_pb_image][/et_pb_column][et_pb_column type=&#8221;1_2&#8243; _builder_version=&#8221;4.16&#8243; custom_padding=&#8221;|||&#8221; global_colors_info=&#8221;{}&#8221; custom_padding__hover=&#8221;|||&#8221; theme_builder_area=&#8221;post_content&#8221;][et_pb_gallery gallery_ids=&#8221;4199,4200,4203&#8243; gallery_orderby=&#8221;rand&#8221; fullwidth=&#8221;on&#8221; _builder_version=&#8221;4.16&#8243; _module_preset=&#8221;default&#8221; auto=&#8221;on&#8221; global_colors_info=&#8221;{}&#8221; theme_builder_area=&#8221;post_content&#8221;][/et_pb_gallery][et_pb_video_slider _builder_version=&#8221;4.16&#8243; _module_preset=&#8221;default&#8221; global_colors_info=&#8221;{}&#8221; theme_builder_area=&#8221;post_content&#8221;][et_pb_video_slider_item admin_title=&#8221;Mamapop 1&#8243; src=&#8221;http://victor-rodrigo.com/vrodrigo/wp-content/uploads/2022/12/3e103cc4-4696-4ebd-af9b-1c4ea49901a8.mp4&#8243; image_src=&#8221;http://victor-rodrigo.com/vrodrigo/wp-content/uploads/2022/12/Captura-de-Pantalla-2022-12-07-a-les-13.42.36.png&#8221; _builder_version=&#8221;4.5.6&#8243; _module_preset=&#8221;default&#8221; global_colors_info=&#8221;{}&#8221; theme_builder_area=&#8221;post_content&#8221; show_image_overlay=&#8221;off&#8221;][/et_pb_video_slider_item][et_pb_video_slider_item admin_title=&#8221;Mamapop 2&#8243; src=&#8221;http://victor-rodrigo.com/vrodrigo/wp-content/uploads/2022/12/8ed8e9de-b169-4df3-84fe-fd999b4dbe0e.mp4&#8243; image_src=&#8221;http://victor-rodrigo.com/vrodrigo/wp-content/uploads/2022/12/Captura-de-Pantalla-2022-12-07-a-les-13.43.06.png&#8221; _builder_version=&#8221;4.5.6&#8243; _module_preset=&#8221;default&#8221; global_colors_info=&#8221;{}&#8221; theme_builder_area=&#8221;post_content&#8221; show_image_overlay=&#8221;off&#8221;][/et_pb_video_slider_item][et_pb_video_slider_item admin_title=&#8221;Mamapop 2&#8243; src=&#8221;http://victor-rodrigo.com/vrodrigo/wp-content/uploads/2022/12/9aab83fb-d6ac-44d2-8989-66aefcbf278c.mp4&#8243; image_src=&#8221;http://victor-rodrigo.com/vrodrigo/wp-content/uploads/2022/12/Captura-de-Pantalla-2022-12-07-a-les-13.43.59.png&#8221; _builder_version=&#8221;4.5.6&#8243; _module_preset=&#8221;default&#8221; global_colors_info=&#8221;{}&#8221; theme_builder_area=&#8221;post_content&#8221; show_image_overlay=&#8221;off&#8221;][/et_pb_video_slider_item][et_pb_video_slider_item admin_title=&#8221;Mamapop 4&#8243; src=&#8221;http://victor-rodrigo.com/vrodrigo/wp-content/uploads/2022/12/4162c210-911e-452a-9b80-7642e2e89e1c.mp4&#8243; image_src=&#8221;http://victor-rodrigo.com/vrodrigo/wp-content/uploads/2022/12/Captura-de-Pantalla-2022-12-07-a-les-13.44.18.png&#8221; _builder_version=&#8221;4.5.6&#8243; _module_preset=&#8221;default&#8221; global_colors_info=&#8221;{}&#8221; theme_builder_area=&#8221;post_content&#8221; show_image_overlay=&#8221;off&#8221;][/et_pb_video_slider_item][et_pb_video_slider_item admin_title=&#8221;Mamapop 5&#8243; src=&#8221;http://victor-rodrigo.com/vrodrigo/wp-content/uploads/2022/12/9817513c-eedd-4fdd-9817-d9ed8d0b8a17.mp4&#8243; image_src=&#8221;http://victor-rodrigo.com/vrodrigo/wp-content/uploads/2022/12/Captura-de-Pantalla-2022-12-07-a-les-13.44.59.png&#8221; _builder_version=&#8221;4.5.6&#8243; _module_preset=&#8221;default&#8221; global_colors_info=&#8221;{}&#8221; theme_builder_area=&#8221;post_content&#8221; show_image_overlay=&#8221;off&#8221;][/et_pb_video_slider_item][et_pb_video_slider_item admin_title=&#8221;Mamapop 6&#8243; src=&#8221;http://victor-rodrigo.com/vrodrigo/wp-content/uploads/2022/12/a49e53f7-05db-439e-b8ec-7539c1bc6aa7.mp4&#8243; image_src=&#8221;http://victor-rodrigo.com/vrodrigo/wp-content/uploads/2022/12/Captura-de-Pantalla-2022-12-07-a-les-13.45.30.png&#8221; _builder_version=&#8221;4.5.6&#8243; _module_preset=&#8221;default&#8221; global_colors_info=&#8221;{}&#8221; theme_builder_area=&#8221;post_content&#8221; show_image_overlay=&#8221;off&#8221;][/et_pb_video_slider_item][/et_pb_video_slider][/et_pb_column][/et_pb_row][et_pb_row _builder_version=&#8221;4.16&#8243; _module_preset=&#8221;default&#8221; global_colors_info=&#8221;{}&#8221; theme_builder_area=&#8221;post_content&#8221;][et_pb_column type=&#8221;4_4&#8243; _builder_version=&#8221;4.16&#8243; _module_preset=&#8221;default&#8221; global_colors_info=&#8221;{}&#8221; theme_builder_area=&#8221;post_content&#8221;][et_pb_text _builder_version=&#8221;4.27.4&#8243; hover_enabled=&#8221;0&#8243; global_colors_info=&#8221;{}&#8221; theme_builder_area=&#8221;post_content&#8221; sticky_enabled=&#8221;0&#8243;]</p>
<p style="text-align: justify;"><b>Intérpretes mamaBanda</b></p>
<p style="text-align: justify;"><b>Director Musical: Josep Maria Bossa</b></p>
<p style="text-align: justify;">&#8211; <strong>Orquestra Sinfónica Jop, Jove Orquestra de Ponent.</strong> Dir. Antonio Lajara.</p>
<p style="text-align: justify;">Violín primero: Jardiel Rodellas Callot, Joan Carles Pérez Nicolau, Palmira Salvador Pereta.</p>
<p style="text-align: justify;">Violín segundo: Marta Guash Vallés, Marc Oliva Vallabriga, Sílvia Peret Horrach, Marta Fuster Beneded.</p>
<p style="text-align: justify;">Viola: Alba Babot Alòs, Albert Dalmases París.</p>
<p style="text-align: justify;">Violoncelo: Lluís Surroca Prunera, Rubén Colomer Vallejo.</p>
<p style="text-align: justify;">Clarinete: Albert Solé Calduch.</p>
<p style="text-align: justify;">Trombón: Ivan Colomer Vallejo.</p>
<div>
<p><b></b>&#8211; <strong>Orquestra Simfònica Conservatori L&#8217;Intèrpret.</strong></p>
<p>Dir. Alfons Pérez</p>
<p>Violín primero: Genís Gilbert Parés, Irene Herrera Porta, Tuixent Mitjans Tresánchez, Alba Peralta Carretero, Alfons Pérez Martín.</p>
<p>Violín segundo: Txell Balcells Bordes, Aina Monsó Laplaza, Blau Sendrós Montaña</p>
<p>Viola: Judith Lacalle Gili, Anna Simón Masot</p>
<p>Violoncelo: Aina Pérez Ramos.</p>
<p>&#8211; <strong>MamaBanda</strong></p>
<p>Dir. Josep Maria Bossa</p>
<p>Voces: David Honrubia, Irene Olivé, Paula Costes, Laura Roure, Lidia Alberich, Maria Fernández, Nomís Lenam.</p>
<p>Vocal Coach: Irene Olivé</p>
<p>Piano y guitarras: Josep María Bossa.</p>
<p>Teclista y guitarras: Lluís Parisé.</p>
<p>Saxófono: Víctor Alba</p>
<p>Colaboración saxo: Dr. José Luís Morales Rull</p>
<p>Trompeta: Gregori Satorres i Wifredo Terrades</p>
<p>Trombón: Òscar Canosa i Iván Colomer</p>
<p>Flauta travesera: Sara Escudero</p>
<p>Guitarra: Abel Serra</p>
<p>Bajo y contrabajo: Artemi Agràs</p>
<p>Batería y percusión: Isidre Ruíz</p>
<p>Percusión latina: Luis Alfonso Guerra &#8220;Luisito&#8221;</p>
<p>Arreglos: Jose Ramón Madrid</p>
<p>&nbsp;</p>
<p>Dirección Coreografía: Víctor Rodrigo</p>
<p>Bailarines: Tania Palomeque, Marina Calvo i Sergi Corominas</p>
<p>Actores mamART: Joan Bellostas, Clàudia Solé i Ramon Pera.</p>
<p>&nbsp;</p>
<p>ORGANITZACIÓN mamaTeam</p>
<p>Ideación y dirección ejecutiva y escénica: Manel Simon &amp; Nomís Lanam.</p>
<p>Dirección musical: Josep Maria Bossa</p>
<p>Dirección técnica: Alfons Pérez</p>
<p>Dirección coreográfica: Víctor Rodrigo</p>
<p>Logística y protocolo: Marta Massot</p>
<p>Ticketing: Marta Massot &amp; 4Tickets</p>
<p>Sonorización e iluminación: Marc Vidal</p>
<p>Diseño gráfico: Jordi Massip</p>
<p>Prensa  y comunicación: Gina Raymat i Jesús Riverola.</p>
<p>Web services: Albert Martín</p>
<p>Videoproducción: Jaume Sans</p>
<p>Fotografía: David del Val</p>
<p>Estilismo: Georgina Simón &amp; Núria González</p>
<p>Maquillaje: Sara Buira</p>
<p>Peluquería: Montse Falcón</p>
<p>Comunity manager XXSS: Rosa Expósito</p>
<p>Relaciones públicas: Manel Tahull</p>
<p>Marqueting y contenidos: Mamapop</p>
<p>Realización audiovisual: Pol Simon</p>
<p>Asistente producción: Martí Simón i Pol Stein</p>
<p>Asistente escenario: Jordi Mateu</p>
<p>Regidoría escenario: Elna Clua</p>
<p>La mama, la inspiración: Digna Torres [a la terra], Anna Barbero [al cel].</p>
<p>&nbsp;</p>
<p>Presentación espectáculo: Manel Tahull, Gina Raymat i Mari Luz Jiménez.</p>
</div>
<p>[/et_pb_text][/et_pb_column][/et_pb_row][/et_pb_section]</p>
