{"id":4425,"date":"2011-11-28T12:13:00","date_gmt":"2011-11-28T12:13:00","guid":{"rendered":"http:\/\/victor-rodrigo.com\/vrodrigo\/?post_type=project&#038;p=4425"},"modified":"2025-01-17T16:16:35","modified_gmt":"2025-01-17T16:16:35","slug":"barcelona-ciutat-neutral-2","status":"publish","type":"project","link":"http:\/\/victor-rodrigo.com\/vrodrigo\/project\/barcelona-ciutat-neutral-2\/","title":{"rendered":"BARCELONA CIUTAT NEUTRAL"},"content":{"rendered":"<p>[et_pb_section fb_built=&#8221;1&#8243; _builder_version=&#8221;4.5.6&#8243; background_color=&#8221;rgba(0,0,0,0)&#8221; custom_padding=&#8221;50px|||&#8221; top_divider_color=&#8221;#ff935e&#8221; top_divider_height=&#8221;40px&#8221; da_disable_devices=&#8221;off|off|off&#8221; da_is_popup=&#8221;off&#8221; da_exit_intent=&#8221;off&#8221; da_has_close=&#8221;on&#8221; da_alt_close=&#8221;off&#8221; da_dark_close=&#8221;off&#8221; da_not_modal=&#8221;on&#8221; da_is_singular=&#8221;off&#8221; da_with_loader=&#8221;off&#8221; da_has_shadow=&#8221;on&#8221;][et_pb_row column_structure=&#8221;1_2,1_2&#8243; _builder_version=&#8221;3.25&#8243; background_size=&#8221;initial&#8221; background_position=&#8221;top_left&#8221; background_repeat=&#8221;repeat&#8221;][et_pb_column type=&#8221;1_2&#8243; _builder_version=&#8221;3.25&#8243; custom_padding=&#8221;|||&#8221; custom_padding__hover=&#8221;|||&#8221;][et_pb_gallery gallery_ids=&#8221;3780,3778,3783,474,473&#8243; fullwidth=&#8221;on&#8221; hover_icon=&#8221;%%47%%&#8221; _builder_version=&#8221;4.5.6&#8243; caption_all_caps=&#8221;off&#8221; use_border_color=&#8221;off&#8221; border_color=&#8221;#ffffff&#8221; border_style=&#8221;solid&#8221;][\/et_pb_gallery][et_pb_video_slider show_image_overlay=&#8221;on&#8221; controls_color=&#8221;light&#8221; _builder_version=&#8221;4.5.6&#8243;][et_pb_video_slider_item admin_title=&#8221;Serie&#8221; src=&#8221;http:\/\/victor-rodrigo.com\/vrodrigo\/wp-content\/uploads\/2021\/02\/Barcelona-Ciutat-Neutral-coreo.mp4&#8243; image_src=&#8221;http:\/\/victor-rodrigo.com\/vrodrigo\/wp-content\/uploads\/2021\/02\/Captura-de-Pantalla-2021-02-08-a-les-13.32.02.png&#8221; _builder_version=&#8221;4.5.6&#8243; _module_preset=&#8221;default&#8221; show_image_overlay=&#8221;on&#8221;][\/et_pb_video_slider_item][et_pb_video_slider_item admin_title=&#8221;Presentaci\u00f3&#8221; src=&#8221;https:\/\/youtu.be\/tzz2r8T701s&#8221; _builder_version=&#8221;4.5.6&#8243; show_image_overlay=&#8221;on&#8221;][\/et_pb_video_slider_item][\/et_pb_video_slider][\/et_pb_column][et_pb_column type=&#8221;1_2&#8243; _builder_version=&#8221;3.25&#8243; custom_padding=&#8221;|||&#8221; custom_padding__hover=&#8221;|||&#8221;][et_pb_text _builder_version=&#8221;4.5.6&#8243; hover_enabled=&#8221;0&#8243;]<\/p>\n<p class=\"tw-data-text tw-text-large tw-ta\" data-placeholder=\"Traducci\u00f3\" id=\"tw-target-text\" aria-label=\"Text tradu\u00eft\" data-ved=\"2ahUKEwjz77Lb09OHAxUoRaQEHRODKW0Q3ewLegQIExAU\" dir=\"ltr\"><strong><span class=\"Y2IQFc\" lang=\"en\">Choreographer of the series Barcelona Ciutat Neutral, TV3 miniseries directed by S\u00f2nia S\u00e0nchez.<\/span><\/strong><\/p>\n<p style=\"text-align: justify;\"><span>The Barcelona of 1914 is the environment in which our history takes place. The urban and cosmopolitan atmosphere of the official and bourgeois centers intermingles with the rural world, which penetrates to the very heart of the city, the markets, the streets, the dock&#8230;<\/span><\/p>\n<p class=\"tw-data-text tw-text-large tw-ta\" data-placeholder=\"Traducci\u00f3\" id=\"tw-target-text\" aria-label=\"Text tradu\u00eft\" data-ved=\"2ahUKEwjz77Lb09OHAxUoRaQEHRODKW0Q3ewLegQIExAU\" dir=\"ltr\"><span class=\"Y2IQFc\" lang=\"en\">A city in continuous transformation, which is sought after, just like our characters. The hustle and bustle of Barceloneta and the traffic of fishermen, passengers and goods from the port and the docks; the Gothic quarter and the atmosphere of the old part with the Boqueria market as the epicenter of life; the atmosphere of Paral\u00b7lel, with its cabarets, casinos and the hubbub of the farandula, the modernist buildings of Gaud\u00ed and his disciples are the scenery where our history is woven. That is why the rhythm of our narrative also has the pulse of restlessness and agitation.<\/span><\/p>\n<p><strong>Xesc Barcel\u00f3, Jaume Mateu, Agust\u00ed Mezquida and S\u00f2nia S\u00e1nchez<\/strong><\/p>\n<div><\/div>\n<p>[\/et_pb_text][\/et_pb_column][\/et_pb_row][\/et_pb_section]<\/p>\n","protected":false},"excerpt":{"rendered":"<p>2011<\/p>\n","protected":false},"author":2,"featured_media":3783,"comment_status":"open","ping_status":"closed","template":"","meta":{"_et_pb_use_builder":"on","_et_pb_old_content":"","_et_gb_content_width":"","footnotes":""},"project_category":[421],"project_tag":[431],"class_list":["post-4425","project","type-project","status-publish","has-post-thumbnail","hentry","project_category-choreographer","project_tag-eng"],"_links":{"self":[{"href":"http:\/\/victor-rodrigo.com\/vrodrigo\/wp-json\/wp\/v2\/project\/4425","targetHints":{"allow":["GET"]}}],"collection":[{"href":"http:\/\/victor-rodrigo.com\/vrodrigo\/wp-json\/wp\/v2\/project"}],"about":[{"href":"http:\/\/victor-rodrigo.com\/vrodrigo\/wp-json\/wp\/v2\/types\/project"}],"author":[{"embeddable":true,"href":"http:\/\/victor-rodrigo.com\/vrodrigo\/wp-json\/wp\/v2\/users\/2"}],"replies":[{"embeddable":true,"href":"http:\/\/victor-rodrigo.com\/vrodrigo\/wp-json\/wp\/v2\/comments?post=4425"}],"version-history":[{"count":2,"href":"http:\/\/victor-rodrigo.com\/vrodrigo\/wp-json\/wp\/v2\/project\/4425\/revisions"}],"predecessor-version":[{"id":4428,"href":"http:\/\/victor-rodrigo.com\/vrodrigo\/wp-json\/wp\/v2\/project\/4425\/revisions\/4428"}],"wp:featuredmedia":[{"embeddable":true,"href":"http:\/\/victor-rodrigo.com\/vrodrigo\/wp-json\/wp\/v2\/media\/3783"}],"wp:attachment":[{"href":"http:\/\/victor-rodrigo.com\/vrodrigo\/wp-json\/wp\/v2\/media?parent=4425"}],"wp:term":[{"taxonomy":"project_category","embeddable":true,"href":"http:\/\/victor-rodrigo.com\/vrodrigo\/wp-json\/wp\/v2\/project_category?post=4425"},{"taxonomy":"project_tag","embeddable":true,"href":"http:\/\/victor-rodrigo.com\/vrodrigo\/wp-json\/wp\/v2\/project_tag?post=4425"}],"curies":[{"name":"wp","href":"https:\/\/api.w.org\/{rel}","templated":true}]}}

<p>[et_pb_section fb_built=&#8221;1&#8243; _builder_version=&#8221;4.5.6&#8243; background_color=&#8221;rgba(0,0,0,0)&#8221; custom_padding=&#8221;50px|||&#8221; top_divider_color=&#8221;#ff935e&#8221; top_divider_height=&#8221;40px&#8221; da_disable_devices=&#8221;off|off|off&#8221; da_is_popup=&#8221;off&#8221; da_exit_intent=&#8221;off&#8221; da_has_close=&#8221;on&#8221; da_alt_close=&#8221;off&#8221; da_dark_close=&#8221;off&#8221; da_not_modal=&#8221;on&#8221; da_is_singular=&#8221;off&#8221; da_with_loader=&#8221;off&#8221; da_has_shadow=&#8221;on&#8221;][et_pb_row column_structure=&#8221;1_2,1_2&#8243; _builder_version=&#8221;3.25&#8243; background_size=&#8221;initial&#8221; background_position=&#8221;top_left&#8221; background_repeat=&#8221;repeat&#8221;][et_pb_column type=&#8221;1_2&#8243; _builder_version=&#8221;3.25&#8243; custom_padding=&#8221;|||&#8221; custom_padding__hover=&#8221;|||&#8221;][et_pb_gallery gallery_ids=&#8221;3780,3778,3783,474,473&#8243; fullwidth=&#8221;on&#8221; hover_icon=&#8221;%%47%%&#8221; _builder_version=&#8221;4.5.6&#8243; caption_all_caps=&#8221;off&#8221; use_border_color=&#8221;off&#8221; border_color=&#8221;#ffffff&#8221; border_style=&#8221;solid&#8221;][/et_pb_gallery][et_pb_video_slider show_image_overlay=&#8221;on&#8221; controls_color=&#8221;light&#8221; _builder_version=&#8221;4.5.6&#8243;][et_pb_video_slider_item admin_title=&#8221;Serie&#8221; src=&#8221;http://victor-rodrigo.com/vrodrigo/wp-content/uploads/2021/02/Barcelona-Ciutat-Neutral-coreo.mp4&#8243; image_src=&#8221;http://victor-rodrigo.com/vrodrigo/wp-content/uploads/2021/02/Captura-de-Pantalla-2021-02-08-a-les-13.32.02.png&#8221; _builder_version=&#8221;4.5.6&#8243; _module_preset=&#8221;default&#8221; show_image_overlay=&#8221;on&#8221;][/et_pb_video_slider_item][et_pb_video_slider_item admin_title=&#8221;Presentació&#8221; src=&#8221;https://youtu.be/tzz2r8T701s&#8221; _builder_version=&#8221;4.5.6&#8243; show_image_overlay=&#8221;on&#8221;][/et_pb_video_slider_item][/et_pb_video_slider][/et_pb_column][et_pb_column type=&#8221;1_2&#8243; _builder_version=&#8221;3.25&#8243; custom_padding=&#8221;|||&#8221; custom_padding__hover=&#8221;|||&#8221;][et_pb_text _builder_version=&#8221;4.5.6&#8243; hover_enabled=&#8221;0&#8243;]</p>
<p class="tw-data-text tw-text-large tw-ta" data-placeholder="Traducció" id="tw-target-text" aria-label="Text traduït" data-ved="2ahUKEwjz77Lb09OHAxUoRaQEHRODKW0Q3ewLegQIExAU" dir="ltr"><strong><span class="Y2IQFc" lang="en">Choreographer of the series Barcelona Ciutat Neutral, TV3 miniseries directed by Sònia Sànchez.</span></strong></p>
<p style="text-align: justify;"><span>The Barcelona of 1914 is the environment in which our history takes place. The urban and cosmopolitan atmosphere of the official and bourgeois centers intermingles with the rural world, which penetrates to the very heart of the city, the markets, the streets, the dock&#8230;</span></p>
<p class="tw-data-text tw-text-large tw-ta" data-placeholder="Traducció" id="tw-target-text" aria-label="Text traduït" data-ved="2ahUKEwjz77Lb09OHAxUoRaQEHRODKW0Q3ewLegQIExAU" dir="ltr"><span class="Y2IQFc" lang="en">A city in continuous transformation, which is sought after, just like our characters. The hustle and bustle of Barceloneta and the traffic of fishermen, passengers and goods from the port and the docks; the Gothic quarter and the atmosphere of the old part with the Boqueria market as the epicenter of life; the atmosphere of Paral·lel, with its cabarets, casinos and the hubbub of the farandula, the modernist buildings of Gaudí and his disciples are the scenery where our history is woven. That is why the rhythm of our narrative also has the pulse of restlessness and agitation.</span></p>
<p><strong>Xesc Barceló, Jaume Mateu, Agustí Mezquida and Sònia Sánchez</strong></p>
<div></div>
<p>[/et_pb_text][/et_pb_column][/et_pb_row][/et_pb_section]</p>
