{"id":801,"date":"2002-05-30T23:00:34","date_gmt":"2002-05-30T23:00:34","guid":{"rendered":"http:\/\/victor-rodrigo.com\/vrodrigo\/?post_type=project&#038;p=801"},"modified":"2025-01-17T16:55:29","modified_gmt":"2025-01-17T16:55:29","slug":"mort-a-venecia-2","status":"publish","type":"project","link":"http:\/\/victor-rodrigo.com\/vrodrigo\/project\/mort-a-venecia-2\/","title":{"rendered":"MORT A VEN\u00c8CIA"},"content":{"rendered":"\n[et_pb_section fb_built=&#8221;1&#8243; _builder_version=&#8221;4.5.6&#8243; background_color=&#8221;rgba(0,0,0,0)&#8221; custom_padding=&#8221;50px|||&#8221; top_divider_color=&#8221;#ff935e&#8221; top_divider_height=&#8221;40px&#8221; da_is_popup=&#8221;off&#8221; da_exit_intent=&#8221;off&#8221; da_has_close=&#8221;on&#8221; da_alt_close=&#8221;off&#8221; da_dark_close=&#8221;off&#8221; da_not_modal=&#8221;on&#8221; da_is_singular=&#8221;off&#8221; da_with_loader=&#8221;off&#8221; da_has_shadow=&#8221;on&#8221; da_disable_devices=&#8221;off|off|off&#8221;][et_pb_row column_structure=&#8221;1_2,1_2&#8243; _builder_version=&#8221;3.25&#8243; background_size=&#8221;initial&#8221; background_position=&#8221;top_left&#8221; background_repeat=&#8221;repeat&#8221;][et_pb_column type=&#8221;1_2&#8243; _builder_version=&#8221;3.25&#8243; custom_padding=&#8221;|||&#8221; custom_padding__hover=&#8221;|||&#8221;][et_pb_gallery gallery_ids=&#8221;653&#8243; fullwidth=&#8221;on&#8221; _builder_version=&#8221;3.0.87&#8243; caption_all_caps=&#8221;off&#8221; use_border_color=&#8221;off&#8221; border_color=&#8221;#ffffff&#8221; border_style=&#8221;solid&#8221;][\/et_pb_gallery][\/et_pb_column][et_pb_column type=&#8221;1_2&#8243; _builder_version=&#8221;3.25&#8243; custom_padding=&#8221;|||&#8221; custom_padding__hover=&#8221;|||&#8221;][et_pb_text _builder_version=&#8221;4.5.6&#8243; hover_enabled=&#8221;0&#8243;]<p><strong> Espectacle de la Companyia de Dansa Vincles dirigit per Mingo R\u00e0fols i amb la dramat\u00fargia de Guillem Clua. Adaptaci\u00f3 de la novel\u00b7la de Thomas Mann.<\/strong><\/p>\n<p>Amb aquest espectacle la CIA Vincles, assumeix l&#8217;ambici\u00f3s projecte de versionar la immortal obra de T. Mann per a l&#8217;escena. Motivats per abordar el text amb un llenguatge diferent i innovador, el teatre-dansa, aconsegueixen la fusi\u00f3 dels dos llenguatges esc\u00e8nics i generen una riquesa formal que multiplica les possibilitats esc\u00e8niques: dansa, text i m\u00fasica es complementen per assolir una creaci\u00f3 sorprenent. Parteixen dels trets b\u00e0sics de la hist\u00f2ria i la traslladen a un per\u00edode de temps inconcret i pr\u00f2xim a l&#8217;espectador. Els personatges es mouen en un entorn on conflueixen realitat sentiments, somnis i met\u00e0fores esc\u00e8niques.<\/p>\n<p>Estrenat a la Sala Muntaner (Barcelona).<\/p>\n<p>Coreografia: <strong>V\u00edctor Rodrigo<\/strong><\/p>\n<p>Direcci\u00f3 esc\u00e8nica: <strong>Mingo R\u00e1fols i V\u00edctor Rodrigo<\/strong><\/p>\n<p>M\u00fasica: <strong>Dani Espasa<\/strong><\/p>\n<div>\n<p><strong><\/strong><\/p>\n<\/div>\n[\/et_pb_text][\/et_pb_column][\/et_pb_row][et_pb_row _builder_version=&#8221;3.25&#8243; background_size=&#8221;initial&#8221; background_position=&#8221;top_left&#8221; background_repeat=&#8221;repeat&#8221;][et_pb_column type=&#8221;4_4&#8243; _builder_version=&#8221;3.25&#8243; custom_padding=&#8221;|||&#8221; custom_padding__hover=&#8221;|||&#8221;][et_pb_text _builder_version=&#8221;4.5.6&#8243; header_3_font=&#8221;|700|||on|||rgba(0,0,0,0)|&#8221; header_3_text_align=&#8221;left&#8221; header_3_text_color=&#8221;#48a9a6&#8243;]<h3>NOTICIES \/ CR\u00cdTIQUES<\/h3>[\/et_pb_text][et_pb_testimonial author=&#8221;RAMON OLIVER&#8221; url=&#8221;http:\/\/www.lavanguardia.com\/vida\/20180323\/441869279584\/projecte-ingenu-presenta-un-shakespeare-sin-palabras-en-vaig-ser-prosper.html&#8221; url_new_window=&#8221;on&#8221; portrait_url=&#8221;http:\/\/victor-rodrigo.com\/vrodrigo\/wp-content\/uploads\/2018\/03\/la-vanguardia-logo.png&#8221; quote_icon_color=&#8221;#ff935e&#8221; portrait_width=&#8221;110&#8243; portrait_height=&#8221;50&#8243; admin_label=&#8221;La Vanguardia&#8221; _builder_version=&#8221;4.5.6&#8243; background_color=&#8221;#48a9a6&#8243; text_orientation=&#8221;justified&#8221; border_radii_portrait=&#8221;on|15px|15px|15px|15px&#8221;]<p style=\"text-align: justify;\">Deja al p\u00fablico con una sonrisa de satisfacci\u00f3n. En primer lugar, por su contundente transparencia. Y es que se entiende todo (&#8230;) con un estilo directo, sencillo, lleno de sentimientos y de buen humor. Por mucho que nos encontremos por medio con las reflexiones de Mann sobre el arte, la belleza, el esfuerzo creativo, el amor y la muerte, el espect\u00e1culo opta por encima de todo por la claridad de lo que se cuenta.<\/p>[\/et_pb_testimonial][et_pb_testimonial author=&#8221;GONZALO P\u00c9REZ DE OLAGUER&#8221; company_name=&#8221;El Peri\u00f3dico de Catalunya&#8221; url=&#8221;http:\/\/www.elpuntavui.cat\/cultura\/article\/19-cultura\/1365560-shakespeare-ben-mut.html&#8221; url_new_window=&#8221;on&#8221; portrait_url=&#8221;http:\/\/victor-rodrigo.com\/vrodrigo\/wp-content\/uploads\/2021\/02\/el-periodico-de-catalunya-logo.jpg&#8221; quote_icon_color=&#8221;#ff935e&#8221; portrait_width=&#8221;110&#8243; portrait_height=&#8221;50&#8243; admin_label=&#8221;El Punt Avui&#8221; _builder_version=&#8221;4.5.6&#8243; background_color=&#8221;#48a9a6&#8243; text_orientation=&#8221;justified&#8221; border_radii_portrait=&#8221;on|15px|15px|15px|15px&#8221;]<p>Esta historia, que se explica con habilidad y sutileza, se refiere sobre todo al artista, a la crisis de creaci\u00f3n y a los sentimientos. No se ha tratado tanto de reproducir o recrear la novela de Mann, sino de proponer una lectura propia y original de \u00e9sta. Y este objetivo se consigue. Mort a Ven\u00e8cia es un bello espect\u00e1culo.<\/p>[\/et_pb_testimonial][\/et_pb_column][\/et_pb_row][\/et_pb_section]\n","protected":false},"excerpt":{"rendered":"<p>2002<\/p>\n","protected":false},"author":1,"featured_media":1464,"comment_status":"open","ping_status":"closed","template":"","meta":{"_et_pb_use_builder":"on","_et_pb_old_content":"","_et_gb_content_width":"","footnotes":""},"project_category":[18,17],"project_tag":[429],"class_list":["post-801","project","type-project","status-publish","has-post-thumbnail","hentry","project_category-ballari","project_category-coreografo","project_tag-cat"],"_links":{"self":[{"href":"http:\/\/victor-rodrigo.com\/vrodrigo\/wp-json\/wp\/v2\/project\/801","targetHints":{"allow":["GET"]}}],"collection":[{"href":"http:\/\/victor-rodrigo.com\/vrodrigo\/wp-json\/wp\/v2\/project"}],"about":[{"href":"http:\/\/victor-rodrigo.com\/vrodrigo\/wp-json\/wp\/v2\/types\/project"}],"author":[{"embeddable":true,"href":"http:\/\/victor-rodrigo.com\/vrodrigo\/wp-json\/wp\/v2\/users\/1"}],"replies":[{"embeddable":true,"href":"http:\/\/victor-rodrigo.com\/vrodrigo\/wp-json\/wp\/v2\/comments?post=801"}],"version-history":[{"count":16,"href":"http:\/\/victor-rodrigo.com\/vrodrigo\/wp-json\/wp\/v2\/project\/801\/revisions"}],"predecessor-version":[{"id":3999,"href":"http:\/\/victor-rodrigo.com\/vrodrigo\/wp-json\/wp\/v2\/project\/801\/revisions\/3999"}],"wp:featuredmedia":[{"embeddable":true,"href":"http:\/\/victor-rodrigo.com\/vrodrigo\/wp-json\/wp\/v2\/media\/1464"}],"wp:attachment":[{"href":"http:\/\/victor-rodrigo.com\/vrodrigo\/wp-json\/wp\/v2\/media?parent=801"}],"wp:term":[{"taxonomy":"project_category","embeddable":true,"href":"http:\/\/victor-rodrigo.com\/vrodrigo\/wp-json\/wp\/v2\/project_category?post=801"},{"taxonomy":"project_tag","embeddable":true,"href":"http:\/\/victor-rodrigo.com\/vrodrigo\/wp-json\/wp\/v2\/project_tag?post=801"}],"curies":[{"name":"wp","href":"https:\/\/api.w.org\/{rel}","templated":true}]}}

MORT A VENÈCIA

[et_pb_section fb_built=&#8221;1&#8243; _builder_version=&#8221;4.5.6&#8243; background_color=&#8221;rgba(0,0,0,0)&#8221; custom_padding=&#8221;50px|||&#8221; top_divider_color=&#8221;#ff935e&#8221; top_divider_height=&#8221;40px&#8221; da_is_popup=&#8221;off&#8221; da_exit_intent=&#8221;off&#8221; da_has_close=&#8221;on&#8221; da_alt_close=&#8221;off&#8221; da_dark_close=&#8221;off&#8221; da_not_modal=&#8221;on&#8221; da_is_singular=&#8221;off&#8221; da_with_loader=&#8221;off&#8221; da_has_shadow=&#8221;on&#8221; da_disable_devices=&#8221;off|off|off&#8221;][et_pb_row column_structure=&#8221;1_2,1_2&#8243; _builder_version=&#8221;3.25&#8243; background_size=&#8221;initial&#8221; background_position=&#8221;top_left&#8221; background_repeat=&#8221;repeat&#8221;][et_pb_column type=&#8221;1_2&#8243; _builder_version=&#8221;3.25&#8243; custom_padding=&#8221;|||&#8221; custom_padding__hover=&#8221;|||&#8221;][et_pb_gallery gallery_ids=&#8221;653&#8243; fullwidth=&#8221;on&#8221; _builder_version=&#8221;3.0.87&#8243; caption_all_caps=&#8221;off&#8221; use_border_color=&#8221;off&#8221; border_color=&#8221;#ffffff&#8221; border_style=&#8221;solid&#8221;][/et_pb_gallery][/et_pb_column][et_pb_column type=&#8221;1_2&#8243; _builder_version=&#8221;3.25&#8243; custom_padding=&#8221;|||&#8221; custom_padding__hover=&#8221;|||&#8221;][et_pb_text _builder_version=&#8221;4.5.6&#8243; hover_enabled=&#8221;0&#8243;]<p><strong> Espectacle de la Companyia de Dansa Vincles dirigit per Mingo Ràfols i amb la dramatúrgia de Guillem Clua. Adaptació de la novel·la de Thomas Mann.</strong></p>
<p>Amb aquest espectacle la CIA Vincles, assumeix l&#8217;ambiciós projecte de versionar la immortal obra de T. Mann per a l&#8217;escena. Motivats per abordar el text amb un llenguatge diferent i innovador, el teatre-dansa, aconsegueixen la fusió dels dos llenguatges escènics i generen una riquesa formal que multiplica les possibilitats escèniques: dansa, text i música es complementen per assolir una creació sorprenent. Parteixen dels trets bàsics de la història i la traslladen a un període de temps inconcret i pròxim a l&#8217;espectador. Els personatges es mouen en un entorn on conflueixen realitat sentiments, somnis i metàfores escèniques.</p>
<p>Estrenat a la Sala Muntaner (Barcelona).</p>
<p>Coreografia: <strong>Víctor Rodrigo</strong></p>
<p>Direcció escènica: <strong>Mingo Ráfols i Víctor Rodrigo</strong></p>
<p>Música: <strong>Dani Espasa</strong></p>
<div>
<p><strong></strong></p>
</div>
[/et_pb_text][/et_pb_column][/et_pb_row][et_pb_row _builder_version=&#8221;3.25&#8243; background_size=&#8221;initial&#8221; background_position=&#8221;top_left&#8221; background_repeat=&#8221;repeat&#8221;][et_pb_column type=&#8221;4_4&#8243; _builder_version=&#8221;3.25&#8243; custom_padding=&#8221;|||&#8221; custom_padding__hover=&#8221;|||&#8221;][et_pb_text _builder_version=&#8221;4.5.6&#8243; header_3_font=&#8221;|700|||on|||rgba(0,0,0,0)|&#8221; header_3_text_align=&#8221;left&#8221; header_3_text_color=&#8221;#48a9a6&#8243;]<h3>NOTICIES / CRÍTIQUES</h3>[/et_pb_text][et_pb_testimonial author=&#8221;RAMON OLIVER&#8221; url=&#8221;http://www.lavanguardia.com/vida/20180323/441869279584/projecte-ingenu-presenta-un-shakespeare-sin-palabras-en-vaig-ser-prosper.html&#8221; url_new_window=&#8221;on&#8221; portrait_url=&#8221;http://victor-rodrigo.com/vrodrigo/wp-content/uploads/2018/03/la-vanguardia-logo.png&#8221; quote_icon_color=&#8221;#ff935e&#8221; portrait_width=&#8221;110&#8243; portrait_height=&#8221;50&#8243; admin_label=&#8221;La Vanguardia&#8221; _builder_version=&#8221;4.5.6&#8243; background_color=&#8221;#48a9a6&#8243; text_orientation=&#8221;justified&#8221; border_radii_portrait=&#8221;on|15px|15px|15px|15px&#8221;]<p style="text-align: justify;">Deja al público con una sonrisa de satisfacción. En primer lugar, por su contundente transparencia. Y es que se entiende todo (&#8230;) con un estilo directo, sencillo, lleno de sentimientos y de buen humor. Por mucho que nos encontremos por medio con las reflexiones de Mann sobre el arte, la belleza, el esfuerzo creativo, el amor y la muerte, el espectáculo opta por encima de todo por la claridad de lo que se cuenta.</p>[/et_pb_testimonial][et_pb_testimonial author=&#8221;GONZALO PÉREZ DE OLAGUER&#8221; company_name=&#8221;El Periódico de Catalunya&#8221; url=&#8221;http://www.elpuntavui.cat/cultura/article/19-cultura/1365560-shakespeare-ben-mut.html&#8221; url_new_window=&#8221;on&#8221; portrait_url=&#8221;http://victor-rodrigo.com/vrodrigo/wp-content/uploads/2021/02/el-periodico-de-catalunya-logo.jpg&#8221; quote_icon_color=&#8221;#ff935e&#8221; portrait_width=&#8221;110&#8243; portrait_height=&#8221;50&#8243; admin_label=&#8221;El Punt Avui&#8221; _builder_version=&#8221;4.5.6&#8243; background_color=&#8221;#48a9a6&#8243; text_orientation=&#8221;justified&#8221; border_radii_portrait=&#8221;on|15px|15px|15px|15px&#8221;]<p>Esta historia, que se explica con habilidad y sutileza, se refiere sobre todo al artista, a la crisis de creación y a los sentimientos. No se ha tratado tanto de reproducir o recrear la novela de Mann, sino de proponer una lectura propia y original de ésta. Y este objetivo se consigue. Mort a Venècia es un bello espectáculo.</p>[/et_pb_testimonial][/et_pb_column][/et_pb_row][/et_pb_section]
