{"id":824,"date":"2000-01-28T00:09:08","date_gmt":"2000-01-28T00:09:08","guid":{"rendered":"http:\/\/victor-rodrigo.com\/vrodrigo\/?post_type=project&#038;p=824"},"modified":"2025-01-17T16:59:42","modified_gmt":"2025-01-17T16:59:42","slug":"vincles","status":"publish","type":"project","link":"http:\/\/victor-rodrigo.com\/vrodrigo\/project\/vincles\/","title":{"rendered":"VINCLES"},"content":{"rendered":"\n[et_pb_section fb_built=&#8221;1&#8243; _builder_version=&#8221;4.5.6&#8243; background_color=&#8221;rgba(0,0,0,0)&#8221; custom_padding=&#8221;50px|||&#8221; top_divider_color=&#8221;#ff935e&#8221; top_divider_height=&#8221;40px&#8221; da_is_popup=&#8221;off&#8221; da_exit_intent=&#8221;off&#8221; da_has_close=&#8221;on&#8221; da_alt_close=&#8221;off&#8221; da_dark_close=&#8221;off&#8221; da_not_modal=&#8221;on&#8221; da_is_singular=&#8221;off&#8221; da_with_loader=&#8221;off&#8221; da_has_shadow=&#8221;on&#8221; da_disable_devices=&#8221;off|off|off&#8221;][et_pb_row column_structure=&#8221;1_2,1_2&#8243; _builder_version=&#8221;3.25&#8243; background_size=&#8221;initial&#8221; background_position=&#8221;top_left&#8221; background_repeat=&#8221;repeat&#8221;][et_pb_column type=&#8221;1_2&#8243; _builder_version=&#8221;3.25&#8243; custom_padding=&#8221;|||&#8221; custom_padding__hover=&#8221;|||&#8221;][et_pb_gallery gallery_ids=&#8221;484&#8243; fullwidth=&#8221;on&#8221; hover_icon=&#8221;%%47%%&#8221; _builder_version=&#8221;3.0.87&#8243; caption_all_caps=&#8221;off&#8221; use_border_color=&#8221;off&#8221; border_color=&#8221;#ffffff&#8221; border_style=&#8221;solid&#8221;][\/et_pb_gallery][\/et_pb_column][et_pb_column type=&#8221;1_2&#8243; _builder_version=&#8221;3.25&#8243; custom_padding=&#8221;|||&#8221; custom_padding__hover=&#8221;|||&#8221;][et_pb_text _builder_version=&#8221;4.5.6&#8243; hover_enabled=&#8221;0&#8243;]<p><strong>M\u00e9s d&#8217;un any de rodatge per Catalunya i 40 funcions a Barcelona (Artenbrut i Sala Beckett)<\/strong><\/p>\n<p>Es va tractar d&#8217;un \u00e8xit sense precedents en el panorama de la dansa a Barcelona. Aclamat pel p\u00fablic i elogiat per la cr\u00edtica, reconcilia el gran p\u00fablic amb la dansa, li arrenca un somriure c\u00f2mplice i l&#8217;invita, a ritme de jazz, a reflexionar sobre temes quotidians: la passi\u00f3 pel caf\u00e8, l&#8217;homosexualitat, l&#8217;\u00fas del m\u00f2bil, la viol\u00e8ncia, els llibres o la mort.<\/p>\n<p>Gui\u00f3 i coreografia: <strong>V\u00edctor Rodrigo<br \/><\/strong>Direccio dram\u00e0tica: <strong><span>Mingo R\u00e0fols.<\/span><\/strong><\/p>\n<p><strong>Selecci\u00f3 musical<\/strong>: V\u00edctor Rodrigo<br \/> (Temes de: Dike Ellington, Joshua Redman, Miles Davis, Dave Grusin, Buddy Guy Strunz and Fara i Edwuard Elgar, entre Altres)<\/p>\n<p>Vestuari: <strong>Companyia Vincles<\/strong><\/p>\n<p>Disseny de llums: <strong>Peni Barratxina<\/strong><\/p>\n<p>Repetidora: <strong>Anna Jarque<\/strong><\/p>\n<p>So: <strong>Jordi Ribas<\/strong><\/p>\n<p>Vestuari:<strong> Companyia Vincles<\/strong><\/p>\n<p>Secretaria:<strong> Marta Bou<\/strong><\/p>\n<p>Promoci\u00f3 i premsa: <strong>Guillem Clua<\/strong><\/p>\n<p><strong><\/strong><\/p>\n<p>Repartiment:<strong><br \/><span>Janine Dahl.<\/span><br \/><span>Ramon Gisbert<\/span><br \/><span>Neus Merlos<\/span><br \/><span>Paca Portillo<\/span><br \/><span>\u00d2scar Reyes<\/span><br \/><span>V\u00edctor Rodrigo<\/span><\/strong><\/p>\n[\/et_pb_text][\/et_pb_column][\/et_pb_row][\/et_pb_section]\n","protected":false},"excerpt":{"rendered":"<p>2000-2001<\/p>\n","protected":false},"author":1,"featured_media":1525,"comment_status":"open","ping_status":"closed","template":"","meta":{"_et_pb_use_builder":"on","_et_pb_old_content":"","_et_gb_content_width":"","footnotes":""},"project_category":[18,17],"project_tag":[429],"class_list":["post-824","project","type-project","status-publish","has-post-thumbnail","hentry","project_category-ballari","project_category-coreografo","project_tag-cat"],"_links":{"self":[{"href":"http:\/\/victor-rodrigo.com\/vrodrigo\/wp-json\/wp\/v2\/project\/824","targetHints":{"allow":["GET"]}}],"collection":[{"href":"http:\/\/victor-rodrigo.com\/vrodrigo\/wp-json\/wp\/v2\/project"}],"about":[{"href":"http:\/\/victor-rodrigo.com\/vrodrigo\/wp-json\/wp\/v2\/types\/project"}],"author":[{"embeddable":true,"href":"http:\/\/victor-rodrigo.com\/vrodrigo\/wp-json\/wp\/v2\/users\/1"}],"replies":[{"embeddable":true,"href":"http:\/\/victor-rodrigo.com\/vrodrigo\/wp-json\/wp\/v2\/comments?post=824"}],"version-history":[{"count":7,"href":"http:\/\/victor-rodrigo.com\/vrodrigo\/wp-json\/wp\/v2\/project\/824\/revisions"}],"predecessor-version":[{"id":3727,"href":"http:\/\/victor-rodrigo.com\/vrodrigo\/wp-json\/wp\/v2\/project\/824\/revisions\/3727"}],"wp:featuredmedia":[{"embeddable":true,"href":"http:\/\/victor-rodrigo.com\/vrodrigo\/wp-json\/wp\/v2\/media\/1525"}],"wp:attachment":[{"href":"http:\/\/victor-rodrigo.com\/vrodrigo\/wp-json\/wp\/v2\/media?parent=824"}],"wp:term":[{"taxonomy":"project_category","embeddable":true,"href":"http:\/\/victor-rodrigo.com\/vrodrigo\/wp-json\/wp\/v2\/project_category?post=824"},{"taxonomy":"project_tag","embeddable":true,"href":"http:\/\/victor-rodrigo.com\/vrodrigo\/wp-json\/wp\/v2\/project_tag?post=824"}],"curies":[{"name":"wp","href":"https:\/\/api.w.org\/{rel}","templated":true}]}}

[et_pb_section fb_built=&#8221;1&#8243; _builder_version=&#8221;4.5.6&#8243; background_color=&#8221;rgba(0,0,0,0)&#8221; custom_padding=&#8221;50px|||&#8221; top_divider_color=&#8221;#ff935e&#8221; top_divider_height=&#8221;40px&#8221; da_is_popup=&#8221;off&#8221; da_exit_intent=&#8221;off&#8221; da_has_close=&#8221;on&#8221; da_alt_close=&#8221;off&#8221; da_dark_close=&#8221;off&#8221; da_not_modal=&#8221;on&#8221; da_is_singular=&#8221;off&#8221; da_with_loader=&#8221;off&#8221; da_has_shadow=&#8221;on&#8221; da_disable_devices=&#8221;off|off|off&#8221;][et_pb_row column_structure=&#8221;1_2,1_2&#8243; _builder_version=&#8221;3.25&#8243; background_size=&#8221;initial&#8221; background_position=&#8221;top_left&#8221; background_repeat=&#8221;repeat&#8221;][et_pb_column type=&#8221;1_2&#8243; _builder_version=&#8221;3.25&#8243; custom_padding=&#8221;|||&#8221; custom_padding__hover=&#8221;|||&#8221;][et_pb_gallery gallery_ids=&#8221;484&#8243; fullwidth=&#8221;on&#8221; hover_icon=&#8221;%%47%%&#8221; _builder_version=&#8221;3.0.87&#8243; caption_all_caps=&#8221;off&#8221; use_border_color=&#8221;off&#8221; border_color=&#8221;#ffffff&#8221; border_style=&#8221;solid&#8221;][/et_pb_gallery][/et_pb_column][et_pb_column type=&#8221;1_2&#8243; _builder_version=&#8221;3.25&#8243; custom_padding=&#8221;|||&#8221; custom_padding__hover=&#8221;|||&#8221;][et_pb_text _builder_version=&#8221;4.5.6&#8243; hover_enabled=&#8221;0&#8243;]<p><strong>Més d&#8217;un any de rodatge per Catalunya i 40 funcions a Barcelona (Artenbrut i Sala Beckett)</strong></p>
<p>Es va tractar d&#8217;un èxit sense precedents en el panorama de la dansa a Barcelona. Aclamat pel públic i elogiat per la crítica, reconcilia el gran públic amb la dansa, li arrenca un somriure còmplice i l&#8217;invita, a ritme de jazz, a reflexionar sobre temes quotidians: la passió pel cafè, l&#8217;homosexualitat, l&#8217;ús del mòbil, la violència, els llibres o la mort.</p>
<p>Guió i coreografia: <strong>Víctor Rodrigo<br /></strong>Direccio dramàtica: <strong><span>Mingo Ràfols.</span></strong></p>
<p><strong>Selecció musical</strong>: Víctor Rodrigo<br /> (Temes de: Dike Ellington, Joshua Redman, Miles Davis, Dave Grusin, Buddy Guy Strunz and Fara i Edwuard Elgar, entre Altres)</p>
<p>Vestuari: <strong>Companyia Vincles</strong></p>
<p>Disseny de llums: <strong>Peni Barratxina</strong></p>
<p>Repetidora: <strong>Anna Jarque</strong></p>
<p>So: <strong>Jordi Ribas</strong></p>
<p>Vestuari:<strong> Companyia Vincles</strong></p>
<p>Secretaria:<strong> Marta Bou</strong></p>
<p>Promoció i premsa: <strong>Guillem Clua</strong></p>
<p><strong></strong></p>
<p>Repartiment:<strong><br /><span>Janine Dahl.</span><br /><span>Ramon Gisbert</span><br /><span>Neus Merlos</span><br /><span>Paca Portillo</span><br /><span>Òscar Reyes</span><br /><span>Víctor Rodrigo</span></strong></p>
[/et_pb_text][/et_pb_column][/et_pb_row][/et_pb_section]
